{"id":11796,"date":"2019-03-22T12:08:44","date_gmt":"2019-03-22T11:08:44","guid":{"rendered":"http:\/\/serveiseducatius.xtec.cat\/santacolomag\/?page_id=11796"},"modified":"2019-03-25T09:43:32","modified_gmt":"2019-03-25T08:43:32","slug":"pdi","status":"publish","type":"page","link":"https:\/\/serveiseducatius.xtec.cat\/santacolomag\/recursos\/espai-tictac\/seleccio-de-recursos-tac\/pdi\/","title":{"rendered":"PDI"},"content":{"rendered":"<div class=\"sites-layout-tile sites-tile-name-footer\">\n<div dir=\"ltr\">\n<div>\n<p><img loading=\"lazy\" decoding=\"async\" class=\"alignnone\" src=\"https:\/\/proxy.duckduckgo.com\/iu\/?u=https%3A%2F%2Fpbs.twimg.com%2Fprofile_images%2F884300756421140480%2F06JvWa-4.jpg&amp;f=1\" width=\"43\" height=\"43\" \/><\/p>\n<ul>\n<li><a href=\"http:\/\/www.xtec.cat\/web\/recursos\/tecinformacio\/sistemesprojecciointeractiva\" target=\"_blank\" rel=\"nofollow noopener\">XTEC: Sistemes de projecci\u00f3 interactiva<\/a><\/li>\n<\/ul>\n<hr \/>\n<div>\n<div><a href=\"http:\/\/www.xtec.cat\/web\/recursos\/tecinformacio\/sistemesprojecciointeractiva\" target=\"_blank\" rel=\"nofollow noopener\"><img loading=\"lazy\" decoding=\"async\" src=\"http:\/\/www.xtec.cat\/img_seccions\/pissarra_digital.jpg\" alt=\"XTEC\" width=\"320\" height=\"41\" border=\"0\" \/><\/a><\/div>\n<\/div>\n<ul>\n<li><a href=\"https:\/\/sites.google.com\/site\/pditonihortal\/\" target=\"_blank\" rel=\"nofollow noopener\">Espai web de Toni Hortal<\/a><br \/>\nInformaci\u00f3 dels diferents models de PDI que es poden trobar a les aules i gran recull de recursos per treballar a prim\u00e0ria i secund\u00e0ria.<\/li>\n<\/ul>\n<hr \/>\n<ul>\n<li><a href=\"http:\/\/apliedu.xtec.cat\/wikiform\/wikiexport\/cursos\/index\" target=\"_blank\" rel=\"nofollow noopener\">Materials cursos telem\u00e0tic a Ateneu<\/a>\n<div><a href=\"http:\/\/ateneu.xtec.cat\/wikiform\/wikiexport\/cursos\/index\" target=\"_blank\" rel=\"nofollow noopener\"><img decoding=\"async\" src=\"https:\/\/sites.google.com\/a\/xtec.cat\/crp-santacolomag\/_\/rsrc\/1358852449622\/espai-tic-tac\/seleccio-recursos-tac\/la-meva-xtec\/logo_ateneu.png?height=83&amp;width=200\" alt=\"Ateneu: Materials i recursos per a la formaci\u00f3 \" border=\"0\" \/><\/a><\/div>\n<\/li>\n<\/ul>\n<\/div>\n<div>\n<hr \/>\n<p><a href=\"https:\/\/serveiseducatius.xtec.cat\/santacolomag\/wp-content\/uploads\/usu1183\/2019\/03\/alexandria.jpg\"><img loading=\"lazy\" decoding=\"async\" class=\"alignleft  wp-image-11828\" src=\"https:\/\/serveiseducatius.xtec.cat\/santacolomag\/wp-content\/uploads\/usu1183\/2019\/03\/alexandria.jpg\" alt=\"\" width=\"166\" height=\"92\" srcset=\"https:\/\/serveiseducatius.xtec.cat\/santacolomag\/wp-content\/uploads\/usu1183\/2019\/03\/alexandria.jpg 354w, https:\/\/serveiseducatius.xtec.cat\/santacolomag\/wp-content\/uploads\/usu1183\/2019\/03\/alexandria-300x166.jpg 300w\" sizes=\"auto, (max-width: 166px) 100vw, 166px\" \/><\/a><\/p>\n<ul>\n<li><a href=\"http:\/\/alexandria.xtec.cat\/mod\/data\/view.php?id=257\" target=\"_blank\" rel=\"nofollow noopener\">Alexandria<\/a><br \/>\nBiblioteca de materials per a les PDI.<\/li>\n<\/ul>\n<div><span style=\"color: #000000;\"><b>\u00a0<\/b><\/span><\/div>\n<ul>\n<li><span style=\"color: #000000;\">Selecci\u00f3 d&#8217;activitats per treballar amb PDI:<\/span>\n<ul>\n<li><span style=\"color: #000000;\"><a href=\"https:\/\/sites.google.com\/a\/xtec.cat\/crp-santacolomag\/espai-tic-tac\/seleccio-recursos-tac\/pdi\/activitats-pdi\">Educaci\u00f3 infantil i cicle inicial<\/a><\/span><\/li>\n<li><span style=\"color: #000000;\"><a href=\"https:\/\/sites.google.com\/a\/xtec.cat\/crp-santacolomag\/espai-tic-tac\/seleccio-recursos-tac\/pdi\/activitats-pdi-2\">Cicles mitj\u00e0 i superior<\/a><\/span><\/li>\n<\/ul>\n<\/li>\n<\/ul>\n<hr \/>\n<\/div>\n<\/div>\n<div dir=\"ltr\">\n<div><b><span style=\"color: #ff9900;\">SELECCI\u00d3 D&#8217;EXPERI\u00c8NCIES<\/span><\/b><\/div>\n<div><b><span style=\"color: #ff9900;\">\u00a0<\/span><\/b><\/div>\n<div><b><span style=\"color: #ff9900;\">\u00a0<\/span><\/b><\/div>\n<ul>\n<li><b>Vegeu\u00a0<\/b><b><a href=\"https:\/\/sites.google.com\/a\/xtec.cat\/crp-santacolomag\/espai-tic-tac\/seleccio-recursos-tac\/pdi\/us-didactic-de-la-pdi\">\u00das did\u00e0ctic de les PDI<\/a><\/b><\/li>\n<\/ul>\n<div><\/div>\n<div>\n<ul>\n<li><span style=\"color: #000000;\"><b>Xarxa Docent (acc\u00e9s amb identificador XTEC)<\/b><br \/>\n<a href=\"http:\/\/educat.xtec.cat\/group\/usuaris_PDI\" target=\"_blank\" rel=\"nofollow noopener\">Grup PDI-SPI<\/a>\u00a0Espai on el professorat comparteix problemes i solucions t\u00e8cniques basades en la pr\u00e0ctica di\u00e0ria. Tamb\u00e9 recursos i experi\u00e8ncies did\u00e0ctiques.\u00a0<\/span><\/li>\n<\/ul>\n<div><a href=\"https:\/\/sites.google.com\/a\/xtec.cat\/crp-santacolomag\/_\/rsrc\/1358527375156\/espai-tic-tac\/seleccio-recursos-tac\/la-meva-xtec\/educat2_0.gif?height=80&amp;width=320\" rel=\"nofollow\"><img decoding=\"async\" src=\"https:\/\/sites.google.com\/a\/xtec.cat\/crp-santacolomag\/_\/rsrc\/1358527375156\/espai-tic-tac\/seleccio-recursos-tac\/la-meva-xtec\/educat2_0.gif?height=80&amp;width=320\" alt=\"Xarxa docent\" border=\"0\" \/><\/a><\/div>\n<div><\/div>\n<div><\/div>\n<div>\n<ul>\n<li><a href=\"https:\/\/docs.google.com\/document\/d\/1ZU4PGhIVrrGZKo1szvzyypNenTCkzC5JeLDIesgAHK8\/edit?usp=sharing\" target=\"_blank\" rel=\"noopener\">Selecci\u00f3 de v\u00eddeos amb experi\u00e8ncies de centres<\/a><\/li>\n<\/ul>\n<ul>\n<li><a href=\"http:\/\/www.edu3.cat\/Edu3tv\/Cerca?p_tip=&amp;p_cp=1&amp;p_amb=&amp;p_niv=&amp;p_are=&amp;x=0&amp;y=0&amp;p_ex=&amp;p_to=pissarra+digital&amp;p_alg=\" target=\"_blank\" rel=\"nofollow noopener\">Experi\u00e8ncies a edu3.cat<\/a><\/li>\n<\/ul>\n<div><\/div>\n<div>\n<div><a href=\"http:\/\/www.edu3.cat\/Edu3tv\/Cerca?p_tip=&amp;p_cp=1&amp;p_amb=&amp;p_niv=&amp;p_are=&amp;x=0&amp;y=0&amp;p_ex=&amp;p_to=pissarra+digital&amp;p_alg=\" target=\"_blank\" rel=\"nofollow noopener\"><img decoding=\"async\" src=\"http:\/\/www.edu3.cat\/img\/logo.png\" alt=\"edu3.cat\" border=\"0\" \/><\/a><\/div>\n<\/div>\n<\/div>\n<\/div>\n<\/div>\n<div dir=\"ltr\"><\/div>\n<div dir=\"ltr\"><\/div>\n<div dir=\"ltr\"><\/div>\n<div dir=\"ltr\"><\/div>\n<div dir=\"ltr\"><\/div>\n<div dir=\"ltr\">\n<div><a href=\"https:\/\/sites.google.com\/a\/xtec.cat\/taller-tac-spi\/\" target=\"_blank\" rel=\"nofollow noopener\"><b>Materials de suport per als tallers TAC de PDI a Santa Coloma de Gramenet<\/b><\/a><\/div>\n<\/div>\n<\/div>\n","protected":false},"excerpt":{"rendered":"<p>XTEC: Sistemes de projecci\u00f3 interactiva Espai web de Toni Hortal Informaci\u00f3 dels diferents models de PDI que es poden trobar [&hellip;]<\/p>\n","protected":false},"author":7,"featured_media":0,"parent":9438,"menu_order":0,"comment_status":"closed","ping_status":"closed","template":"","meta":{"_bbp_topic_count":0,"_bbp_reply_count":0,"_bbp_total_topic_count":0,"_bbp_total_reply_count":0,"_bbp_voice_count":0,"_bbp_anonymous_reply_count":0,"_bbp_topic_count_hidden":0,"_bbp_reply_count_hidden":0,"_bbp_forum_subforum_count":0,"site-sidebar-layout":"default","site-content-layout":"","ast-site-content-layout":"","site-content-style":"default","site-sidebar-style":"default","ast-global-header-display":"","ast-banner-title-visibility":"","ast-main-header-display":"","ast-hfb-above-header-display":"","ast-hfb-below-header-display":"","ast-hfb-mobile-header-display":"","site-post-title":"","ast-breadcrumbs-content":"","ast-featured-img":"","footer-sml-layout":"","theme-transparent-header-meta":"","adv-header-id-meta":"","stick-header-meta":"","header-above-stick-meta":"","header-main-stick-meta":"","header-below-stick-meta":"","astra-migrate-meta-layouts":"default","ast-page-background-enabled":"default","ast-page-background-meta":{"desktop":{"background-color":"var(--ast-global-color-4)","background-image":"","background-repeat":"repeat","background-position":"center center","background-size":"auto","background-attachment":"scroll","background-type":"","background-media":"","overlay-type":"","overlay-color":"","overlay-opacity":"","overlay-gradient":""},"tablet":{"background-color":"","background-image":"","background-repeat":"repeat","background-position":"center center","background-size":"auto","background-attachment":"scroll","background-type":"","background-media":"","overlay-type":"","overlay-color":"","overlay-opacity":"","overlay-gradient":""},"mobile":{"background-color":"","background-image":"","background-repeat":"repeat","background-position":"center center","background-size":"auto","background-attachment":"scroll","background-type":"","background-media":"","overlay-type":"","overlay-color":"","overlay-opacity":"","overlay-gradient":""}},"ast-content-background-meta":{"desktop":{"background-color":"var(--ast-global-color-5)","background-image":"","background-repeat":"repeat","background-position":"center center","background-size":"auto","background-attachment":"scroll","background-type":"","background-media":"","overlay-type":"","overlay-color":"","overlay-opacity":"","overlay-gradient":""},"tablet":{"background-color":"var(--ast-global-color-5)","background-image":"","background-repeat":"repeat","background-position":"center center","background-size":"auto","background-attachment":"scroll","background-type":"","background-media":"","overlay-type":"","overlay-color":"","overlay-opacity":"","overlay-gradient":""},"mobile":{"background-color":"var(--ast-global-color-5)","background-image":"","background-repeat":"repeat","background-position":"center center","background-size":"auto","background-attachment":"scroll","background-type":"","background-media":"","overlay-type":"","overlay-color":"","overlay-opacity":"","overlay-gradient":""}},"footnotes":""},"class_list":["post-11796","page","type-page","status-publish","hentry"],"post_mailing_queue_ids":[],"_links":{"self":[{"href":"https:\/\/serveiseducatius.xtec.cat\/santacolomag\/wp-json\/wp\/v2\/pages\/11796","targetHints":{"allow":["GET"]}}],"collection":[{"href":"https:\/\/serveiseducatius.xtec.cat\/santacolomag\/wp-json\/wp\/v2\/pages"}],"about":[{"href":"https:\/\/serveiseducatius.xtec.cat\/santacolomag\/wp-json\/wp\/v2\/types\/page"}],"author":[{"embeddable":true,"href":"https:\/\/serveiseducatius.xtec.cat\/santacolomag\/wp-json\/wp\/v2\/users\/7"}],"replies":[{"embeddable":true,"href":"https:\/\/serveiseducatius.xtec.cat\/santacolomag\/wp-json\/wp\/v2\/comments?post=11796"}],"version-history":[{"count":3,"href":"https:\/\/serveiseducatius.xtec.cat\/santacolomag\/wp-json\/wp\/v2\/pages\/11796\/revisions"}],"predecessor-version":[{"id":11829,"href":"https:\/\/serveiseducatius.xtec.cat\/santacolomag\/wp-json\/wp\/v2\/pages\/11796\/revisions\/11829"}],"up":[{"embeddable":true,"href":"https:\/\/serveiseducatius.xtec.cat\/santacolomag\/wp-json\/wp\/v2\/pages\/9438"}],"wp:attachment":[{"href":"https:\/\/serveiseducatius.xtec.cat\/santacolomag\/wp-json\/wp\/v2\/media?parent=11796"}],"curies":[{"name":"wp","href":"https:\/\/api.w.org\/{rel}","templated":true}]}}