{"id":11546,"date":"2019-02-22T09:18:47","date_gmt":"2019-02-22T08:18:47","guid":{"rendered":"http:\/\/serveiseducatius.xtec.cat\/santacolomag\/?page_id=11546"},"modified":"2022-11-18T12:11:22","modified_gmt":"2022-11-18T11:11:22","slug":"educacio-ambiental-2","status":"publish","type":"page","link":"https:\/\/serveiseducatius.xtec.cat\/santacolomag\/educacio-ambiental-2\/","title":{"rendered":"Lleng\u00fces estrangeres"},"content":{"rendered":"<div><\/div>\n<div><strong><span style=\"color: #993366;\">LLENG\u00dcES ESTRANGERES<\/span><\/strong><\/div>\n<div><\/div>\n<div>\n<ul>\n<li><img decoding=\"async\" class=\"alignright\" src=\"https:\/\/sites.google.com\/a\/xtec.cat\/crp-santacolomag\/_\/rsrc\/1369216389342\/mediateca\/recursos-en-linia\/llenguees-estrangeres\/llengues2.png?height=188&amp;width=200\" \/><a href=\"http:\/\/xtec.gencat.cat\/ca\/projectes\/plurilinguisme\/\" target=\"_blank\" rel=\"nofollow noopener noreferrer\">Marc per al pluriling\u00fc\u00edsme<\/a><\/li>\n<li><a href=\"http:\/\/webquestcat.net\/category\/llengua-anglesa\/\" target=\"_blank\" rel=\"nofollow noopener noreferrer\">Webquests d&#8217;angl\u00e8s. <\/a>Comunitat Catalana de Webquests<\/li>\n<li><a href=\"http:\/\/webquest.org\/\" target=\"_blank\" rel=\"nofollow noopener noreferrer\">Webquest.org <\/a>Cercador de webquests de San Diego State University.<\/li>\n<li><a href=\"http:\/\/xtec.gencat.cat\/ca\/recursos\/lestrangeres\/frances\/\">Xtec. Recursos\/ Franc\u00e8s<\/a><\/li>\n<li><a style=\"font-family: inherit; font-size: 1em;\" href=\"http:\/\/www.xtec.cat\/web\/recursos\/lestrangeres\/angles\" target=\"_blank\" rel=\"nofollow noopener noreferrer\">Xtec\/Recursos\/Angl\u00e8s<\/a><\/li>\n<li><a href=\"http:\/\/xtec.gencat.cat\/ca\/recursos\/lestrangeres\/alemany\/\">Xtec\/ Recursos\/ Alemany<\/a><\/li>\n<li><a href=\"http:\/\/xtec.gencat.cat\/ca\/recursos\/lestrangeres\/italia\/\">Xtec\/Recursos\/ Itali\u00e0<\/a><\/li>\n<li><a href=\"http:\/\/www.bbc.co.uk\/schools\/\" target=\"_blank\" rel=\"nofollow noopener noreferrer\">BBC Schools<\/a><br \/>\nRecursos educatius per a l&#8217;alumnat de prim\u00e0ria i secund\u00e0ria, per al professorat i per als pares\/mares<\/li>\n<li><a href=\"https:\/\/www.teachingenglish.org.uk\/?_ga=2.216920656.719453848.1590583254-1405437228.1590583254\">British Council. Teaching English<\/a><\/li>\n<li><a href=\"http:\/\/ntic.educacion.es\/v5\/web\/profesores\/asignaturas\/lenguas_extranjeras_ingles\/\" target=\"_blank\" rel=\"nofollow noopener noreferrer\">Ministerio de Educaci\u00f3n. Lengua extranjera: ingl\u00e9s, franc\u00e9s&#8230;<\/a><br \/>\nRecursos per a tots els nivells de llengua anglesa de l&#8217;INTEF (institut nacional de tecnologies educatives i formaci\u00f3 del professorat) del Ministeri d&#8217;Educaci\u00f3.<\/li>\n<li><a href=\"http:\/\/www.educationworld.com\/a_lesson\/\" target=\"_blank\" rel=\"nofollow noopener noreferrer\">Education World. Lesson Planning<\/a><br \/>\nUnitats did\u00e0ctiques i activitats preparades sobre diversos temes.<\/li>\n<li><a href=\"http:\/\/www.discoveryeducation.com\/teachers\/free-lesson-plans\/index.cfm\" target=\"_blank\" rel=\"nofollow noopener noreferrer\">Discovery education. Lesson Plans Library<\/a><br \/>\nRecull d&#8217;unitats did\u00e0ctiques sobre temes diversos, classificades per edats i mat\u00e8ries.<\/li>\n<li><a href=\"http:\/\/film-english.com\/\" target=\"_blank\" rel=\"noopener noreferrer\" data-saferedirecturl=\"https:\/\/www.google.com\/url?q=http:\/\/Film-english.com&amp;source=gmail&amp;ust=1590666881515000&amp;usg=AFQjCNEmVn3nd_OrK72ZDuWNjolwQqGIaQ\">Film-english.com<\/a><b><br \/>\n<\/b>Activitats en angl\u00e8s amb can\u00e7ons, contes interactius, per a diferent\u00a0<span class=\"il\">\u00e0rees<\/span>\u00a0i\u00a0\u00a0<span class=\"il\">nivells<\/span><\/li>\n<li><a href=\"http:\/\/www.onestopenglish.com\/\">One Stop in English <\/a><br \/>\nPer a professorat d&#8217;angl\u00e8s: reading, grammar, vocabulary, listening, evaluating, writting&#8230;<\/li>\n<li><a href=\"http:\/\/www.gutenberg.org\/wiki\/Main_Page\" target=\"_blank\" rel=\"nofollow noopener noreferrer\">Project Gutemberg<\/a><br \/>\nMilers de llibres electr\u00f2nics per descarregar gratu\u00eftament<\/li>\n<li><a href=\"http:\/\/en.childrenslibrary.org\/\" target=\"_blank\" rel=\"nofollow noopener noreferrer\">International Children&#8217;s Digital Library<\/a><br \/>\nD\u00f3na acc\u00e9s a llibres en l\u00ednia per als nens de tot el m\u00f3n.<\/li>\n<li><a href=\"http:\/\/www.bl.uk\/onlinegallery\/index.html\" target=\"_blank\" rel=\"nofollow noopener noreferrer\">British Library (Digital Collection)<\/a><\/li>\n<\/ul>\n<\/div>\n<div><\/div>\n<div><\/div>\n<div dir=\"ltr\">\n<div>\n<div>\n<p><strong><span style=\"color: #993366;\">RECURSOS PER A L&#8217;AULA<\/span><\/strong><\/p>\n<\/div>\n<\/div>\n<ul>\n<li><a href=\"https:\/\/view.genial.ly\/5eef485c0c3e1d0d0c94b7c5\/interactive-content-gt-angles-online-resources-for-english-teachers\">Online resources for English teachers. Recull de recursos del GT Llengua anglesa a l&#8217;escola<\/a><\/li>\n<li><a href=\"http:\/\/srvcnpbs.xtec.cat\/cirel\/cirel\/index.php?option=com_content&amp;view=category&amp;layout=blog&amp;id=125&amp;Itemid=212\">CESIRE. Lleng\u00fces estrangeres <\/a>AICLE \/CLIL\/EMILE\/TILC<\/li>\n<li><a href=\"http:\/\/L. Estrangeres-Pluriling\u00fcisme\">CESIRE. Lleng\u00fces estrangeres i pluriling\u00fcisme<\/a><\/li>\n<li><a href=\"http:\/\/www.eslgamesplus.com\/\" target=\"_blank\" rel=\"nofollow noopener noreferrer\">Jocs interactius per prim\u00e0ria,\u00a0 ideals per PDI<\/a><\/li>\n<li><a href=\"http:\/\/xtec.gencat.cat\/ca\/recursos\/actuacio-extraordinaria-activitats-autoaprenentatge\/models-de-propostes-didactiques\/\">Models propostes did\u00e0ctiques<\/a><\/li>\n<li><a href=\"http:\/\/www.edu365.cat\/infantil\/angles\/index.html\">Angl\u00e8s365.infantil<\/a><\/li>\n<li><a href=\"http:\/\/www.edu365.cat\/primaria\/angles\/index.html\">Llengua anglesa. Prim\u00e0ria. edu365.cat.<\/a> Tamb\u00e9 hi trobareu propostes per altres lleg\u00fces i nivells: franc\u00e8s, alemany&#8230;<\/li>\n<li><a href=\"http:\/\/www.edu365.cat\/primaria\/frances\/index.html\">Llengua francesa. Prim\u00e0ria. edu365.cat<\/a><\/li>\n<li><a href=\"http:\/\/www.edu365.cat\/eso\/angles\/index.html\">Llengua anglesa. ESO. edu365.cat<\/a><\/li>\n<li><a href=\"http:\/\/www.edu365.cat\/eso\/frances\/index.html\">Llengua francesa. ESO. edu365.cat<\/a><\/li>\n<li><a href=\"http:\/\/www.songsforteaching.com\/index.html\" target=\"_blank\" rel=\"nofollow noopener noreferrer\">Songs for Teaching<\/a><\/li>\n<li><a title=\"ICT in Kindergarten and Primary English Classes.\" href=\"https:\/\/blocs.xtec.cat\/ictponent\/\" rel=\"home\">ICT in Kindergarten and Primary English Classes<\/a><\/li>\n<li><a href=\"https:\/\/learnenglishkids.britishcouncil.org\/es\">British Council. Kids<\/a><\/li>\n<li><a href=\"https:\/\/learnenglishteens.britishcouncil.org\/?_ga=2.41833956.719453848.1590583254-1405437228.1590583254\">British Council. Teens<\/a><\/li>\n<li><a href=\"https:\/\/docs.google.com\/a\/xtec.cat\/viewer?a=v&amp;pid=sites&amp;srcid=eHRlYy5jYXR8Y3JwLXNhbnRhY29sb21hZ3xneDo1OTA0NDQzOGNiNTVmNmE1\" target=\"_blank\" rel=\"noopener noreferrer\">Dossier per treballar la maleta did\u00e0ctica d&#8217;angl\u00e8s del CRP <\/a>Activitats i unitats did\u00e0ctiques per a educaci\u00f3 infantil i cicle inicial.<\/li>\n<\/ul>\n<\/div>\n<ul>\n<li><a href=\"http:\/\/apliense.xtec.cat\/arc\/\" target=\"_blank\" rel=\"nofollow noopener noreferrer\">ARC<\/a>. Activitats de recobriment curricular<\/li>\n<\/ul>\n<ul>\n<li style=\"list-style-type: none;\">\n<ul>\n<li><a href=\"https:\/\/apliense.xtec.cat\/arc\/elements_didactics?body=&amp;title=&amp;field_autoria_value=boada\">Penar i comunicar. <\/a>Ed. infantil<\/li>\n<li><a href=\"https:\/\/apliense.xtec.cat\/arc\/node\/30877\">The very hungry caterpillar. Arts and Crafts<\/a><\/li>\n<li><a href=\"http:\/\/apliense.xtec.cat\/arc\/node\/29559\" target=\"_blank\" rel=\"nofollow noopener noreferrer\">Teatre pel cicle mitj\u00e0 i superior de prim\u00e0ria<\/a><\/li>\n<li>Els\u00a0<a href=\"http:\/\/apliense.xtec.cat\/arc\/node\/29165\" target=\"_blank\" rel=\"nofollow noopener noreferrer\">jocs preferits dels alumnes<\/a>, 2n d&#8217;ESO<\/li>\n<li><a href=\"http:\/\/apliense.xtec.cat\/arc\/node\/29189\" target=\"_blank\" rel=\"nofollow noopener noreferrer\">Go green<\/a> Ci\u00e8ncies de la naturalesa i treball la llengua, 3r d&#8217;ESO.<\/li>\n<\/ul>\n<\/li>\n<\/ul>\n","protected":false},"excerpt":{"rendered":"<p>LLENG\u00dcES ESTRANGERES Marc per al pluriling\u00fc\u00edsme Webquests d&#8217;angl\u00e8s. Comunitat Catalana de Webquests Webquest.org Cercador de webquests de San Diego State [&hellip;]<\/p>\n","protected":false},"author":7,"featured_media":0,"parent":0,"menu_order":0,"comment_status":"closed","ping_status":"closed","template":"","meta":{"_bbp_topic_count":0,"_bbp_reply_count":0,"_bbp_total_topic_count":0,"_bbp_total_reply_count":0,"_bbp_voice_count":0,"_bbp_anonymous_reply_count":0,"_bbp_topic_count_hidden":0,"_bbp_reply_count_hidden":0,"_bbp_forum_subforum_count":0,"site-sidebar-layout":"default","site-content-layout":"","ast-site-content-layout":"","site-content-style":"default","site-sidebar-style":"default","ast-global-header-display":"","ast-banner-title-visibility":"","ast-main-header-display":"","ast-hfb-above-header-display":"","ast-hfb-below-header-display":"","ast-hfb-mobile-header-display":"","site-post-title":"","ast-breadcrumbs-content":"","ast-featured-img":"","footer-sml-layout":"","theme-transparent-header-meta":"","adv-header-id-meta":"","stick-header-meta":"","header-above-stick-meta":"","header-main-stick-meta":"","header-below-stick-meta":"","astra-migrate-meta-layouts":"default","ast-page-background-enabled":"default","ast-page-background-meta":{"desktop":{"background-color":"var(--ast-global-color-4)","background-image":"","background-repeat":"repeat","background-position":"center center","background-size":"auto","background-attachment":"scroll","background-type":"","background-media":"","overlay-type":"","overlay-color":"","overlay-opacity":"","overlay-gradient":""},"tablet":{"background-color":"","background-image":"","background-repeat":"repeat","background-position":"center center","background-size":"auto","background-attachment":"scroll","background-type":"","background-media":"","overlay-type":"","overlay-color":"","overlay-opacity":"","overlay-gradient":""},"mobile":{"background-color":"","background-image":"","background-repeat":"repeat","background-position":"center center","background-size":"auto","background-attachment":"scroll","background-type":"","background-media":"","overlay-type":"","overlay-color":"","overlay-opacity":"","overlay-gradient":""}},"ast-content-background-meta":{"desktop":{"background-color":"var(--ast-global-color-5)","background-image":"","background-repeat":"repeat","background-position":"center center","background-size":"auto","background-attachment":"scroll","background-type":"","background-media":"","overlay-type":"","overlay-color":"","overlay-opacity":"","overlay-gradient":""},"tablet":{"background-color":"var(--ast-global-color-5)","background-image":"","background-repeat":"repeat","background-position":"center center","background-size":"auto","background-attachment":"scroll","background-type":"","background-media":"","overlay-type":"","overlay-color":"","overlay-opacity":"","overlay-gradient":""},"mobile":{"background-color":"var(--ast-global-color-5)","background-image":"","background-repeat":"repeat","background-position":"center center","background-size":"auto","background-attachment":"scroll","background-type":"","background-media":"","overlay-type":"","overlay-color":"","overlay-opacity":"","overlay-gradient":""}},"footnotes":""},"class_list":["post-11546","page","type-page","status-publish","hentry"],"post_mailing_queue_ids":[],"_links":{"self":[{"href":"https:\/\/serveiseducatius.xtec.cat\/santacolomag\/wp-json\/wp\/v2\/pages\/11546","targetHints":{"allow":["GET"]}}],"collection":[{"href":"https:\/\/serveiseducatius.xtec.cat\/santacolomag\/wp-json\/wp\/v2\/pages"}],"about":[{"href":"https:\/\/serveiseducatius.xtec.cat\/santacolomag\/wp-json\/wp\/v2\/types\/page"}],"author":[{"embeddable":true,"href":"https:\/\/serveiseducatius.xtec.cat\/santacolomag\/wp-json\/wp\/v2\/users\/7"}],"replies":[{"embeddable":true,"href":"https:\/\/serveiseducatius.xtec.cat\/santacolomag\/wp-json\/wp\/v2\/comments?post=11546"}],"version-history":[{"count":3,"href":"https:\/\/serveiseducatius.xtec.cat\/santacolomag\/wp-json\/wp\/v2\/pages\/11546\/revisions"}],"predecessor-version":[{"id":18590,"href":"https:\/\/serveiseducatius.xtec.cat\/santacolomag\/wp-json\/wp\/v2\/pages\/11546\/revisions\/18590"}],"wp:attachment":[{"href":"https:\/\/serveiseducatius.xtec.cat\/santacolomag\/wp-json\/wp\/v2\/media?parent=11546"}],"curies":[{"name":"wp","href":"https:\/\/api.w.org\/{rel}","templated":true}]}}