{"id":11456,"date":"2019-02-21T10:29:22","date_gmt":"2019-02-21T09:29:22","guid":{"rendered":"http:\/\/serveiseducatius.xtec.cat\/santacolomag\/?page_id=11456"},"modified":"2019-03-06T13:34:15","modified_gmt":"2019-03-06T12:34:15","slug":"xix-presentacio-de-treballs-de-recerca-2018-201","status":"publish","type":"page","link":"https:\/\/serveiseducatius.xtec.cat\/santacolomag\/xix-presentacio-de-treballs-de-recerca-2018-201\/","title":{"rendered":"XIX Presentaci\u00f3 de Treballs de Recerca 2018-2019"},"content":{"rendered":"<p>El pass<a href=\"http:\/\/serveiseducatius.xtec.cat\/santacolomag\/wp-content\/uploads\/usu1183\/2017\/02\/dibuix_recerca.jpg\"><img loading=\"lazy\" decoding=\"async\" class=\"size-full wp-image-9034 alignleft\" src=\"http:\/\/serveiseducatius.xtec.cat\/santacolomag\/wp-content\/uploads\/usu1183\/2017\/02\/dibuix_recerca.jpg\" alt=\"dibuix_recerca\" width=\"138\" height=\"157\" \/><\/a>at dia 20 de febrer de 2019 es va celebrar la XIX Presentaci\u00f3 de treballs de recerca de Santa Coloma de Gramenet a la Biblioteca Singuerl\u00edn-Salvador Cabr\u00e9. Aquesta presentaci\u00f3 de treballs de recerca de l\u2019alumnat de 2n de batxillerat \u00e9s una mostra de treballs rigorosos i un reconeixement de la v\u00e0lua de tots ells.<\/p>\n<p><a href=\"https:\/\/serveiseducatius.xtec.cat\/santacolomag\/xviii-presentacio-de-treballs-de-recerca-2017-2018\/\"><strong>Acc\u00e9s a les edicions anteriors<\/strong><\/a><\/p>\n<p>&nbsp;<\/p>\n<table>\n<tbody>\n<tr>\n<td><b>\u00a0<\/b><b>Centre<\/b><b><br \/>\n<\/b><\/td>\n<td><b>Treballs de recerca<\/b><\/td>\n<td><strong>Articles<\/strong><\/td>\n<\/tr>\n<tr>\n<td><strong>INS Can Peixauet<\/strong><\/td>\n<td>\n<ul>\n<li><a href=\"https:\/\/drive.google.com\/open?id=1YRQXkoVH7URF3h8n9KPwClgH9qgzD9vV\">Llibertat, realitat o utopia?<\/a><\/li>\n<li><a href=\"https:\/\/drive.google.com\/file\/d\/10K_fG05wC-89_dO9mp_YSb87hQooE2IV\/view?usp=sharing\">Les noves tend\u00e8ncies en l\u2019arquitectura: Aplicaci\u00f3 de la psicologia a la societat<\/a><\/li>\n<\/ul>\n<\/td>\n<td>\n<ul>\n<li><a href=\"https:\/\/drive.google.com\/open?id=1Csl-KjFoYWlu4Xux7Jo64H3qkf0a_VPM\">article<\/a><\/li>\n<li><a href=\"https:\/\/drive.google.com\/file\/d\/1cgQeKReYMr2ffIMaP-lQZThsBY4z94Hw\/view?usp=sharing\">article<\/a><\/li>\n<\/ul>\n<\/td>\n<\/tr>\n<tr>\n<td><strong>INS La Bastida<\/strong><\/td>\n<td>\n<ul>\n<li><a href=\"https:\/\/drive.google.com\/open?id=1-HlHkcMGvTdVK5Y3pji2mFo_IK86S5R0\">\u00c8xits de dues d\u00e8cades musicals<\/a><\/li>\n<li><a href=\"https:\/\/drive.google.com\/open?id=1j9K4S-V_nTPy4KYorW6kEN0XHWetkP-T\">Digue&#8217;m qu\u00e8 somies i et dir\u00e9 qui ets<\/a><\/li>\n<\/ul>\n<\/td>\n<td>\n<ul>\n<li><a href=\"https:\/\/drive.google.com\/open?id=0B7J2wtKTJ0CvLTNoMmF5UmlJdkNSMU1hM2FqeHFOWm41QzI0\">article<\/a><\/li>\n<li><a href=\"https:\/\/drive.google.com\/open?id=1HDsJgeomrJYsOyEemV8uU3oukx0xeW7j\">article<\/a><\/li>\n<\/ul>\n<\/td>\n<\/tr>\n<tr>\n<td><strong>INS Les Vinyes<\/strong><\/td>\n<td>\n<ul>\n<li><a href=\"https:\/\/drive.google.com\/open?id=1dm-Ui5zggSOfWsfA-3lOQZyWZay82WzY\">Antimicrobial resistance from another perspective<\/a><\/li>\n<li><a href=\"https:\/\/drive.google.com\/open?id=1sm1eTLayB3eA2MCK2pnGiT07kkFc_Nwr\">Criptografia: el m\u00e8tode RSA<\/a><\/li>\n<\/ul>\n<\/td>\n<td>\n<ul>\n<li><a href=\"https:\/\/drive.google.com\/open?id=1AudLayFOxUsI3ZVrKKQ-rqF9gGOl7SG7\">article<\/a><\/li>\n<li><a href=\"https:\/\/drive.google.com\/open?id=1TwXwYfsUnfAu9w1dG0ayWtScjrmvf9iy\">article<\/a><\/li>\n<\/ul>\n<\/td>\n<\/tr>\n<tr>\n<td><strong>INS Num\u00e0ncia<\/strong><\/td>\n<td>\n<ul>\n<li><a href=\"https:\/\/drive.google.com\/open?id=1Tlb8C1G5PdsCwSw5Q8NTx_-xx05lQ9bJ\">La can\u00e7\u00f3 d\u2019autor com a creaci\u00f3 d\u2019obra po\u00e8tica<\/a><\/li>\n<li><a href=\"https:\/\/drive.google.com\/open?id=1i4_H7aLsa0q7ErZ3Em9j72YAY5M_cWLh\">Bitcoin per a dummies<\/a><\/li>\n<\/ul>\n<\/td>\n<td>\n<ul>\n<li><a href=\"https:\/\/drive.google.com\/open?id=1WZdgj49YsqR4hv2Ox5Ky6NYi2MAdLmtw\">article<\/a><\/li>\n<li><a href=\"https:\/\/drive.google.com\/open?id=1JjZFK0UAMBcrB9ngMxTZoFc9V7_CCOxa\">article<\/a><\/li>\n<\/ul>\n<\/td>\n<\/tr>\n<tr>\n<td><strong>INS Puig Castellar<\/strong><\/td>\n<td>\n<ul>\n<li><a href=\"https:\/\/drive.google.com\/open?id=12nOiAcp_7Rd-0vNYSXRusyYanRiKggnn\">Estudi de la inhibici\u00f3 del p\u00e8ptid beta amiloide mitjan\u00e7ant l&#8217;alb\u00famina humana en la malaltia de l&#8217;Alzheimer<\/a><\/li>\n<li><a href=\"https:\/\/drive.google.com\/open?id=1aJnaOeXv2cnmm6U8nuXAan57JPEt-uKe\">Fagoter\u00e0pia com a alternativa als antimicrobians<\/a><\/li>\n<\/ul>\n<\/td>\n<td>\n<ul>\n<li><a href=\"https:\/\/drive.google.com\/open?id=1BjY_ffm78moR68kXLjH0jtkj2kQNSZwV\">article<\/a><\/li>\n<li><a href=\"https:\/\/drive.google.com\/open?id=1cwrWoyCxTcVx5CyIxdp8ord1XL0NOpw4\">article<\/a><\/li>\n<\/ul>\n<\/td>\n<\/tr>\n<tr>\n<td><strong>INS Ramon Berenguer IV<\/strong><\/td>\n<td>\n<ul>\n<li><a href=\"https:\/\/drive.google.com\/file\/d\/1cGJ9Unn6BS-xrBIWv6D3YazpW9n4YwQQ\/view?usp=sharing\">L\u2019atenci\u00f3 a la inf\u00e0ncia i l\u2019adolesc\u00e8ncia en risc: els centres tutelats<\/a><\/li>\n<li><a href=\"https:\/\/drive.google.com\/open?id=1iDoUZ_VIN7yp-jpigP0s3aJlJYXxQovd\">Construcci\u00f3 d\u2019un dron (Prezi per a Windows)<\/a><\/li>\n<\/ul>\n<\/td>\n<td>\n<ul>\n<li><a href=\"https:\/\/drive.google.com\/open?id=1EXk4wNl5BX8eXpxFhdTr7GGDllG1FDVc\">article<\/a><\/li>\n<li><a href=\"https:\/\/drive.google.com\/open?id=19rZHde62mw3bivRNHMe7ZwTnODkwNJA9\">article<\/a><\/li>\n<\/ul>\n<\/td>\n<\/tr>\n<tr>\n<td><strong>INS Terra Roja<\/strong><\/td>\n<td>\n<ul>\n<li><a href=\"https:\/\/drive.google.com\/open?id=18WbFR8AmrAUgt9Z0jh7h5rFkSyYWyNjx\">Nanof\u00e0rmacs, els nous f\u00e0rmacs teledirigits<\/a><\/li>\n<li><a href=\"https:\/\/drive.google.com\/open?id=10Q7aqgjGNDePnTm0oJGJinPy71UNAEq-\">Les dues cares de la micr\u00f2glia<\/a><\/li>\n<\/ul>\n<\/td>\n<td>\n<ul>\n<li><a href=\"https:\/\/drive.google.com\/open?id=1Z6nubyZsO9TTEes5a-Co-9741wAD33s0\">article<\/a><\/li>\n<li><a href=\"https:\/\/drive.google.com\/open?id=19KJDAeakqvJO2QkqfQ904nVGw0EbZpU8\">article<\/a><\/li>\n<\/ul>\n<\/td>\n<\/tr>\n<tr>\n<td><strong>INS Torrent de les Bruixes<\/strong><\/td>\n<td>\n<ul>\n<li><a href=\"https:\/\/prezi.com\/p\/gsnmph59npvg\/tradicions-en-moviment\/\">Tradicions en moviment. Evoluci\u00f3 i transformaci\u00f3 de les tradicions populars festives catalanes al segle XX (Prezi en l\u00ednia)<\/a><\/li>\n<li><a href=\"https:\/\/prezi.com\/p\/dv3tqntagwyt\/copia-de-presentacio-tr\/\">Sistema de musicalitzaci\u00f3 del timbre (Prezi en l\u00ednia)<\/a><\/li>\n<\/ul>\n<\/td>\n<td>\n<ul>\n<li><a href=\"https:\/\/drive.google.com\/open?id=1jrUd9fFuwzYKXg524FtlehA6goqgiF2F\">article<\/a><\/li>\n<li><a href=\"https:\/\/drive.google.com\/open?id=1Z9-jGEG9lxGWPmRK9LiGmGTBV3opb4fg\">article<\/a><\/li>\n<\/ul>\n<\/td>\n<\/tr>\n<\/tbody>\n<\/table>\n<div class=\"addtoany_share_save_container addtoany_content_bottom\">\n<div class=\"a2a_kit a2a_kit_size_25 addtoany_list\" data-a2a-url=\"https:\/\/serveiseducatius.xtec.cat\/santacolomag\/xviii-presentacio-de-treballs-de-recerca-2017-2018\/\" data-a2a-title=\"XVIII Presentaci\u00f3 de Treballs de Recerca 2017-2018\"><\/div>\n<\/div>\n","protected":false},"excerpt":{"rendered":"<p>El passat dia 20 de febrer de 2019 es va celebrar la XIX Presentaci\u00f3 de treballs de recerca de Santa [&hellip;]<\/p>\n","protected":false},"author":7,"featured_media":0,"parent":0,"menu_order":0,"comment_status":"closed","ping_status":"closed","template":"","meta":{"_bbp_topic_count":0,"_bbp_reply_count":0,"_bbp_total_topic_count":0,"_bbp_total_reply_count":0,"_bbp_voice_count":0,"_bbp_anonymous_reply_count":0,"_bbp_topic_count_hidden":0,"_bbp_reply_count_hidden":0,"_bbp_forum_subforum_count":0,"site-sidebar-layout":"default","site-content-layout":"","ast-site-content-layout":"","site-content-style":"default","site-sidebar-style":"default","ast-global-header-display":"","ast-banner-title-visibility":"","ast-main-header-display":"","ast-hfb-above-header-display":"","ast-hfb-below-header-display":"","ast-hfb-mobile-header-display":"","site-post-title":"","ast-breadcrumbs-content":"","ast-featured-img":"","footer-sml-layout":"","theme-transparent-header-meta":"","adv-header-id-meta":"","stick-header-meta":"","header-above-stick-meta":"","header-main-stick-meta":"","header-below-stick-meta":"","astra-migrate-meta-layouts":"default","ast-page-background-enabled":"default","ast-page-background-meta":{"desktop":{"background-color":"var(--ast-global-color-4)","background-image":"","background-repeat":"repeat","background-position":"center center","background-size":"auto","background-attachment":"scroll","background-type":"","background-media":"","overlay-type":"","overlay-color":"","overlay-opacity":"","overlay-gradient":""},"tablet":{"background-color":"","background-image":"","background-repeat":"repeat","background-position":"center center","background-size":"auto","background-attachment":"scroll","background-type":"","background-media":"","overlay-type":"","overlay-color":"","overlay-opacity":"","overlay-gradient":""},"mobile":{"background-color":"","background-image":"","background-repeat":"repeat","background-position":"center center","background-size":"auto","background-attachment":"scroll","background-type":"","background-media":"","overlay-type":"","overlay-color":"","overlay-opacity":"","overlay-gradient":""}},"ast-content-background-meta":{"desktop":{"background-color":"var(--ast-global-color-5)","background-image":"","background-repeat":"repeat","background-position":"center center","background-size":"auto","background-attachment":"scroll","background-type":"","background-media":"","overlay-type":"","overlay-color":"","overlay-opacity":"","overlay-gradient":""},"tablet":{"background-color":"var(--ast-global-color-5)","background-image":"","background-repeat":"repeat","background-position":"center center","background-size":"auto","background-attachment":"scroll","background-type":"","background-media":"","overlay-type":"","overlay-color":"","overlay-opacity":"","overlay-gradient":""},"mobile":{"background-color":"var(--ast-global-color-5)","background-image":"","background-repeat":"repeat","background-position":"center center","background-size":"auto","background-attachment":"scroll","background-type":"","background-media":"","overlay-type":"","overlay-color":"","overlay-opacity":"","overlay-gradient":""}},"footnotes":""},"class_list":["post-11456","page","type-page","status-publish","hentry"],"post_mailing_queue_ids":[],"_links":{"self":[{"href":"https:\/\/serveiseducatius.xtec.cat\/santacolomag\/wp-json\/wp\/v2\/pages\/11456","targetHints":{"allow":["GET"]}}],"collection":[{"href":"https:\/\/serveiseducatius.xtec.cat\/santacolomag\/wp-json\/wp\/v2\/pages"}],"about":[{"href":"https:\/\/serveiseducatius.xtec.cat\/santacolomag\/wp-json\/wp\/v2\/types\/page"}],"author":[{"embeddable":true,"href":"https:\/\/serveiseducatius.xtec.cat\/santacolomag\/wp-json\/wp\/v2\/users\/7"}],"replies":[{"embeddable":true,"href":"https:\/\/serveiseducatius.xtec.cat\/santacolomag\/wp-json\/wp\/v2\/comments?post=11456"}],"version-history":[{"count":3,"href":"https:\/\/serveiseducatius.xtec.cat\/santacolomag\/wp-json\/wp\/v2\/pages\/11456\/revisions"}],"predecessor-version":[{"id":11684,"href":"https:\/\/serveiseducatius.xtec.cat\/santacolomag\/wp-json\/wp\/v2\/pages\/11456\/revisions\/11684"}],"wp:attachment":[{"href":"https:\/\/serveiseducatius.xtec.cat\/santacolomag\/wp-json\/wp\/v2\/media?parent=11456"}],"curies":[{"name":"wp","href":"https:\/\/api.w.org\/{rel}","templated":true}]}}