{"id":10433,"date":"2018-03-06T15:55:28","date_gmt":"2018-03-06T14:55:28","guid":{"rendered":"http:\/\/serveiseducatius.xtec.cat\/santacolomag\/?page_id=10433"},"modified":"2019-01-09T13:23:48","modified_gmt":"2019-01-09T12:23:48","slug":"xviii-presentacio-de-treballs-de-recerca-2017-2018","status":"publish","type":"page","link":"https:\/\/serveiseducatius.xtec.cat\/santacolomag\/xviii-presentacio-de-treballs-de-recerca-2017-2018\/","title":{"rendered":"XVIII Presentaci\u00f3 de Treballs de Recerca 2017-2018"},"content":{"rendered":"<p>El pass<a href=\"http:\/\/serveiseducatius.xtec.cat\/santacolomag\/wp-content\/uploads\/usu1183\/2017\/02\/dibuix_recerca.jpg\"><img loading=\"lazy\" decoding=\"async\" class=\"size-full wp-image-9034 alignleft\" src=\"http:\/\/serveiseducatius.xtec.cat\/santacolomag\/wp-content\/uploads\/usu1183\/2017\/02\/dibuix_recerca.jpg\" alt=\"dibuix_recerca\" width=\"138\" height=\"157\" \/><\/a>at dia 28 de febrer de 2018 es va celebrar la XVIII Presentaci\u00f3 de treballs de recerca de Santa Coloma de Gramenet a la Biblioteca Singuerl\u00edn-Salvador Cabr\u00e9. Aquesta presentaci\u00f3 de treballs de recerca de l\u2019alumnat de 2n de batxillerat \u00e9s una mostra de treballs rigorosos i un reconeixement de la v\u00e0lua de tots ells.<\/p>\n<p><a href=\"http:\/\/serveiseducatius.xtec.cat\/santacolomag\/xvii-presentacio-de-treballs-de-recerca-2016-2017\/\"><strong>Acc\u00e9s a les edicions anteriors<\/strong><\/a><\/p>\n<p>&nbsp;<\/p>\n<table>\n<tbody>\n<tr style=\"height: 33px;\">\n<td style=\"height: 33px;\"><b>\u00a0<\/b><b>Centre<\/b><b><br \/>\n<\/b><\/td>\n<td style=\"height: 33px;\"><b>Treballs de recerca<\/b><\/td>\n<td style=\"height: 33px;\"><strong>Articles<\/strong><\/td>\n<\/tr>\n<tr style=\"height: 79px;\">\n<td style=\"height: 79px;\"><strong>INS Can Peixauet<\/strong><\/td>\n<td style=\"height: 79px;\">\n<ul>\n<li><a href=\"https:\/\/drive.google.com\/open?id=1bgNEuV702zrRfjz9dA0reOrXOCscRqbI\">Construcci\u00f3 d&#8217;una arpa xinesa<\/a><\/li>\n<li><a href=\"https:\/\/drive.google.com\/open?id=1AKWh3NlgcRoVP0NaeVLWWu9IIMuySf1d\">Vides trencades. Els nens robats durant el franquisme<\/a><\/li>\n<\/ul>\n<\/td>\n<td style=\"height: 79px;\">\n<ul>\n<li><a href=\"https:\/\/drive.google.com\/open?id=1I3U4r_MiC0qk_01hzHim2Ecyhg_GlnqQ\">article<\/a><\/li>\n<li><a href=\"https:\/\/drive.google.com\/open?id=11Ved-g7FlpWFgq5GaHTOxcIs_ao4e1pC\">article<\/a><\/li>\n<\/ul>\n<\/td>\n<\/tr>\n<tr style=\"height: 79px;\">\n<td style=\"height: 79px;\"><strong>INS La Bastida<\/strong><\/td>\n<td style=\"height: 79px;\">\n<ul>\n<li><a href=\"https:\/\/drive.google.com\/open?id=0B7J2wtKTJ0CvTnE2UUJWTjdiaEltRnJISU10VExHbWZFUnlZ\">Balan\u00e7 sobre la integraci\u00f3 de diferents generacions d&#8217;immigrants a l&#8217;INS La Bastida<\/a><\/li>\n<li><a href=\"https:\/\/drive.google.com\/open?id=10PvSmzEB3xXGo9_3wJ5ObAtk8_swLicI\">Trenquem el silenci: amb els nens i les nenes, NO!<\/a><\/li>\n<\/ul>\n<\/td>\n<td style=\"height: 79px;\">\n<ul>\n<li><a href=\"https:\/\/drive.google.com\/open?id=1HaIfmKshLjRR2QalHu74oY8qJfspFSM2\">article<\/a><\/li>\n<li><a href=\"https:\/\/drive.google.com\/open?id=1nZWh08mpVMIeDAPx1K14qTZ6vx05gd5P\">article<\/a><\/li>\n<\/ul>\n<\/td>\n<\/tr>\n<tr style=\"height: 101px;\">\n<td style=\"height: 101px;\"><strong>INS Les Vinyes<\/strong><\/td>\n<td style=\"height: 101px;\">\n<ul>\n<li><a href=\"https:\/\/drive.google.com\/open?id=1y_snQqBp4jv6U8-IkhqDTqyoKpm2UMkb\">NEE i recursos a Santa Coloma de Gramenet<\/a><\/li>\n<li><a href=\"https:\/\/drive.google.com\/open?id=1BEE8j-Y_0tEyVl-XigTfJaRMYFH6oR3e\">M\u00fasica i emocions. Aproximaci\u00f3 a les implicacions neurals de la percepci\u00f3 est\u00e8tica de la m\u00fasicai de la interpretaci\u00f3 musical<\/a><\/li>\n<\/ul>\n<\/td>\n<td style=\"height: 101px;\">\n<ul>\n<li><a href=\"https:\/\/drive.google.com\/open?id=1kJzZaIrSNT0VYgvJ64dg3u7SNQ0xV0Ub\">article<\/a><\/li>\n<li><a href=\"https:\/\/drive.google.com\/open?id=1Yx6DtGTC-vaG91c-KlKDwtzk_JlKvqbd\">article<\/a><\/li>\n<\/ul>\n<\/td>\n<\/tr>\n<tr style=\"height: 79px;\">\n<td style=\"height: 79px;\"><strong>INS Num\u00e0ncia<\/strong><\/td>\n<td style=\"height: 79px;\">\n<ul>\n<li><a href=\"https:\/\/drive.google.com\/open?id=1hWMY3mi-BP8EuLSCccPQ712zxfS0lzOV\">Jugar a l&#8217;ACB, no sempre \u00e9s possible (presentaci\u00f3 Prezi per a windows)<\/a><\/li>\n<li><a href=\"https:\/\/drive.google.com\/open?id=1uHD1cs9U6XXIxoom_XLTo5qyA6WfBkVL\">Drons<\/a><\/li>\n<\/ul>\n<\/td>\n<td style=\"height: 79px;\">\n<ul>\n<li><a href=\"https:\/\/drive.google.com\/open?id=0B7J2wtKTJ0CvZ05pNUViXzdRS3Fpb19MN2tGTjdHQVg2YVI4\">article<\/a><\/li>\n<li><a href=\"https:\/\/drive.google.com\/open?id=0B7J2wtKTJ0CvekN6MnExeDZpQTltam45cWo3cVlYeGVlUUV3\">article<\/a><\/li>\n<\/ul>\n<\/td>\n<\/tr>\n<tr style=\"height: 79px;\">\n<td style=\"height: 79px;\"><strong>INS Puig Castellar<\/strong><\/td>\n<td style=\"height: 79px;\">\n<ul>\n<li><a href=\"https:\/\/drive.google.com\/open?id=1ZvgBXC3AOGk-0Wu1GXdPkvqxxj7sMkGp\">Implantaci\u00f3 en un habitaci\u00f3 de dom\u00f2tica per Arduino<\/a><\/li>\n<li><a href=\"https:\/\/drive.google.com\/open?id=0B7J2wtKTJ0CvQ0RwOU9IbXR4R1dNWk0wUXFLY0hfWUk5cFUw\">An\u00e0lisi de les Ag\u00e8ncies de Qualificaci\u00f3 Credit\u00edcia<\/a><\/li>\n<\/ul>\n<\/td>\n<td style=\"height: 79px;\">\n<ul>\n<li><a href=\"https:\/\/drive.google.com\/open?id=1FqTxU00ky9hwchr90iS6Ijh5lkatCtI0\">article<\/a><\/li>\n<li><a href=\"https:\/\/drive.google.com\/open?id=1S9CjL1eSw0WDCYmZuFrfb2Mm2dv68Y9x\">article<\/a><\/li>\n<\/ul>\n<\/td>\n<\/tr>\n<tr style=\"height: 79px;\">\n<td style=\"height: 79px;\"><strong>INS Ramon Berenguer IV<\/strong><\/td>\n<td style=\"height: 79px;\">\n<ul>\n<li>\u00a0<a href=\"https:\/\/drive.google.com\/open?id=1yDutR1uQHyfiH5EKgOwlZP6DcUzjJQdh\">Musicoter\u00e0tia per a l&#8217;insomni<\/a><\/li>\n<li><a href=\"https:\/\/drive.google.com\/open?id=1VxmqkHybGfcQW4aquBhTEpzhTFw-7CG3\">Un nou m\u00f3n emergent. L&#8217;Internet de les coses<\/a><\/li>\n<\/ul>\n<\/td>\n<td style=\"height: 79px;\">\n<ul>\n<li><a href=\"https:\/\/drive.google.com\/open?id=1u6ofAXEHzAgau2vpm_-1TSJ612cqDvNy\">article<\/a><\/li>\n<li><a href=\"https:\/\/drive.google.com\/open?id=1TbmBgIgDeftNYzfrM71HMQIlnLq6JDKc\">article<\/a><\/li>\n<\/ul>\n<\/td>\n<\/tr>\n<tr style=\"height: 79px;\">\n<td style=\"height: 79px;\"><strong>INS Terra Roja<\/strong><\/td>\n<td style=\"height: 79px;\">\n<ul>\n<li><a href=\"https:\/\/drive.google.com\/open?id=1q4qezJSISvIUIulB7JaF8u8zwQj0ZSPk\">El cos diu el que la ment sent<\/a><\/li>\n<li><a href=\"https:\/\/drive.google.com\/open?id=1XWq-aJx-keO78PwK51csZnfZfSLE7M7r\">Robot humanoide<\/a><\/li>\n<\/ul>\n<\/td>\n<td style=\"height: 79px;\">\n<ul>\n<li><a href=\"https:\/\/drive.google.com\/open?id=151nrY5ctzIIy1KMcsdOkvHSg8lXspWEt\">article<\/a><\/li>\n<li><a href=\"https:\/\/drive.google.com\/open?id=1zt26o2Ii9yvO2BGs7CbOYe4kWW6NBgC3\">article<\/a><\/li>\n<\/ul>\n<\/td>\n<\/tr>\n<tr style=\"height: 79px;\">\n<td style=\"height: 79px;\"><strong>INS Torrent de les Bruixes<\/strong><\/td>\n<td style=\"height: 79px;\">\n<ul>\n<li><a href=\"https:\/\/drive.google.com\/open?id=10QQcvTph3PrElL-N_tyMqN49qeWeQXhK\">Sensibilitzaci\u00f3 bacteriana als raigs ultraviolats<\/a><\/li>\n<li><a href=\"https:\/\/drive.google.com\/open?id=1gnfsqYsNuumlF5X-zlivvitm_auWayJI\">El culte al cos i el rebuig a l&#8217;obesitat<\/a><\/li>\n<\/ul>\n<\/td>\n<td style=\"height: 79px;\">\n<ul>\n<li><a href=\"https:\/\/drive.google.com\/open?id=1A9Y5ruvsyQOWq2IEdMKISdab0bbYSkHV\">article<\/a><\/li>\n<li><a href=\"https:\/\/drive.google.com\/open?id=1V5Db35gSoBUUvnVLBm3iPmF4jUrP_spE\">article<\/a><\/li>\n<\/ul>\n<\/td>\n<\/tr>\n<\/tbody>\n<\/table>\n","protected":false},"excerpt":{"rendered":"<p>El passat dia 28 de febrer de 2018 es va celebrar la XVIII Presentaci\u00f3 de treballs de recerca de Santa [&hellip;]<\/p>\n","protected":false},"author":7,"featured_media":0,"parent":0,"menu_order":0,"comment_status":"closed","ping_status":"closed","template":"","meta":{"_bbp_topic_count":0,"_bbp_reply_count":0,"_bbp_total_topic_count":0,"_bbp_total_reply_count":0,"_bbp_voice_count":0,"_bbp_anonymous_reply_count":0,"_bbp_topic_count_hidden":0,"_bbp_reply_count_hidden":0,"_bbp_forum_subforum_count":0,"site-sidebar-layout":"default","site-content-layout":"","ast-site-content-layout":"","site-content-style":"default","site-sidebar-style":"default","ast-global-header-display":"","ast-banner-title-visibility":"","ast-main-header-display":"","ast-hfb-above-header-display":"","ast-hfb-below-header-display":"","ast-hfb-mobile-header-display":"","site-post-title":"","ast-breadcrumbs-content":"","ast-featured-img":"","footer-sml-layout":"","theme-transparent-header-meta":"","adv-header-id-meta":"","stick-header-meta":"","header-above-stick-meta":"","header-main-stick-meta":"","header-below-stick-meta":"","astra-migrate-meta-layouts":"default","ast-page-background-enabled":"default","ast-page-background-meta":{"desktop":{"background-color":"var(--ast-global-color-4)","background-image":"","background-repeat":"repeat","background-position":"center center","background-size":"auto","background-attachment":"scroll","background-type":"","background-media":"","overlay-type":"","overlay-color":"","overlay-opacity":"","overlay-gradient":""},"tablet":{"background-color":"","background-image":"","background-repeat":"repeat","background-position":"center center","background-size":"auto","background-attachment":"scroll","background-type":"","background-media":"","overlay-type":"","overlay-color":"","overlay-opacity":"","overlay-gradient":""},"mobile":{"background-color":"","background-image":"","background-repeat":"repeat","background-position":"center center","background-size":"auto","background-attachment":"scroll","background-type":"","background-media":"","overlay-type":"","overlay-color":"","overlay-opacity":"","overlay-gradient":""}},"ast-content-background-meta":{"desktop":{"background-color":"var(--ast-global-color-5)","background-image":"","background-repeat":"repeat","background-position":"center center","background-size":"auto","background-attachment":"scroll","background-type":"","background-media":"","overlay-type":"","overlay-color":"","overlay-opacity":"","overlay-gradient":""},"tablet":{"background-color":"var(--ast-global-color-5)","background-image":"","background-repeat":"repeat","background-position":"center center","background-size":"auto","background-attachment":"scroll","background-type":"","background-media":"","overlay-type":"","overlay-color":"","overlay-opacity":"","overlay-gradient":""},"mobile":{"background-color":"var(--ast-global-color-5)","background-image":"","background-repeat":"repeat","background-position":"center center","background-size":"auto","background-attachment":"scroll","background-type":"","background-media":"","overlay-type":"","overlay-color":"","overlay-opacity":"","overlay-gradient":""}},"footnotes":""},"class_list":["post-10433","page","type-page","status-publish","hentry"],"post_mailing_queue_ids":[],"_links":{"self":[{"href":"https:\/\/serveiseducatius.xtec.cat\/santacolomag\/wp-json\/wp\/v2\/pages\/10433","targetHints":{"allow":["GET"]}}],"collection":[{"href":"https:\/\/serveiseducatius.xtec.cat\/santacolomag\/wp-json\/wp\/v2\/pages"}],"about":[{"href":"https:\/\/serveiseducatius.xtec.cat\/santacolomag\/wp-json\/wp\/v2\/types\/page"}],"author":[{"embeddable":true,"href":"https:\/\/serveiseducatius.xtec.cat\/santacolomag\/wp-json\/wp\/v2\/users\/7"}],"replies":[{"embeddable":true,"href":"https:\/\/serveiseducatius.xtec.cat\/santacolomag\/wp-json\/wp\/v2\/comments?post=10433"}],"version-history":[{"count":4,"href":"https:\/\/serveiseducatius.xtec.cat\/santacolomag\/wp-json\/wp\/v2\/pages\/10433\/revisions"}],"predecessor-version":[{"id":11350,"href":"https:\/\/serveiseducatius.xtec.cat\/santacolomag\/wp-json\/wp\/v2\/pages\/10433\/revisions\/11350"}],"wp:attachment":[{"href":"https:\/\/serveiseducatius.xtec.cat\/santacolomag\/wp-json\/wp\/v2\/media?parent=10433"}],"curies":[{"name":"wp","href":"https:\/\/api.w.org\/{rel}","templated":true}]}}