{"id":10188,"date":"2018-01-03T21:38:50","date_gmt":"2018-01-03T20:38:50","guid":{"rendered":"http:\/\/serveiseducatius.xtec.cat\/santacolomag\/?page_id=10188"},"modified":"2022-11-18T12:18:58","modified_gmt":"2022-11-18T11:18:58","slug":"educacio-infantil","status":"publish","type":"page","link":"https:\/\/serveiseducatius.xtec.cat\/santacolomag\/educacio-infantil\/","title":{"rendered":"Educaci\u00f3 infantil"},"content":{"rendered":"<ul>\n<li><a href=\"http:\/\/xtec.gencat.cat\/ca\/curriculum\/infantil\/\" target=\"_blank\" rel=\"noopener noreferrer\">Curr\u00edculum Educaci\u00f3 infantil a la XTEC<\/a>\n<ul>\n<li><a title=\"Orientacions pel desplegament del curr\u00edculum 0-3\" href=\"http:\/\/www.xtec.cat\/alfresco\/d\/d\/workspace\/SpacesStore\/bfd2cd16-10d5-4103-aba2-ee9744b2399d\/Curriculum%20Infantil%200-3.pdf\" target=\"_blank\" rel=\"noopener noreferrer\">Orientacions pel desplegament del curr\u00edculum 0-3<\/a><\/li>\n<li><a href=\"https:\/\/ateneu.xtec.cat\/wikiform\/wikiexport\/cursos\/curriculum\/inf_pri\/cinf\/index\" target=\"_blank\" rel=\"noopener noreferrer\">El parvulari, entorn de benestar i d&#8217;aprenentatge (2n cicle d&#8217;infantil)<\/a>. Ateneu.<\/li>\n<\/ul>\n<\/li>\n<li><a href=\"http:\/\/xtec.gencat.cat\/ca\/recursos\/edinfantil\/\" target=\"_blank\" rel=\"noopener noreferrer\">Recursos educaci\u00f3 infantil a la XTEC<\/a><\/li>\n<li><a href=\"https:\/\/ateneu.xtec.cat\/wikiform\/wikiexport\/cmd\/tac\/ai01\/index\" target=\"_blank\" rel=\"noopener noreferrer\">Recursos TAC per a l&#8217;aula d&#8217;educaci\u00f3 infantil<\/a>. Ateneu.<\/li>\n<li><a href=\"http:\/\/formacio0-3.blogspot.com.es\/\" target=\"_blank\" rel=\"noopener noreferrer\">Educaci\u00f3 infantil 0-3 anys<\/a><\/li>\n<li><a href=\"https:\/\/elnousafareig.org\/\" target=\"_blank\" rel=\"noopener noreferrer\">El nou safareig<\/a>. L&#8217;espai exterior de l&#8217;escola com a espai educatiu.<\/li>\n<li><a href=\"https:\/\/serveiseducatius.xtec.cat\/santacolomag\/jornades-deducacio-infantil-0-6-curs-2019-2020\/\" target=\"_blank\" rel=\"noopener noreferrer\">Jornades d&#8217;educaci\u00f3 infantil 0-6<\/a>. Santa Coloma de Gramenet.<\/li>\n<li><a href=\"https:\/\/drive.google.com\/file\/d\/0B7J2wtKTJ0CvLTV3NGFmX21ZMnYwdkZnVFA5eWZrQkJocGt3\/view?usp=sharing\" target=\"_blank\" rel=\"noopener noreferrer\">Guia did\u00e0ctica per fomentar la no-discriminaci\u00f3<\/a><span style=\"font-family: inherit; font-size: 1em;\">. Ajuntament de Barcelona.<br \/>\n<\/span>Diversitat cultural, cossos, g\u00e8neres i salut des de primera inf\u00e0ncia.<\/li>\n<li><a href=\"https:\/\/activitum.cat\/\" target=\"_blank\" rel=\"noopener noreferrer\">Activitum<\/a>. Portal d&#8217;Activitats Educatives.<\/li>\n<\/ul>\n<div>\n<hr \/>\n<ul>\n<li><a href=\"http:\/\/ensenyament.gencat.cat\/ca\/arees-actuacio\/families\/\" target=\"_blank\" rel=\"noopener noreferrer\">Fam\u00edlies<\/a>.\u00a0 Departament d&#8217;Educaci\u00f3.<br \/>\nOrientacions i recomanacions, per a que fam\u00edlies i escola sumin en la tasca compartida de l&#8217;educaci\u00f3 dels infants i joves.<\/li>\n<li><a href=\"https:\/\/treballiaferssocials.gencat.cat\/ca\/ambits_tematics\/families\/formacio_per_a_pares_i_mares\/creixer_en_familia\/que_oferim\/\" target=\"_blank\" rel=\"noopener noreferrer\">Cr\u00e9ixer en fam\u00edlia<\/a>. Departament de Treball, Afers Socials i Fam\u00edlies<br \/>\nPrograma formatiu dirigit a orientar, refor\u00e7ar i donar eines a les fam\u00edlies<\/li>\n<li><a href=\"https:\/\/treballiaferssocials.gencat.cat\/ca\/ambits_tematics\/families\/formacio_per_a_pares_i_mares\/creixer_en_familia\/calaix_recursos\/\" target=\"_blank\" rel=\"noopener noreferrer\">Calaix de recursos per a fam\u00edlies<\/a>. Departament de Treball, Afers Socials i Fam\u00edlies<\/li>\n<li><a href=\"https:\/\/fundaciobofill.cat\/publicacions\/com-redissenyar-les-reunions-amb-les-families\" target=\"_blank\" rel=\"noopener noreferrer\">Com redissenyar les reunions amb les fam\u00edlies? Guia pr\u00e0ctica<\/a>. S\u00edlvia Blanch Gelabert<\/li>\n<li><a href=\"https:\/\/fundaciobofill.cat\/publicacions\/redissenyem-la-reunio-dinici-de-curs-amb-les-families\" target=\"_blank\" rel=\"noopener noreferrer\">Recomanacions per redissenyar les reunions amb les fam\u00edlies: ens inspirem amb les solucions d&#8217;altres centres?<\/a> Article. S\u00edlvia Blanch Gelabert<\/li>\n<li><a href=\"https:\/\/magnet.cat\/wp-content\/uploads\/2018\/05\/Magnet-Infografia-Reunions-inici-de-curs-CAT.pdf\" target=\"_blank\" rel=\"noopener noreferrer\">Orientacions per a les reunions d\u2019inici de curs en temps de covid<\/a>. Infografia. Programa Magnet<\/li>\n<\/ul>\n<div>\n<p>&nbsp;<\/p>\n<\/div>\n<\/div>\n","protected":false},"excerpt":{"rendered":"<p>Curr\u00edculum Educaci\u00f3 infantil a la XTEC Orientacions pel desplegament del curr\u00edculum 0-3 El parvulari, entorn de benestar i d&#8217;aprenentatge (2n [&hellip;]<\/p>\n","protected":false},"author":7,"featured_media":0,"parent":0,"menu_order":0,"comment_status":"closed","ping_status":"closed","template":"","meta":{"_bbp_topic_count":0,"_bbp_reply_count":0,"_bbp_total_topic_count":0,"_bbp_total_reply_count":0,"_bbp_voice_count":0,"_bbp_anonymous_reply_count":0,"_bbp_topic_count_hidden":0,"_bbp_reply_count_hidden":0,"_bbp_forum_subforum_count":0,"site-sidebar-layout":"default","site-content-layout":"","ast-site-content-layout":"","site-content-style":"default","site-sidebar-style":"default","ast-global-header-display":"","ast-banner-title-visibility":"","ast-main-header-display":"","ast-hfb-above-header-display":"","ast-hfb-below-header-display":"","ast-hfb-mobile-header-display":"","site-post-title":"","ast-breadcrumbs-content":"","ast-featured-img":"","footer-sml-layout":"","theme-transparent-header-meta":"","adv-header-id-meta":"","stick-header-meta":"","header-above-stick-meta":"","header-main-stick-meta":"","header-below-stick-meta":"","astra-migrate-meta-layouts":"default","ast-page-background-enabled":"default","ast-page-background-meta":{"desktop":{"background-color":"var(--ast-global-color-4)","background-image":"","background-repeat":"repeat","background-position":"center center","background-size":"auto","background-attachment":"scroll","background-type":"","background-media":"","overlay-type":"","overlay-color":"","overlay-opacity":"","overlay-gradient":""},"tablet":{"background-color":"","background-image":"","background-repeat":"repeat","background-position":"center center","background-size":"auto","background-attachment":"scroll","background-type":"","background-media":"","overlay-type":"","overlay-color":"","overlay-opacity":"","overlay-gradient":""},"mobile":{"background-color":"","background-image":"","background-repeat":"repeat","background-position":"center center","background-size":"auto","background-attachment":"scroll","background-type":"","background-media":"","overlay-type":"","overlay-color":"","overlay-opacity":"","overlay-gradient":""}},"ast-content-background-meta":{"desktop":{"background-color":"var(--ast-global-color-5)","background-image":"","background-repeat":"repeat","background-position":"center center","background-size":"auto","background-attachment":"scroll","background-type":"","background-media":"","overlay-type":"","overlay-color":"","overlay-opacity":"","overlay-gradient":""},"tablet":{"background-color":"var(--ast-global-color-5)","background-image":"","background-repeat":"repeat","background-position":"center center","background-size":"auto","background-attachment":"scroll","background-type":"","background-media":"","overlay-type":"","overlay-color":"","overlay-opacity":"","overlay-gradient":""},"mobile":{"background-color":"var(--ast-global-color-5)","background-image":"","background-repeat":"repeat","background-position":"center center","background-size":"auto","background-attachment":"scroll","background-type":"","background-media":"","overlay-type":"","overlay-color":"","overlay-opacity":"","overlay-gradient":""}},"footnotes":""},"class_list":["post-10188","page","type-page","status-publish","hentry"],"post_mailing_queue_ids":[],"_links":{"self":[{"href":"https:\/\/serveiseducatius.xtec.cat\/santacolomag\/wp-json\/wp\/v2\/pages\/10188","targetHints":{"allow":["GET"]}}],"collection":[{"href":"https:\/\/serveiseducatius.xtec.cat\/santacolomag\/wp-json\/wp\/v2\/pages"}],"about":[{"href":"https:\/\/serveiseducatius.xtec.cat\/santacolomag\/wp-json\/wp\/v2\/types\/page"}],"author":[{"embeddable":true,"href":"https:\/\/serveiseducatius.xtec.cat\/santacolomag\/wp-json\/wp\/v2\/users\/7"}],"replies":[{"embeddable":true,"href":"https:\/\/serveiseducatius.xtec.cat\/santacolomag\/wp-json\/wp\/v2\/comments?post=10188"}],"version-history":[{"count":3,"href":"https:\/\/serveiseducatius.xtec.cat\/santacolomag\/wp-json\/wp\/v2\/pages\/10188\/revisions"}],"predecessor-version":[{"id":15764,"href":"https:\/\/serveiseducatius.xtec.cat\/santacolomag\/wp-json\/wp\/v2\/pages\/10188\/revisions\/15764"}],"wp:attachment":[{"href":"https:\/\/serveiseducatius.xtec.cat\/santacolomag\/wp-json\/wp\/v2\/media?parent=10188"}],"curies":[{"name":"wp","href":"https:\/\/api.w.org\/{rel}","templated":true}]}}