{"id":10155,"date":"2017-12-19T12:04:04","date_gmt":"2017-12-19T11:04:04","guid":{"rendered":"http:\/\/serveiseducatius.xtec.cat\/santacolomag\/?page_id=10155"},"modified":"2022-11-18T12:10:13","modified_gmt":"2022-11-18T11:10:13","slug":"educacio-fisica","status":"publish","type":"page","link":"https:\/\/serveiseducatius.xtec.cat\/santacolomag\/educacio-fisica\/","title":{"rendered":"Educaci\u00f3 F\u00edsica"},"content":{"rendered":"<ul>\n<li><b><a href=\"http:\/\/xtec.gencat.cat\/ca\/recursos\/edfisica\/\" target=\"_blank\" rel=\"noopener noreferrer\">XTEC: Recursos. Educaci\u00f3 f\u00edsica<\/a><\/b><br \/>\nRecursos publicats a XTEC: Xarxa Telem\u00e0tica Educativa de Catalunya. Departament d&#8217;Educaci\u00f3<\/li>\n<\/ul>\n<ul>\n<li><strong><a href=\"https:\/\/blocs.xtec.cat\/gramagef\/\" target=\"_blank\" rel=\"noopener noreferrer\">Grup de Treball d&#8217;Educaci\u00f3 F\u00edsica de Santa Coloma de Gramenet<\/a><\/strong><br \/>\nRecull de les activitats intercentres que realitza el Grup de Treball d&#8217;Educaci\u00f3 F\u00edsica de Santa Coloma de Gramenet. Selecci\u00f3 de not\u00edcies i recursos.<\/li>\n<li><strong><a href=\"https:\/\/www.europeana.eu\/es\/collections\/topic\/114-sport\" target=\"_blank\" rel=\"noopener noreferrer\">Europeana Sport<\/a><\/strong><br \/>\nPatrimoni i cultura esportiva en fotografies, pel\u00b7l\u00edcules, gravacions de so i textos de col\u00b7leccions europees. La col\u00b7lecci\u00f3 cont\u00e9 m\u00e9s de 71000 fitxers i un acurat sistema de cerca, selecci\u00f3 i publicaci\u00f3, si escau.<\/li>\n<\/ul>\n<ul>\n<li><b><a href=\"http:\/\/ntic.educacion.es\/v5\/web\/profesores\/asignaturas\/educacion_fisica\/\" target=\"_blank\" rel=\"nofollow noopener noreferrer\">ITE: Educaci\u00f3n F\u00edsica<\/a><\/b><br \/>\n<span style=\"font-size: 12pt;\">Recursos de l&#8217;ITE: Instituto de Tecnolog\u00edas Educativas. Ministerio de Educaci\u00f3n, Cultura y Deporte.<\/span><\/li>\n<\/ul>\n<ul>\n<li><strong><a href=\"https:\/\/www.cdc.gov\/bam\/\" target=\"_blank\" rel=\"noopener noreferrer\">BAM! Body and Mind. Classroom Resources for Teachers <\/a><\/strong><br \/>\nInformaci\u00f3 i recursos per a afavorir un estil de vida m\u00e9s saludable. Centers for Disease Control and Prevetion. En angl\u00e8s.<\/li>\n<\/ul>\n<ul style=\"list-style-type: disc;\">\n<li><strong><a href=\"http:\/\/www.educacionfisicaenprimaria.es\/recursos-propios.html\" target=\"_blank\" rel=\"noopener noreferrer\">Educaci\u00f3n f\u00edsica en infantil i prim\u00e0ria<\/a><\/strong><br \/>\nRecursos per treballar l&#8217;educaci\u00f3 f\u00edsica a l&#8217;aula J<span class=\"wsite-text wsite-phone\">os\u00e9 Luis Lara Olmedo<\/span>. Portal de Educaci\u00f3n de Castilla-La Mancha.<\/li>\n<\/ul>\n<p>&nbsp;<\/p>\n<p>&nbsp;<\/p>\n","protected":false},"excerpt":{"rendered":"<p>XTEC: Recursos. Educaci\u00f3 f\u00edsica Recursos publicats a XTEC: Xarxa Telem\u00e0tica Educativa de Catalunya. Departament d&#8217;Educaci\u00f3 Grup de Treball d&#8217;Educaci\u00f3 F\u00edsica [&hellip;]<\/p>\n","protected":false},"author":7,"featured_media":0,"parent":0,"menu_order":0,"comment_status":"closed","ping_status":"closed","template":"","meta":{"_bbp_topic_count":0,"_bbp_reply_count":0,"_bbp_total_topic_count":0,"_bbp_total_reply_count":0,"_bbp_voice_count":0,"_bbp_anonymous_reply_count":0,"_bbp_topic_count_hidden":0,"_bbp_reply_count_hidden":0,"_bbp_forum_subforum_count":0,"site-sidebar-layout":"default","site-content-layout":"","ast-site-content-layout":"","site-content-style":"default","site-sidebar-style":"default","ast-global-header-display":"","ast-banner-title-visibility":"","ast-main-header-display":"","ast-hfb-above-header-display":"","ast-hfb-below-header-display":"","ast-hfb-mobile-header-display":"","site-post-title":"","ast-breadcrumbs-content":"","ast-featured-img":"","footer-sml-layout":"","theme-transparent-header-meta":"","adv-header-id-meta":"","stick-header-meta":"","header-above-stick-meta":"","header-main-stick-meta":"","header-below-stick-meta":"","astra-migrate-meta-layouts":"default","ast-page-background-enabled":"default","ast-page-background-meta":{"desktop":{"background-color":"var(--ast-global-color-4)","background-image":"","background-repeat":"repeat","background-position":"center center","background-size":"auto","background-attachment":"scroll","background-type":"","background-media":"","overlay-type":"","overlay-color":"","overlay-opacity":"","overlay-gradient":""},"tablet":{"background-color":"","background-image":"","background-repeat":"repeat","background-position":"center center","background-size":"auto","background-attachment":"scroll","background-type":"","background-media":"","overlay-type":"","overlay-color":"","overlay-opacity":"","overlay-gradient":""},"mobile":{"background-color":"","background-image":"","background-repeat":"repeat","background-position":"center center","background-size":"auto","background-attachment":"scroll","background-type":"","background-media":"","overlay-type":"","overlay-color":"","overlay-opacity":"","overlay-gradient":""}},"ast-content-background-meta":{"desktop":{"background-color":"var(--ast-global-color-5)","background-image":"","background-repeat":"repeat","background-position":"center center","background-size":"auto","background-attachment":"scroll","background-type":"","background-media":"","overlay-type":"","overlay-color":"","overlay-opacity":"","overlay-gradient":""},"tablet":{"background-color":"var(--ast-global-color-5)","background-image":"","background-repeat":"repeat","background-position":"center center","background-size":"auto","background-attachment":"scroll","background-type":"","background-media":"","overlay-type":"","overlay-color":"","overlay-opacity":"","overlay-gradient":""},"mobile":{"background-color":"var(--ast-global-color-5)","background-image":"","background-repeat":"repeat","background-position":"center center","background-size":"auto","background-attachment":"scroll","background-type":"","background-media":"","overlay-type":"","overlay-color":"","overlay-opacity":"","overlay-gradient":""}},"footnotes":""},"class_list":["post-10155","page","type-page","status-publish","hentry"],"post_mailing_queue_ids":[],"_links":{"self":[{"href":"https:\/\/serveiseducatius.xtec.cat\/santacolomag\/wp-json\/wp\/v2\/pages\/10155","targetHints":{"allow":["GET"]}}],"collection":[{"href":"https:\/\/serveiseducatius.xtec.cat\/santacolomag\/wp-json\/wp\/v2\/pages"}],"about":[{"href":"https:\/\/serveiseducatius.xtec.cat\/santacolomag\/wp-json\/wp\/v2\/types\/page"}],"author":[{"embeddable":true,"href":"https:\/\/serveiseducatius.xtec.cat\/santacolomag\/wp-json\/wp\/v2\/users\/7"}],"replies":[{"embeddable":true,"href":"https:\/\/serveiseducatius.xtec.cat\/santacolomag\/wp-json\/wp\/v2\/comments?post=10155"}],"version-history":[{"count":3,"href":"https:\/\/serveiseducatius.xtec.cat\/santacolomag\/wp-json\/wp\/v2\/pages\/10155\/revisions"}],"predecessor-version":[{"id":13720,"href":"https:\/\/serveiseducatius.xtec.cat\/santacolomag\/wp-json\/wp\/v2\/pages\/10155\/revisions\/13720"}],"wp:attachment":[{"href":"https:\/\/serveiseducatius.xtec.cat\/santacolomag\/wp-json\/wp\/v2\/media?parent=10155"}],"curies":[{"name":"wp","href":"https:\/\/api.w.org\/{rel}","templated":true}]}}