{"id":10138,"date":"2017-12-19T09:58:04","date_gmt":"2017-12-19T08:58:04","guid":{"rendered":"http:\/\/serveiseducatius.xtec.cat\/santacolomag\/?page_id=10138"},"modified":"2025-09-15T14:00:10","modified_gmt":"2025-09-15T12:00:10","slug":"imatges-sons-i-videos","status":"publish","type":"page","link":"https:\/\/serveiseducatius.xtec.cat\/santacolomag\/imatges-sons-i-videos\/","title":{"rendered":"Imatges, sons i v\u00eddeos"},"content":{"rendered":"<h3 id=\"sites-page-title-header\" align=\"left\"><\/h3>\n<div id=\"sites-canvas-main\" class=\"sites-canvas-main\">\n<div id=\"sites-canvas-main-content\">\n<table class=\"sites-layout-name-two-column sites-layout-hbox\" cellspacing=\"0\">\n<tbody>\n<tr>\n<td class=\"sites-layout-tile sites-tile-name-content-1\">\n<div dir=\"ltr\">\n<ul>\n<li><span style=\"font-size: small;\"><span style=\"color: #351c75;\"><strong><a href=\"http:\/\/recursostic.educacion.es\/bancoimagenes\/web\/\" target=\"_blank\" rel=\"nofollow noopener noreferrer\">Banco de im\u00e1genes y sonidos<\/a><\/strong><b><br \/>\n<\/b><\/span><\/span>Banc d&#8217;imatges i sons d&#8217;\u00fas lliure del Ministeri d&#8217;Educaci\u00f3.<\/li>\n<\/ul>\n<ul>\n<li><span style=\"color: #ff6600;\"><a style=\"color: #ff6600;\" href=\"http:\/\/www.xtec.cat\/dnee\/mic\/cerca.htm\"><span style=\"font-size: small;\"><b>Magatzem d&#8217;icones catalanes<\/b><\/span>\u00a0 \u00a0<\/a><\/span><span style=\"color: #444444;\"><span style=\"color: #444444;\"><br \/>\nIcones per \u00e0mbits adaptades a la realitat catalana.<\/span><\/span><\/li>\n<\/ul>\n<ul>\n<li><span style=\"font-size: small;\"><b><span style=\"color: #351c75;\"><a href=\"http:\/\/www.flickr.com\/creativecommons\" target=\"_blank\" rel=\"nofollow noopener noreferrer\">Flickr Creative Commons<\/a><\/span><\/b><\/span><br \/>\nImatges del portal Flickr amb llic\u00e8ncia Creative Commons.<\/li>\n<\/ul>\n<ul>\n<li><span style=\"font-size: small;\"><b><span style=\"color: #351c75;\"><a href=\"http:\/\/www.sxc.hu\/\" target=\"_blank\" rel=\"nofollow noopener noreferrer\">Stock.Xchng<\/a><\/span><\/b><\/span><span style=\"color: #674ea7;\">\u00a0 \u00a0<\/span><span style=\"color: #444444;\"><span style=\"color: #444444;\"><br \/>\nPortal d&#8217;imatges gratu\u00eftes.<\/span><\/span><\/li>\n<\/ul>\n<div>\n<div>\n<ul>\n<li><b><a href=\"http:\/\/www.public-domain-photos.com\/\" target=\"_blank\" rel=\"nofollow noopener noreferrer\">Public Domain Photos<\/a><\/b><br \/>\nFotos i cliparts de domini p\u00fablic.<\/li>\n<\/ul>\n<\/div>\n<div>\n<ul>\n<li><b><\/b><strong><a href=\"https:\/\/www.pexels.com\/es-es\/buscar\/recursos\/\">Pexels<\/a><\/strong><br \/>\nRecursos fotogr\u00e0fics gratu\u00efts.<\/li>\n<li><b><a href=\"https:\/\/morguefile.com\/\" target=\"_blank\" rel=\"nofollow noopener noreferrer\">Morguefile<\/a><br \/>\n<\/b>Arxiu d&#8217;imatges gratu\u00eftes<\/li>\n<li><b><a href=\"http:\/\/www.google.es\/imghp?hl=es&amp;tab=wi\" target=\"_blank\" rel=\"noopener noreferrer\">Imatges de Google<\/a><\/b><br \/>\nCercador d\u00b4imatges a la xarxa.<\/li>\n<\/ul>\n<\/div>\n<div>\n<div><span style=\"font-size: small;\"><b>\u00a0<\/b><\/span><\/div>\n<\/div>\n<\/div>\n<\/div>\n<\/td>\n<td class=\"sites-layout-tile sites-tile-name-content-2\">\n<div dir=\"ltr\">\n<div>\n<div><\/div>\n<ul>\n<li><span style=\"font-size: small;\"><b><span style=\"color: #351c75;\"><a href=\"http:\/\/vimeo.com\/\" target=\"_blank\" rel=\"nofollow noopener noreferrer\">Vimeo<\/a>\u00a0<\/span><\/b><\/span><span style=\"color: #674ea7;\">\u00a0 \u00a0\u00a0<\/span><span style=\"color: #444444;\"><span style=\"color: #444444;\"><span style=\"color: #444444;\"><br \/>\nV\u00eddeos de totes les tem\u00e0tiques.<\/span><\/span><\/span><\/li>\n<li><span style=\"font-size: small;\"><b><span style=\"color: #351c75;\"><a href=\"http:\/\/embed.ly\/provider\/fotopedia\" target=\"_blank\" rel=\"nofollow noopener noreferrer\">Fotopedia<\/a>\u00a0<\/span><\/b><\/span><span style=\"color: #674ea7;\">\u00a0 \u00a0<\/span><span style=\"color: #444444;\"><span style=\"color: #444444;\"><span style=\"color: #444444;\"><br \/>\nEnciclop\u00e8dia col\u00b7laborativa de fotografies.<\/span><\/span><\/span><\/li>\n<li><span style=\"color: #444444;\"><a href=\"http:\/\/www.elongsound.com\/sonidos.html\" target=\"_blank\" rel=\"nofollow noopener noreferrer\"><b>Elongsong<\/b><\/a><br \/>\nArxius de sons agrupats per tem\u00e0tiques\u00a0<\/span><\/li>\n<\/ul>\n<ul>\n<li><span style=\"font-size: small;\"><b><span style=\"color: #351c75;\"><a href=\"http:\/\/www.teachertube.com\/\" target=\"_blank\" rel=\"nofollow noopener noreferrer\">TeacherTube<\/a>\u00a0<\/span><\/b><\/span><br \/>\n<span style=\"color: #444444;\">V\u00eddeos de car\u00e0cter educatiu, majorit\u00e0riament en angl\u00e8s.<\/span><\/li>\n<\/ul>\n<ul>\n<li><span style=\"font-size: small;\"><b><span style=\"color: #351c75;\"><a href=\"http:\/\/www.youtube.com\/\" target=\"_blank\" rel=\"noopener noreferrer\">YouTube<\/a>\u00a0<\/span><\/b><\/span><span style=\"color: #674ea7;\">\u00a0 \u00a0<\/span><span style=\"color: #444444;\"><br \/>\n<\/span><span style=\"color: #444444;\">V\u00eddeos de totes les tem\u00e0tiques.<\/span><\/li>\n<\/ul>\n<ul>\n<li><span style=\"font-size: small;\"><b><span style=\"color: #351c75;\"><a href=\"http:\/\/vimeo.com\/\" target=\"_blank\" rel=\"nofollow noopener noreferrer\">Vimeo<\/a>\u00a0<\/span><\/b><\/span><span style=\"color: #674ea7;\">\u00a0 \u00a0\u00a0<\/span><span style=\"color: #444444;\"><br \/>\nV\u00eddeos de totes les tem\u00e0tiques.<\/span><\/li>\n<\/ul>\n<\/div>\n<div><\/div>\n<\/div>\n<\/td>\n<\/tr>\n<\/tbody>\n<\/table>\n<\/div>\n<\/div>\n","protected":false},"excerpt":{"rendered":"<p>Banco de im\u00e1genes y sonidos Banc d&#8217;imatges i sons d&#8217;\u00fas lliure del Ministeri d&#8217;Educaci\u00f3. Magatzem d&#8217;icones catalanes\u00a0 \u00a0 Icones per [&hellip;]<\/p>\n","protected":false},"author":7,"featured_media":0,"parent":0,"menu_order":0,"comment_status":"closed","ping_status":"closed","template":"","meta":{"_bbp_topic_count":0,"_bbp_reply_count":0,"_bbp_total_topic_count":0,"_bbp_total_reply_count":0,"_bbp_voice_count":0,"_bbp_anonymous_reply_count":0,"_bbp_topic_count_hidden":0,"_bbp_reply_count_hidden":0,"_bbp_forum_subforum_count":0,"site-sidebar-layout":"default","site-content-layout":"","ast-site-content-layout":"default","site-content-style":"default","site-sidebar-style":"default","ast-global-header-display":"","ast-banner-title-visibility":"","ast-main-header-display":"","ast-hfb-above-header-display":"","ast-hfb-below-header-display":"","ast-hfb-mobile-header-display":"","site-post-title":"","ast-breadcrumbs-content":"","ast-featured-img":"","footer-sml-layout":"","theme-transparent-header-meta":"","adv-header-id-meta":"","stick-header-meta":"","header-above-stick-meta":"","header-main-stick-meta":"","header-below-stick-meta":"","astra-migrate-meta-layouts":"set","ast-page-background-enabled":"default","ast-page-background-meta":{"desktop":{"background-color":"var(--ast-global-color-4)","background-image":"","background-repeat":"repeat","background-position":"center center","background-size":"auto","background-attachment":"scroll","background-type":"","background-media":"","overlay-type":"","overlay-color":"","overlay-opacity":"","overlay-gradient":""},"tablet":{"background-color":"","background-image":"","background-repeat":"repeat","background-position":"center center","background-size":"auto","background-attachment":"scroll","background-type":"","background-media":"","overlay-type":"","overlay-color":"","overlay-opacity":"","overlay-gradient":""},"mobile":{"background-color":"","background-image":"","background-repeat":"repeat","background-position":"center center","background-size":"auto","background-attachment":"scroll","background-type":"","background-media":"","overlay-type":"","overlay-color":"","overlay-opacity":"","overlay-gradient":""}},"ast-content-background-meta":{"desktop":{"background-color":"var(--ast-global-color-5)","background-image":"","background-repeat":"repeat","background-position":"center center","background-size":"auto","background-attachment":"scroll","background-type":"","background-media":"","overlay-type":"","overlay-color":"","overlay-opacity":"","overlay-gradient":""},"tablet":{"background-color":"var(--ast-global-color-5)","background-image":"","background-repeat":"repeat","background-position":"center center","background-size":"auto","background-attachment":"scroll","background-type":"","background-media":"","overlay-type":"","overlay-color":"","overlay-opacity":"","overlay-gradient":""},"mobile":{"background-color":"var(--ast-global-color-5)","background-image":"","background-repeat":"repeat","background-position":"center center","background-size":"auto","background-attachment":"scroll","background-type":"","background-media":"","overlay-type":"","overlay-color":"","overlay-opacity":"","overlay-gradient":""}},"footnotes":""},"class_list":["post-10138","page","type-page","status-publish","hentry"],"post_mailing_queue_ids":[],"_links":{"self":[{"href":"https:\/\/serveiseducatius.xtec.cat\/santacolomag\/wp-json\/wp\/v2\/pages\/10138","targetHints":{"allow":["GET"]}}],"collection":[{"href":"https:\/\/serveiseducatius.xtec.cat\/santacolomag\/wp-json\/wp\/v2\/pages"}],"about":[{"href":"https:\/\/serveiseducatius.xtec.cat\/santacolomag\/wp-json\/wp\/v2\/types\/page"}],"author":[{"embeddable":true,"href":"https:\/\/serveiseducatius.xtec.cat\/santacolomag\/wp-json\/wp\/v2\/users\/7"}],"replies":[{"embeddable":true,"href":"https:\/\/serveiseducatius.xtec.cat\/santacolomag\/wp-json\/wp\/v2\/comments?post=10138"}],"version-history":[{"count":5,"href":"https:\/\/serveiseducatius.xtec.cat\/santacolomag\/wp-json\/wp\/v2\/pages\/10138\/revisions"}],"predecessor-version":[{"id":22721,"href":"https:\/\/serveiseducatius.xtec.cat\/santacolomag\/wp-json\/wp\/v2\/pages\/10138\/revisions\/22721"}],"wp:attachment":[{"href":"https:\/\/serveiseducatius.xtec.cat\/santacolomag\/wp-json\/wp\/v2\/media?parent=10138"}],"curies":[{"name":"wp","href":"https:\/\/api.w.org\/{rel}","templated":true}]}}