{"id":10123,"date":"2017-12-19T08:55:55","date_gmt":"2017-12-19T07:55:55","guid":{"rendered":"http:\/\/serveiseducatius.xtec.cat\/santacolomag\/?page_id=10123"},"modified":"2022-11-18T12:09:20","modified_gmt":"2022-11-18T11:09:20","slug":"educacio-artistica-i-musical","status":"publish","type":"page","link":"https:\/\/serveiseducatius.xtec.cat\/santacolomag\/educacio-artistica-i-musical\/","title":{"rendered":"Educaci\u00f3 art\u00edstica i musical"},"content":{"rendered":"<h6><span style=\"color: #800080;\"><strong>\u00a0 \u00a0 XTEC<\/strong><\/span><\/h6>\n<ul>\n<li>\n<h6><strong><a href=\"http:\/\/xtec.gencat.cat\/ca\/recursos\/visualplastica\/\">Xtec educaci\u00f3 visual i pl\u00e0stica<\/a><\/strong><br \/>\n<strong><span style=\"font-family: verdana, sans-serif; font-size: small;\">\u00a0Selecci\u00f3 de llocs web d&#8217;inter\u00e8s i repositoris d&#8217;unitats educatives<\/span><\/strong><\/h6>\n<\/li>\n<li>\n<h6><strong><a href=\"http:\/\/www.edu365.cat\/primaria\/visual\/index.html\">Edu365 Visual i pl\u00e0stica<\/a><a href=\"http:\/\/www.edu365.cat\/primaria\/visual\/index.html\"><br \/>\n<\/a><\/strong><\/h6>\n<h6><strong>Propostes did\u00e0ctiques per a tots els nivells. Podeu cercar per conceptes, autors corrents&#8230;<\/strong><\/h6>\n<\/li>\n<li>\n<h6><strong><a href=\"http:\/\/www.edu365.cat\/batxillerat\/modalitat\/arts\/index.html\">\u00a0Edu365 ARTS- Batxillerat<\/a><\/strong><\/h6>\n<h6><strong>Arts pl\u00e0stiques, liter\u00e0ries, esc\u00e8niques, musicals&#8230;<\/strong><\/h6>\n<\/li>\n<li>\n<h6><strong><a href=\"http:\/\/xtec.gencat.cat\/ca\/recursos\/museus\/\">Museus <\/a><\/strong><strong>\u00a0de Catalunya<br \/>\n<\/strong><\/h6>\n<h6><strong><span style=\"color: #800080;\">\u00a0<\/span><\/strong><span style=\"color: #800080;\"><strong>ALTRES<br \/>\n<\/strong><\/span><\/h6>\n<\/li>\n<li>\n<h6><strong><a href=\"http:\/\/www.googleartproject.com\/\" target=\"_blank\" rel=\"noopener noreferrer\">Art Project: Art and Culture\u00a0 (Google)<\/a><\/strong><br \/>\n<strong>Museus, visites virtuals, corrents art\u00edtitics, autors, personatges hist\u00f2rics&#8230;<\/strong><\/h6>\n<\/li>\n<li>\n<h6><strong><a href=\"http:\/\/www.wga.hu\/index1.html\" target=\"_blank\" rel=\"noopener noreferrer\">Web Gallery of Art<\/a><\/strong><br \/>\n<strong>\u00c9s un museu virtual i base de dades de Belles Arts europees des del segle III al XIX.<\/strong><\/h6>\n<\/li>\n<li>\n<h6><a href=\"https:\/\/www.europeana.eu\/portal\/es\/collections\/art\"><b>Europeana Art<\/b><\/a><span style=\"font-weight: 400;\"><br \/>\n<\/span><strong> Colecci\u00f3 tem\u00e0tica que reuneix d&#8217;obres d&#8217;art, pintures, gravats, dibuix d&#8217;institucions europees.<\/strong><\/h6>\n<\/li>\n<li>\n<h6><strong><a href=\"http:\/\/www.macba.cat\/ca\/educacio\" target=\"_blank\" rel=\"noopener noreferrer\">MACBA. Educaci\u00f3<\/a><\/strong><br \/>\n<strong>Museu d&#8217;Art Contemporani de Barcelona. Visita el muesu des de casa, activitats, exploraci\u00f3 de l&#8217;exposici\u00f3<\/strong><br \/>\n<strong><a href=\"https:\/\/www.youtube.com\/watch?v=G7C_NofRZbU&amp;list=PLwZ-bv08RLDWBCPh61P6zOrODx2IcheB_\">Com comunicar-nos amb l&#8217;Art Contemporani<\/a><\/strong><\/h6>\n<\/li>\n<li>\n<h6><strong><a href=\"https:\/\/www.museunacional.cat\/ca\/recursos-educatius-tematics\" target=\"_blank\" rel=\"noopener noreferrer\">MNAC. Programes educatius<\/a><\/strong><br \/>\n<strong>Recursos educatius tem\u00e0tics i dossiers per treballar les col\u00b7leccions del MNAC.<\/strong><\/h6>\n<\/li>\n<li>\n<h6><strong><a href=\"https:\/\/www.fmirobcn.org\/ca\/col-leccio\/cataleg-obres\/destacades\">Fundaci\u00f3 Mir\u00f3<\/a><br \/>\nCol\u00b7lecci\u00f3, exposicions i cataleg d&#8217;obres<\/strong><\/h6>\n<\/li>\n<li>\n<h6><strong><a href=\"http:\/\/ntic.educacion.es\/v5\/web\/profesores\/asignaturas\/area_educ_artist_plastica\/\" target=\"_blank\" rel=\"nofollow noopener noreferrer\">Educaci\u00f3n Art\u00edstica: Pl\u00e1stica<\/a><\/strong><br \/>\n<strong>Recursos per a tots els nivells de pl\u00e0stica de l&#8217;INTEF (institut nacional de tecnologies educatives i formaci\u00f3 del\u00a0 professorat) del Ministeri d&#8217;Educaci\u00f3<\/strong><\/h6>\n<\/li>\n<li>\n<h6><strong><a href=\"http:\/\/recursostic.educacion.es\/artes\/plastic\/web\/cms\/index.php?id=13\">El proyecto Plas-TIC, del \u00c1rea de Educaci\u00f3n Pl\u00e1stica y Visual<\/a><\/strong><br \/>\n<strong>Recursos en l\u00ednia per a professorat i alumanat d&#8217;ESO. Potencia la creativitat, l&#8217;afectivitat i la creaci\u00f3 art\u00edstica i la producci\u00f3 pl\u00e0stica.<\/strong><\/h6>\n<\/li>\n<li>\n<h6><strong><a href=\"https:\/\/sites.google.com\/site\/luciaag2\/home\">BiblioTICteca<\/a><\/strong><br \/>\n<strong>Recursos materials i projectes, relacionats amb l&#8217;educaci\u00f3 visual i pl\u00e0stica i les TIC.<\/strong><\/h6>\n<\/li>\n<li>\n<h6><strong><a href=\"https:\/\/www.tate.org.uk\/kids\">Tate Kids<\/a><\/strong><\/h6>\n<h6><strong>Jocs, trencaclosques i propostes creatives per con\u00e9ixer artistes i obres de la Tate Gallery de Londres<br \/>\n<\/strong><\/h6>\n<\/li>\n<li>\n<h6><strong><a href=\"https:\/\/www.wikiart.org\/\">Enciclop\u00e8dia d&#8217;Arts Visuals<\/a><\/strong><\/h6>\n<\/li>\n<\/ul>\n<h6><strong><span style=\"font-size: 12pt;\"><span style=\"color: #800080;\">ESPAIS AL WEB CRP<\/span><br \/>\n<\/span><\/strong><\/h6>\n<ul>\n<li>\n<h6><strong><a href=\"https:\/\/sites.google.com\/a\/xtec.cat\/crp-santacolomag\/mediateca\/cinema-i-educacio\" target=\"_blank\" rel=\"noopener noreferrer\">Cinema i educaci\u00f3<\/a><\/strong><br \/>\n<strong>Apartat de cinema de la nostra web.<\/strong><\/h6>\n<\/li>\n<li>\n<h6><strong><strong><strong><span style=\"font-size: 12pt;\"><a href=\"https:\/\/sites.google.com\/a\/xtec.cat\/crp-santacolomag\/mediateca\/cinema-i-educacio\/guies-didactiques-de-cinema-en-pdf\" target=\"_blank\" rel=\"noopener noreferrer\">Educaci\u00f3 art\u00edstica i g\u00e8neres cinematogr\u00e0fics<\/a><br \/>\n<\/span>Dossiers amb propostes per a treballar moviments art\u00edstics (Romanticisme, Realisme, Expressionisme i Surrealisme)\u00a0a trav\u00e9s de literatura, pintura i cinema.<\/strong><\/strong><\/strong><\/h6>\n<\/li>\n<\/ul>\n<div>\n<h6><strong><span style=\"font-family: helvetica, arial, sans-serif; color: #800080;\">EDUCACI\u00d3 MUSICAL<\/span><\/strong><\/h6>\n<ul>\n<li>\n<h6><strong><a href=\"http:\/\/www.edu365.cat\/primaria\/musica\/index.html\">Edu365-M\u00fasica<\/a><\/strong><\/h6>\n<\/li>\n<li>\n<h6><strong><a href=\"http:\/\/www.xtec.cat\/web\/recursos\/musica\" target=\"_blank\" rel=\"noopener noreferrer\">XTEC. Recursos&gt;M\u00fasica<\/a><\/strong><\/h6>\n<\/li>\n<li>\n<h6><strong><a href=\"http:\/\/xtec.gencat.cat\/ca\/recursos\/media\/radio\/\">XTEC R\u00e0dio<\/a> <\/strong><\/h6>\n<h6><strong>Projecte per fer de la r\u00e0dio un mitj\u00e0 de comunicaci\u00f3 dels centres educatius, entre els diferents centres i el seu entorn.<\/strong><\/h6>\n<\/li>\n<li>\n<h6><strong><a href=\"http:\/\/www.minimusics.com\/\">Minimusics<\/a><\/strong><\/h6>\n<h6><strong>Prejecte educatiu per fomentar l\u2019educaci\u00f3 musical primerenca en l\u2019entorn familiar i escolar.<\/strong><\/h6>\n<\/li>\n<li>\n<h6><strong><a href=\"http:\/\/ntic.educacion.es\/v5\/web\/profesores\/asignaturas\/area_educ_artist_musica\/\" target=\"_blank\" rel=\"nofollow noopener noreferrer\">Educaci\u00f3n Art\u00edstica: M\u00fasica <\/a><\/strong><\/h6>\n<h6><strong>Recursos per a tots els nivells de m\u00fasica de l&#8217;INTEF (institut nacional de tecnologies educatives i formaci\u00f3 del professorat) del Ministerio <span style=\"font-family: inherit; font-size: 1em;\">de Educaci\u00f3n.<\/span><\/strong><\/h6>\n<\/li>\n<li>\n<h6><a href=\"https:\/\/www.europeana.eu\/portal\/es\/collections\/music\"><b>Europeana Music<\/b><\/a><span style=\"font-weight: 400;\"><br \/>\n<\/span><strong>Inclou m\u00e9s de 250.000 gravacions musicals, partitures i instruments.\u00a0<\/strong><\/h6>\n<\/li>\n<\/ul>\n<h6><\/h6>\n<h6><\/h6>\n<\/div>\n","protected":false},"excerpt":{"rendered":"<p>\u00a0 \u00a0 XTEC Xtec educaci\u00f3 visual i pl\u00e0stica \u00a0Selecci\u00f3 de llocs web d&#8217;inter\u00e8s i repositoris d&#8217;unitats educatives Edu365 Visual i [&hellip;]<\/p>\n","protected":false},"author":7,"featured_media":0,"parent":0,"menu_order":0,"comment_status":"closed","ping_status":"closed","template":"","meta":{"_bbp_topic_count":0,"_bbp_reply_count":0,"_bbp_total_topic_count":0,"_bbp_total_reply_count":0,"_bbp_voice_count":0,"_bbp_anonymous_reply_count":0,"_bbp_topic_count_hidden":0,"_bbp_reply_count_hidden":0,"_bbp_forum_subforum_count":0,"site-sidebar-layout":"default","site-content-layout":"","ast-site-content-layout":"","site-content-style":"default","site-sidebar-style":"default","ast-global-header-display":"","ast-banner-title-visibility":"","ast-main-header-display":"","ast-hfb-above-header-display":"","ast-hfb-below-header-display":"","ast-hfb-mobile-header-display":"","site-post-title":"","ast-breadcrumbs-content":"","ast-featured-img":"","footer-sml-layout":"","theme-transparent-header-meta":"","adv-header-id-meta":"","stick-header-meta":"","header-above-stick-meta":"","header-main-stick-meta":"","header-below-stick-meta":"","astra-migrate-meta-layouts":"default","ast-page-background-enabled":"default","ast-page-background-meta":{"desktop":{"background-color":"var(--ast-global-color-4)","background-image":"","background-repeat":"repeat","background-position":"center center","background-size":"auto","background-attachment":"scroll","background-type":"","background-media":"","overlay-type":"","overlay-color":"","overlay-opacity":"","overlay-gradient":""},"tablet":{"background-color":"","background-image":"","background-repeat":"repeat","background-position":"center center","background-size":"auto","background-attachment":"scroll","background-type":"","background-media":"","overlay-type":"","overlay-color":"","overlay-opacity":"","overlay-gradient":""},"mobile":{"background-color":"","background-image":"","background-repeat":"repeat","background-position":"center center","background-size":"auto","background-attachment":"scroll","background-type":"","background-media":"","overlay-type":"","overlay-color":"","overlay-opacity":"","overlay-gradient":""}},"ast-content-background-meta":{"desktop":{"background-color":"var(--ast-global-color-5)","background-image":"","background-repeat":"repeat","background-position":"center center","background-size":"auto","background-attachment":"scroll","background-type":"","background-media":"","overlay-type":"","overlay-color":"","overlay-opacity":"","overlay-gradient":""},"tablet":{"background-color":"var(--ast-global-color-5)","background-image":"","background-repeat":"repeat","background-position":"center center","background-size":"auto","background-attachment":"scroll","background-type":"","background-media":"","overlay-type":"","overlay-color":"","overlay-opacity":"","overlay-gradient":""},"mobile":{"background-color":"var(--ast-global-color-5)","background-image":"","background-repeat":"repeat","background-position":"center center","background-size":"auto","background-attachment":"scroll","background-type":"","background-media":"","overlay-type":"","overlay-color":"","overlay-opacity":"","overlay-gradient":""}},"footnotes":""},"class_list":["post-10123","page","type-page","status-publish","hentry"],"post_mailing_queue_ids":[],"_links":{"self":[{"href":"https:\/\/serveiseducatius.xtec.cat\/santacolomag\/wp-json\/wp\/v2\/pages\/10123","targetHints":{"allow":["GET"]}}],"collection":[{"href":"https:\/\/serveiseducatius.xtec.cat\/santacolomag\/wp-json\/wp\/v2\/pages"}],"about":[{"href":"https:\/\/serveiseducatius.xtec.cat\/santacolomag\/wp-json\/wp\/v2\/types\/page"}],"author":[{"embeddable":true,"href":"https:\/\/serveiseducatius.xtec.cat\/santacolomag\/wp-json\/wp\/v2\/users\/7"}],"replies":[{"embeddable":true,"href":"https:\/\/serveiseducatius.xtec.cat\/santacolomag\/wp-json\/wp\/v2\/comments?post=10123"}],"version-history":[{"count":3,"href":"https:\/\/serveiseducatius.xtec.cat\/santacolomag\/wp-json\/wp\/v2\/pages\/10123\/revisions"}],"predecessor-version":[{"id":14211,"href":"https:\/\/serveiseducatius.xtec.cat\/santacolomag\/wp-json\/wp\/v2\/pages\/10123\/revisions\/14211"}],"wp:attachment":[{"href":"https:\/\/serveiseducatius.xtec.cat\/santacolomag\/wp-json\/wp\/v2\/media?parent=10123"}],"curies":[{"name":"wp","href":"https:\/\/api.w.org\/{rel}","templated":true}]}}