{"id":8816,"date":"2018-02-23T20:39:48","date_gmt":"2018-02-23T19:39:48","guid":{"rendered":"http:\/\/serveiseducatius.xtec.cat\/riberadebre\/?page_id=8816"},"modified":"2018-02-23T20:43:05","modified_gmt":"2018-02-23T19:43:05","slug":"cesire","status":"publish","type":"page","link":"https:\/\/serveiseducatius.xtec.cat\/riberadebre\/recursos\/cesire\/","title":{"rendered":"CESIRE"},"content":{"rendered":"<p>El <a title=\"CESIRE\" href=\"http:\/\/agora.xtec.cat\/cesire\/\" target=\"_blank\" rel=\"noopener noreferrer\">CESIRE<\/a> (Centre de Recursos Pedag\u00f2gics Espec\u00edfics de Suport a la Innovaci\u00f3 i la Recerca Educativa) \u00e9s un centre espec\u00edfic de suport a la innovaci\u00f3 i la recerca educativa.<\/p>\n<p><a href=\"http:\/\/xtec.gencat.cat\/ca\/innovacio\/cesire\/\" target=\"_blank\" rel=\"noopener noreferrer\">http:\/\/xtec.gencat.cat\/ca\/innovacio\/cesire\/<\/a><\/p>\n<div id=\"xtec_widget-2\" class=\"widget widget_xtec_widget\">\u00a0<img loading=\"lazy\" decoding=\"async\" id=\"logo_entity\" class=\"\" src=\"http:\/\/agora.xtec.cat\/cesire\/wp-content\/uploads\/usu397\/2015\/06\/cesire_c2.png\" width=\"74\" height=\"74\" \/><\/div>\n<div id=\"text-33\" class=\"widget widget_text\">\n<h4 class=\"widgettitle\">Espai d\u2019\u00e0mbits CESIRE<\/h4>\n<div class=\"textwidget\">\n<div align=\"center\">\n<table class=\"coolmenu\" border=\"0\" cellspacing=\"0\" cellpadding=\"2\" bgcolor=\"#C91600\">\n<tbody>\n<tr style=\"height: 33px;\">\n<td id=\"choice4\" style=\"height: 33px;\" align=\"center\"><strong><span style=\"color: #000000;\"><a style=\"color: #000000;\" href=\"http:\/\/agora.xtec.cat\/cesire\/categoria\/ambits\/artistic\/\">Art\u00edstic<\/a><\/span><\/strong><\/td>\n<\/tr>\n<tr style=\"height: 33px;\">\n<td id=\"choice1\" style=\"height: 33px;\" align=\"center\"><strong><span style=\"color: #000000;\"><a style=\"color: #000000;\" href=\"http:\/\/srvcnpbs.xtec.cat\/cdec\/\" target=\"_blank\" rel=\"noopener noreferrer\">Cient\u00edfic i medi<\/a><\/span><\/strong><\/td>\n<\/tr>\n<tr style=\"height: 33px;\">\n<td id=\"choice2\" style=\"height: 33px;\" align=\"center\"><strong><span style=\"color: #000000;\"><a style=\"color: #000000;\" href=\"http:\/\/srvcnpbs.xtec.cat\/cirel\/cirel\/\" target=\"_blank\" rel=\"noopener noreferrer\">Ling\u00fc\u00edstic<\/a><\/span><\/strong><\/td>\n<\/tr>\n<tr style=\"height: 33px;\">\n<td id=\"choice3\" style=\"height: 33px;\" align=\"center\"><strong><span style=\"color: #000000;\"><a style=\"color: #000000;\" href=\"http:\/\/srvcnpbs.xtec.cat\/creamat\/joomla\/\" target=\"_blank\" rel=\"noopener noreferrer\">Matem\u00e0tic<\/a><\/span><\/strong><\/td>\n<\/tr>\n<tr style=\"height: 33px;\">\n<td id=\"choice4\" style=\"height: 33px;\" align=\"center\"><strong><span style=\"color: #000000;\"><a style=\"color: #000000;\" href=\"https:\/\/sites.google.com\/site\/cerescesire\/\" target=\"_blank\" rel=\"noopener noreferrer\">Social i cultural<\/a><\/span><\/strong><\/td>\n<\/tr>\n<tr style=\"height: 33px;\">\n<td id=\"choice4\" style=\"height: 33px;\" align=\"center\"><strong><span style=\"color: #000000;\"><a style=\"color: #000000;\" href=\"https:\/\/sites.google.com\/a\/xtec.cat\/aulatec\/\" target=\"_blank\" rel=\"noopener noreferrer\">Tecnol\u00f2gic<\/a><\/span><\/strong><\/td>\n<\/tr>\n<tr style=\"height: 33px;\">\n<td id=\"boxdescription\" style=\"height: 33px;\"><strong><span style=\"color: #000000;\">\u00a0<\/span><\/strong><\/td>\n<\/tr>\n<\/tbody>\n<\/table>\n<p>&nbsp;<\/p>\n<\/div>\n<\/div>\n<\/div>\n","protected":false},"excerpt":{"rendered":"<p>El CESIRE (Centre de Recursos Pedag\u00f2gics Espec\u00edfics de Suport a la Innovaci\u00f3 i la Recerca Educativa) \u00e9s un centre espec\u00edfic de suport a la innovaci\u00f3 i la recerca educativa. http:\/\/xtec.gencat.cat\/ca\/innovacio\/cesire\/ \u00a0 Espai d\u2019\u00e0mbits CESIRE Art\u00edstic Cient\u00edfic i medi Ling\u00fc\u00edstic Matem\u00e0tic Social i cultural Tecnol\u00f2gic \u00a0 &nbsp;<\/p>\n","protected":false},"author":3,"featured_media":0,"parent":906,"menu_order":6,"comment_status":"closed","ping_status":"closed","template":"","meta":{"_bbp_topic_count":0,"_bbp_reply_count":0,"_bbp_total_topic_count":0,"_bbp_total_reply_count":0,"_bbp_voice_count":0,"_bbp_anonymous_reply_count":0,"_bbp_topic_count_hidden":0,"_bbp_reply_count_hidden":0,"_bbp_forum_subforum_count":0,"site-sidebar-layout":"default","site-content-layout":"","ast-site-content-layout":"","site-content-style":"default","site-sidebar-style":"default","ast-global-header-display":"","ast-banner-title-visibility":"","ast-main-header-display":"","ast-hfb-above-header-display":"","ast-hfb-below-header-display":"","ast-hfb-mobile-header-display":"","site-post-title":"","ast-breadcrumbs-content":"","ast-featured-img":"","footer-sml-layout":"","theme-transparent-header-meta":"","adv-header-id-meta":"","stick-header-meta":"","header-above-stick-meta":"","header-main-stick-meta":"","header-below-stick-meta":"","astra-migrate-meta-layouts":"default","ast-page-background-enabled":"default","ast-page-background-meta":{"desktop":{"background-color":"var(--ast-global-color-4)","background-image":"","background-repeat":"repeat","background-position":"center center","background-size":"auto","background-attachment":"scroll","background-type":"","background-media":"","overlay-type":"","overlay-color":"","overlay-opacity":"","overlay-gradient":""},"tablet":{"background-color":"","background-image":"","background-repeat":"repeat","background-position":"center center","background-size":"auto","background-attachment":"scroll","background-type":"","background-media":"","overlay-type":"","overlay-color":"","overlay-opacity":"","overlay-gradient":""},"mobile":{"background-color":"","background-image":"","background-repeat":"repeat","background-position":"center center","background-size":"auto","background-attachment":"scroll","background-type":"","background-media":"","overlay-type":"","overlay-color":"","overlay-opacity":"","overlay-gradient":""}},"ast-content-background-meta":{"desktop":{"background-color":"var(--ast-global-color-5)","background-image":"","background-repeat":"repeat","background-position":"center center","background-size":"auto","background-attachment":"scroll","background-type":"","background-media":"","overlay-type":"","overlay-color":"","overlay-opacity":"","overlay-gradient":""},"tablet":{"background-color":"var(--ast-global-color-5)","background-image":"","background-repeat":"repeat","background-position":"center center","background-size":"auto","background-attachment":"scroll","background-type":"","background-media":"","overlay-type":"","overlay-color":"","overlay-opacity":"","overlay-gradient":""},"mobile":{"background-color":"var(--ast-global-color-5)","background-image":"","background-repeat":"repeat","background-position":"center center","background-size":"auto","background-attachment":"scroll","background-type":"","background-media":"","overlay-type":"","overlay-color":"","overlay-opacity":"","overlay-gradient":""}},"footnotes":""},"class_list":["post-8816","page","type-page","status-publish","hentry"],"post_mailing_queue_ids":[],"_links":{"self":[{"href":"https:\/\/serveiseducatius.xtec.cat\/riberadebre\/wp-json\/wp\/v2\/pages\/8816","targetHints":{"allow":["GET"]}}],"collection":[{"href":"https:\/\/serveiseducatius.xtec.cat\/riberadebre\/wp-json\/wp\/v2\/pages"}],"about":[{"href":"https:\/\/serveiseducatius.xtec.cat\/riberadebre\/wp-json\/wp\/v2\/types\/page"}],"author":[{"embeddable":true,"href":"https:\/\/serveiseducatius.xtec.cat\/riberadebre\/wp-json\/wp\/v2\/users\/3"}],"replies":[{"embeddable":true,"href":"https:\/\/serveiseducatius.xtec.cat\/riberadebre\/wp-json\/wp\/v2\/comments?post=8816"}],"version-history":[{"count":3,"href":"https:\/\/serveiseducatius.xtec.cat\/riberadebre\/wp-json\/wp\/v2\/pages\/8816\/revisions"}],"predecessor-version":[{"id":8819,"href":"https:\/\/serveiseducatius.xtec.cat\/riberadebre\/wp-json\/wp\/v2\/pages\/8816\/revisions\/8819"}],"up":[{"embeddable":true,"href":"https:\/\/serveiseducatius.xtec.cat\/riberadebre\/wp-json\/wp\/v2\/pages\/906"}],"wp:attachment":[{"href":"https:\/\/serveiseducatius.xtec.cat\/riberadebre\/wp-json\/wp\/v2\/media?parent=8816"}],"curies":[{"name":"wp","href":"https:\/\/api.w.org\/{rel}","templated":true}]}}