{"id":797,"date":"2015-11-28T21:06:57","date_gmt":"2015-11-28T20:06:57","guid":{"rendered":"http:\/\/serveiseducatius.xtec.cat\/riberadebre\/?page_id=797"},"modified":"2025-02-10T10:29:05","modified_gmt":"2025-02-10T09:29:05","slug":"presentacio","status":"publish","type":"page","link":"https:\/\/serveiseducatius.xtec.cat\/riberadebre\/el-servei-educatiu\/presentacio\/","title":{"rendered":"Presentaci\u00f3"},"content":{"rendered":"<p>Els <strong>Serveis Educatius<\/strong> del Departament d&#8217;Educaci\u00f3 de la Generalitat de Catalunya, com a equip multiprofessional,\u00a0 donen suport i assessorament als centres educatius p\u00fablics i privats concertats de nivells educatius no universitaris.<\/p>\n<p>El Centre de Recursos Pedag\u00f2gics (CRP), l&#8217;Equip d&#8217;Assessorament i orientaci\u00f3 Psicopedag\u00f2gica (EAP) i l&#8217;Equip d&#8217;assessorament en Llengua i Cohesi\u00f3 social (ELIC) s\u00f3n els serveis educatius que intervenen en els centres docents d&#8217;una zona educativa espec\u00edfica, en el nostre cas, a la comarca i formen el <a href=\"http:\/\/xtec.gencat.cat\/ca\/serveis\/sez\/\"><strong>servei educatiu de zona<\/strong><\/a>.<\/p>\n<p>Es prioritza l&#8217;atenci\u00f3 als centres docents d&#8217;educaci\u00f3 obligat\u00f2ria, cobrint les necessitats educatives segons planificaci\u00f3 acordada amb el Servei Educatiu de la Ribera d&#8217;Ebre.<\/p>\n<p>L&#8217;\u00e0mbit d&#8217;actuaci\u00f3 del Servei Educatiu \u00e9s la comarca de la Ribera d&#8217;Ebre en coordinaci\u00f3 amb els Serveis Territorials d&#8217;Educaci\u00f3 de les Terres de l&#8217;Ebre i les xarxes educatives.<\/p>\n<p>A la seu del SE tamb\u00e9 hi ha el CREDA i es treballa en coordinaci\u00f3 amb els altres\u00a0 <a href=\"https:\/\/xtec.gencat.cat\/ca\/serveis\/see\/\">Serveis Educatius Espec\u00edfics<\/a>, segons necessitats de l&#8217;alumnat dels centres docents de la comarca.<\/p>\n<p><a href=\"http:\/\/serveiseducatius.xtec.cat\/riberadebre\/comunitat\/centres-educatius\/\" target=\"_blank\" rel=\"noopener noreferrer\">Centres de la zona.<\/a><\/p>\n<h4>Qui pot fer la demanda dels serveis?<\/h4>\n<ul>\n<li>Els centres, mitjan\u00e7ant els seus equips de direcci\u00f3.<\/li>\n<li>Col\u00b7lectius de docents, d\u2019especialitat, de nivell, d\u2019interessos, etc.<\/li>\n<li>Cada docent directament.<\/li>\n<li>Altres entitats o persones vinculades a l\u2019Educaci\u00f3 i als projectes educatius de la zona.<\/li>\n<\/ul>\n<h4>Com es fa la demanda?<\/h4>\n<p>Segons tipus de demanda cal contactar amb els professionals de cada servei educatiu.<\/p>\n<p>Trucant al tel\u00e8fon del <strong>977 40 28 60 Ext.1\u00a0<\/strong> o enviant un correu electr\u00f2nic a:\u00a0 <strong>e3990108@xtec.cat<\/strong><\/p>\n<p>Trucant al tel\u00e8fon <strong>977 40 28 60 Ext.2\u00a0 <\/strong>o per correu electr\u00f2nic : <strong>e3907122@xtec.cat<\/strong><\/p>\n<p>o al correu del\u00a0 Servei Educatiu de Zona de la Ribera d&#8217;Ebre si \u00e9s gen\u00e8rica o per algun altre equip : <strong>e3870803@xtec.cat<\/strong><\/p>\n<p><a href=\"https:\/\/serveiseducatius.xtec.cat\/riberadebre\/?p=16269\" target=\"_blank\" rel=\"noopener\">Consultar horari d&#8217;atenci\u00f3 al p\u00fablic amb servei obert a la seu<\/a> de M\u00f3ra d&#8217;Ebre, carrer dels Mestres, n\u00famero 5, planta baixa.<\/p>\n<h4>Pla anual del Servei Educatiu (SE) de la Ribera d&#8217;Ebre:<\/h4>\n<p>Els diferents serveis i professionals es coordinen per a portar a terme la planificaci\u00f3 anual acordada amb els diferents centres docents de la zona, dins l&#8217;\u00e0mbit del professorat, l&#8217;alumnat, les fam\u00edlies i l&#8217;entorn, seguint les directrius del Departament d&#8217;Educaci\u00f3 de la Generalitat de Catalunya, dins l&#8217;\u00e0mbit dels Serveis Territorials d&#8217;Educaci\u00f3 a les Terres de l&#8217;Ebre.<\/p>\n<p><a href=\"http:\/\/xtec.gencat.cat\/ca\/serveis\/\" target=\"_blank\" rel=\"noopener noreferrer\">Treball en xarxa amb els altres SE de Catalunya.<\/a><\/p>\n<p>Coordinaci\u00f3 amb entitats locals i comarcals com el <a href=\"http:\/\/www.riberaebre.org\/\" target=\"_blank\" rel=\"noopener noreferrer\">Consell Comarcal de la Ribera d&#8217;Ebre.<\/a><\/p>\n<p>Les prioritats del SEZ parteixen de cobrir les necessitats dels centres docents i els enc\u00e0rrecs del Departament, <a href=\"https:\/\/serveiseducatius.xtec.cat\/riberadebre\/el-servei-educatiu\/equip\/\">segons funcions i tasques de cada equip.<\/a><\/p>\n","protected":false},"excerpt":{"rendered":"<p>Els Serveis Educatius del Departament d&#8217;Educaci\u00f3 de la Generalitat de Catalunya, com a equip multiprofessional,\u00a0 donen suport i assessorament als centres educatius p\u00fablics i privats concertats de nivells educatius no universitaris. El Centre de Recursos Pedag\u00f2gics (CRP), l&#8217;Equip d&#8217;Assessorament i orientaci\u00f3 Psicopedag\u00f2gica (EAP) i l&#8217;Equip d&#8217;assessorament en Llengua i Cohesi\u00f3 social (ELIC) s\u00f3n els serveis [&hellip;]<\/p>\n","protected":false},"author":1,"featured_media":0,"parent":806,"menu_order":10,"comment_status":"closed","ping_status":"closed","template":"page-templates\/side-menu.php","meta":{"_bbp_topic_count":0,"_bbp_reply_count":0,"_bbp_total_topic_count":0,"_bbp_total_reply_count":0,"_bbp_voice_count":0,"_bbp_anonymous_reply_count":0,"_bbp_topic_count_hidden":0,"_bbp_reply_count_hidden":0,"_bbp_forum_subforum_count":0,"site-sidebar-layout":"default","site-content-layout":"","ast-site-content-layout":"","site-content-style":"default","site-sidebar-style":"default","ast-global-header-display":"","ast-banner-title-visibility":"","ast-main-header-display":"","ast-hfb-above-header-display":"","ast-hfb-below-header-display":"","ast-hfb-mobile-header-display":"","site-post-title":"","ast-breadcrumbs-content":"","ast-featured-img":"","footer-sml-layout":"","theme-transparent-header-meta":"","adv-header-id-meta":"","stick-header-meta":"","header-above-stick-meta":"","header-main-stick-meta":"","header-below-stick-meta":"","astra-migrate-meta-layouts":"default","ast-page-background-enabled":"default","ast-page-background-meta":{"desktop":{"background-color":"var(--ast-global-color-4)","background-image":"","background-repeat":"repeat","background-position":"center center","background-size":"auto","background-attachment":"scroll","background-type":"","background-media":"","overlay-type":"","overlay-color":"","overlay-opacity":"","overlay-gradient":""},"tablet":{"background-color":"","background-image":"","background-repeat":"repeat","background-position":"center center","background-size":"auto","background-attachment":"scroll","background-type":"","background-media":"","overlay-type":"","overlay-color":"","overlay-opacity":"","overlay-gradient":""},"mobile":{"background-color":"","background-image":"","background-repeat":"repeat","background-position":"center center","background-size":"auto","background-attachment":"scroll","background-type":"","background-media":"","overlay-type":"","overlay-color":"","overlay-opacity":"","overlay-gradient":""}},"ast-content-background-meta":{"desktop":{"background-color":"var(--ast-global-color-5)","background-image":"","background-repeat":"repeat","background-position":"center center","background-size":"auto","background-attachment":"scroll","background-type":"","background-media":"","overlay-type":"","overlay-color":"","overlay-opacity":"","overlay-gradient":""},"tablet":{"background-color":"var(--ast-global-color-5)","background-image":"","background-repeat":"repeat","background-position":"center center","background-size":"auto","background-attachment":"scroll","background-type":"","background-media":"","overlay-type":"","overlay-color":"","overlay-opacity":"","overlay-gradient":""},"mobile":{"background-color":"var(--ast-global-color-5)","background-image":"","background-repeat":"repeat","background-position":"center center","background-size":"auto","background-attachment":"scroll","background-type":"","background-media":"","overlay-type":"","overlay-color":"","overlay-opacity":"","overlay-gradient":""}},"footnotes":""},"class_list":["post-797","page","type-page","status-publish","hentry"],"post_mailing_queue_ids":[],"_links":{"self":[{"href":"https:\/\/serveiseducatius.xtec.cat\/riberadebre\/wp-json\/wp\/v2\/pages\/797","targetHints":{"allow":["GET"]}}],"collection":[{"href":"https:\/\/serveiseducatius.xtec.cat\/riberadebre\/wp-json\/wp\/v2\/pages"}],"about":[{"href":"https:\/\/serveiseducatius.xtec.cat\/riberadebre\/wp-json\/wp\/v2\/types\/page"}],"author":[{"embeddable":true,"href":"https:\/\/serveiseducatius.xtec.cat\/riberadebre\/wp-json\/wp\/v2\/users\/1"}],"replies":[{"embeddable":true,"href":"https:\/\/serveiseducatius.xtec.cat\/riberadebre\/wp-json\/wp\/v2\/comments?post=797"}],"version-history":[{"count":6,"href":"https:\/\/serveiseducatius.xtec.cat\/riberadebre\/wp-json\/wp\/v2\/pages\/797\/revisions"}],"predecessor-version":[{"id":20257,"href":"https:\/\/serveiseducatius.xtec.cat\/riberadebre\/wp-json\/wp\/v2\/pages\/797\/revisions\/20257"}],"up":[{"embeddable":true,"href":"https:\/\/serveiseducatius.xtec.cat\/riberadebre\/wp-json\/wp\/v2\/pages\/806"}],"wp:attachment":[{"href":"https:\/\/serveiseducatius.xtec.cat\/riberadebre\/wp-json\/wp\/v2\/media?parent=797"}],"curies":[{"name":"wp","href":"https:\/\/api.w.org\/{rel}","templated":true}]}}