{"id":608,"date":"2015-11-27T10:04:51","date_gmt":"2015-11-27T09:04:51","guid":{"rendered":"http:\/\/serveiseducatius.xtec.cat\/riberadebre\/?page_id=608"},"modified":"2025-10-23T09:17:25","modified_gmt":"2025-10-23T07:17:25","slug":"horari-i-calendari","status":"publish","type":"page","link":"https:\/\/serveiseducatius.xtec.cat\/riberadebre\/el-servei-educatiu\/horari-i-calendari\/","title":{"rendered":"Horari i calendari"},"content":{"rendered":"<p><strong>De dilluns a divendres al llarg del curs escolar servei obert a la seu en aquest horari:<\/strong><\/p>\n<ul>\n<li>Mat\u00ed: d&#8217;11\u202fh a 14\u202fh<\/li>\n<li>Tarda: de 15\u202fh a 17:15\u202fh excepte dimarts que \u00e9s de 15\u202fh a 18\u202fh <em>(tarda de divendres amb cita pr\u00e8via).<\/em><\/li>\n<\/ul>\n<p><strong>Horari intensiu, de 9\u202fh a 14\u202fh:\u00a0\u00a0<\/strong><\/p>\n<ul>\n<li>19 de desembre 2025<\/li>\n<li>Del 8 de juny al 15 de juliol de 2026<\/li>\n<\/ul>\n<p><strong>Es recomana cita pr\u00e8via per un millor servei.<\/strong><\/p>\n<p>El nostre servei educatiu romandr\u00e0 tancat al p\u00fablic els per\u00edodes de vacances escolars de Nadal i Pasqua i els dies de festes laborals oficials a Catalunya, a m\u00e9s dels dies de festa local de M\u00f3ra d&#8217;Ebre i de lliure disposici\u00f3 dels centres docents de la zona:<\/p>\n<ul>\n<li style=\"list-style-type: none;\">\n<ul style=\"list-style-type: square;\">\n<li><strong>1r trimestre:\u00a0<\/strong> 13 d&#8217;octubre, 3 de novembre i 5 de desembre de 2025<\/li>\n<li><strong>2n trimestre:<\/strong> St. Antoni 16 de gener (festa local M\u00f3ra d&#8217;Ebre) i 16 de febrer de 2026<\/li>\n<li><strong>3r trimestre:<\/strong> 30 d&#8217;abril de 2026<\/li>\n<\/ul>\n<\/li>\n<\/ul>\n<p>Per altre horari cal concertar cita per tel\u00e8fon al <strong>977402860<\/strong> (Ext 1 CRP, Ext 2 EAP, Ext 3 LIC).<\/p>\n<p>Prioritzeu les consultes per correu electr\u00f2nic per donar-vos millor resposta i seguiment.<\/p>\n<p><!--a=1--><\/p>\n<p><!--a=1--><\/p>\n","protected":false},"excerpt":{"rendered":"<p>De dilluns a divendres al llarg del curs escolar servei obert a la seu en aquest horari: Mat\u00ed: d&#8217;11\u202fh a 14\u202fh Tarda: de 15\u202fh a 17:15\u202fh excepte dimarts que \u00e9s de 15\u202fh a 18\u202fh (tarda de divendres amb cita pr\u00e8via). Horari intensiu, de 9\u202fh a 14\u202fh:\u00a0\u00a0 19 de desembre 2025 Del 8 de juny al [&hellip;]<\/p>\n","protected":false},"author":1,"featured_media":0,"parent":806,"menu_order":30,"comment_status":"closed","ping_status":"closed","template":"page-templates\/side-menu.php","meta":{"_bbp_topic_count":0,"_bbp_reply_count":0,"_bbp_total_topic_count":0,"_bbp_total_reply_count":0,"_bbp_voice_count":0,"_bbp_anonymous_reply_count":0,"_bbp_topic_count_hidden":0,"_bbp_reply_count_hidden":0,"_bbp_forum_subforum_count":0,"site-sidebar-layout":"default","site-content-layout":"","ast-site-content-layout":"","site-content-style":"default","site-sidebar-style":"default","ast-global-header-display":"","ast-banner-title-visibility":"","ast-main-header-display":"","ast-hfb-above-header-display":"","ast-hfb-below-header-display":"","ast-hfb-mobile-header-display":"","site-post-title":"","ast-breadcrumbs-content":"","ast-featured-img":"","footer-sml-layout":"","theme-transparent-header-meta":"","adv-header-id-meta":"","stick-header-meta":"","header-above-stick-meta":"","header-main-stick-meta":"","header-below-stick-meta":"","astra-migrate-meta-layouts":"default","ast-page-background-enabled":"default","ast-page-background-meta":{"desktop":{"background-color":"var(--ast-global-color-4)","background-image":"","background-repeat":"repeat","background-position":"center center","background-size":"auto","background-attachment":"scroll","background-type":"","background-media":"","overlay-type":"","overlay-color":"","overlay-opacity":"","overlay-gradient":""},"tablet":{"background-color":"","background-image":"","background-repeat":"repeat","background-position":"center center","background-size":"auto","background-attachment":"scroll","background-type":"","background-media":"","overlay-type":"","overlay-color":"","overlay-opacity":"","overlay-gradient":""},"mobile":{"background-color":"","background-image":"","background-repeat":"repeat","background-position":"center center","background-size":"auto","background-attachment":"scroll","background-type":"","background-media":"","overlay-type":"","overlay-color":"","overlay-opacity":"","overlay-gradient":""}},"ast-content-background-meta":{"desktop":{"background-color":"var(--ast-global-color-5)","background-image":"","background-repeat":"repeat","background-position":"center center","background-size":"auto","background-attachment":"scroll","background-type":"","background-media":"","overlay-type":"","overlay-color":"","overlay-opacity":"","overlay-gradient":""},"tablet":{"background-color":"var(--ast-global-color-5)","background-image":"","background-repeat":"repeat","background-position":"center center","background-size":"auto","background-attachment":"scroll","background-type":"","background-media":"","overlay-type":"","overlay-color":"","overlay-opacity":"","overlay-gradient":""},"mobile":{"background-color":"var(--ast-global-color-5)","background-image":"","background-repeat":"repeat","background-position":"center center","background-size":"auto","background-attachment":"scroll","background-type":"","background-media":"","overlay-type":"","overlay-color":"","overlay-opacity":"","overlay-gradient":""}},"footnotes":""},"class_list":["post-608","page","type-page","status-publish","hentry"],"post_mailing_queue_ids":[],"_links":{"self":[{"href":"https:\/\/serveiseducatius.xtec.cat\/riberadebre\/wp-json\/wp\/v2\/pages\/608","targetHints":{"allow":["GET"]}}],"collection":[{"href":"https:\/\/serveiseducatius.xtec.cat\/riberadebre\/wp-json\/wp\/v2\/pages"}],"about":[{"href":"https:\/\/serveiseducatius.xtec.cat\/riberadebre\/wp-json\/wp\/v2\/types\/page"}],"author":[{"embeddable":true,"href":"https:\/\/serveiseducatius.xtec.cat\/riberadebre\/wp-json\/wp\/v2\/users\/1"}],"replies":[{"embeddable":true,"href":"https:\/\/serveiseducatius.xtec.cat\/riberadebre\/wp-json\/wp\/v2\/comments?post=608"}],"version-history":[{"count":7,"href":"https:\/\/serveiseducatius.xtec.cat\/riberadebre\/wp-json\/wp\/v2\/pages\/608\/revisions"}],"predecessor-version":[{"id":21411,"href":"https:\/\/serveiseducatius.xtec.cat\/riberadebre\/wp-json\/wp\/v2\/pages\/608\/revisions\/21411"}],"up":[{"embeddable":true,"href":"https:\/\/serveiseducatius.xtec.cat\/riberadebre\/wp-json\/wp\/v2\/pages\/806"}],"wp:attachment":[{"href":"https:\/\/serveiseducatius.xtec.cat\/riberadebre\/wp-json\/wp\/v2\/media?parent=608"}],"curies":[{"name":"wp","href":"https:\/\/api.w.org\/{rel}","templated":true}]}}

<p><strong>De dilluns a divendres al llarg del curs escolar servei obert a la seu en aquest horari:</strong></p>
<ul>
<li>Matí: d&#8217;11 h a 14 h</li>
<li>Tarda: de 15 h a 17:15 h excepte dimarts que és de 15 h a 18 h <em>(tarda de divendres amb cita prèvia).</em></li>
</ul>
<p><strong>Horari intensiu, de 9 h a 14 h:  </strong></p>
<ul>
<li>19 de desembre 2025</li>
<li>Del 8 de juny al 15 de juliol de 2026</li>
</ul>
<p><strong>Es recomana cita prèvia per un millor servei.</strong></p>
<p>El nostre servei educatiu romandrà tancat al públic els períodes de vacances escolars de Nadal i Pasqua i els dies de festes laborals oficials a Catalunya, a més dels dies de festa local de Móra d&#8217;Ebre i de lliure disposició dels centres docents de la zona:</p>
<ul>
<li style="list-style-type: none;">
<ul style="list-style-type: square;">
<li><strong>1r trimestre: </strong> 13 d&#8217;octubre, 3 de novembre i 5 de desembre de 2025</li>
<li><strong>2n trimestre:</strong> St. Antoni 16 de gener (festa local Móra d&#8217;Ebre) i 16 de febrer de 2026</li>
<li><strong>3r trimestre:</strong> 30 d&#8217;abril de 2026</li>
</ul>
</li>
</ul>
<p>Per altre horari cal concertar cita per telèfon al <strong>977402860</strong> (Ext 1 CRP, Ext 2 EAP, Ext 3 LIC).</p>
<p>Prioritzeu les consultes per correu electrònic per donar-vos millor resposta i seguiment.</p>
<p><!--a=1--></p>
<p><!--a=1--></p>

<p>De dilluns a divendres al llarg del curs escolar servei obert a la seu en aquest horari: Matí: d&#8217;11 h a 14 h Tarda: de 15 h a 17:15 h excepte dimarts que és de 15 h a 18 h (tarda de divendres amb cita prèvia). Horari intensiu, de 9 h a 14 h:   19 de desembre 2025 Del 8 de juny al [&hellip;]</p>
