{"id":8960,"date":"2026-03-16T13:46:19","date_gmt":"2026-03-16T12:46:19","guid":{"rendered":"https:\/\/serveiseducatius.xtec.cat\/pladelestany\/?page_id=8960"},"modified":"2026-03-16T13:46:19","modified_gmt":"2026-03-16T12:46:19","slug":"lectura-en-veu-alta","status":"publish","type":"page","link":"https:\/\/serveiseducatius.xtec.cat\/pladelestany\/les-nostres-activitats\/seminaris\/dinamitzacio-biblioteques-escolars\/lectura-en-veu-alta\/","title":{"rendered":"Lectura en veu alta"},"content":{"rendered":"\n<p>.<\/p>\n\n\n        <div class=\"wp-block-getwid-custom-post-type custom-post-type-post has-layout-list\">\n            <div class=\"wp-block-getwid-custom-post-type__wrapper\">\n                \t\t\t\t\t\t\t\t<div class='wp-block-getwid-custom-post-type__post'>\n\t\t\t\t\t\t\t\t\t\n<div class=\"wp-block-getwid-custom-post-type__post-wrapper\">\n            <div class=\"wp-block-getwid-custom-post-type__post-thumbnail\">\n            <a href=\"https:\/\/serveiseducatius.xtec.cat\/pladelestany\/portada\/tallers-lectura-en-veu-alta\/\"><img loading=\"lazy\" decoding=\"async\" width=\"2000\" height=\"2000\" src=\"https:\/\/serveiseducatius.xtec.cat\/pladelestany\/wp-content\/uploads\/usu771\/2025\/10\/Imatges-destacades-articles-27.png\" class=\"attachment-post-thumbnail size-post-thumbnail wp-post-image\" alt=\"\" srcset=\"https:\/\/serveiseducatius.xtec.cat\/pladelestany\/wp-content\/uploads\/usu771\/2025\/10\/Imatges-destacades-articles-27.png 2000w, https:\/\/serveiseducatius.xtec.cat\/pladelestany\/wp-content\/uploads\/usu771\/2025\/10\/Imatges-destacades-articles-27-300x300.png 300w, https:\/\/serveiseducatius.xtec.cat\/pladelestany\/wp-content\/uploads\/usu771\/2025\/10\/Imatges-destacades-articles-27-1024x1024.png 1024w, https:\/\/serveiseducatius.xtec.cat\/pladelestany\/wp-content\/uploads\/usu771\/2025\/10\/Imatges-destacades-articles-27-150x150.png 150w, https:\/\/serveiseducatius.xtec.cat\/pladelestany\/wp-content\/uploads\/usu771\/2025\/10\/Imatges-destacades-articles-27-768x768.png 768w, https:\/\/serveiseducatius.xtec.cat\/pladelestany\/wp-content\/uploads\/usu771\/2025\/10\/Imatges-destacades-articles-27-1536x1536.png 1536w\" sizes=\"auto, (max-width: 2000px) 100vw, 2000px\" \/><\/a>\n        <\/div>\n        <div class=\"wp-block-getwid-custom-post-type__content-wrapper\">\n        <div class=\"wp-block-getwid-custom-post-type__post-header\">\n            <h3 class=\"wp-block-getwid-custom-post-type__post-title\"><a href=\"https:\/\/serveiseducatius.xtec.cat\/pladelestany\/portada\/tallers-lectura-en-veu-alta\/\">Tallers &#8216;Lectura en veu alta&#8217;<\/a><\/h3>        <\/div>\n        <div class=\"wp-block-getwid-custom-post-type__post-excerpt \"><p>Formaci\u00f3\u00a0Tallers de lectura en veu alta\u00a0per als docents inscrits en el Certamen de Lectura en Veu Alta 2026, organitzada pel\u00a0Departament [&hellip;]<\/p>\n<\/div>\n    <\/div>\n<\/div>\n\t\t\t\t\t\t\t\t<\/div>\n\t\t\t\t\t\t\t\t\t\t\t\t\t\t\t<div class='wp-block-getwid-custom-post-type__post'>\n\t\t\t\t\t\t\t\t\t\n<div class=\"wp-block-getwid-custom-post-type__post-wrapper\">\n            <div class=\"wp-block-getwid-custom-post-type__post-thumbnail\">\n            <a href=\"https:\/\/serveiseducatius.xtec.cat\/pladelestany\/portada\/certamen-de-lectura-en-veu-alta-25-26\/\"><img loading=\"lazy\" decoding=\"async\" width=\"2000\" height=\"2000\" src=\"https:\/\/serveiseducatius.xtec.cat\/pladelestany\/wp-content\/uploads\/usu771\/2025\/10\/Imatges-destacades-articles-27.png\" class=\"attachment-post-thumbnail size-post-thumbnail wp-post-image\" alt=\"\" srcset=\"https:\/\/serveiseducatius.xtec.cat\/pladelestany\/wp-content\/uploads\/usu771\/2025\/10\/Imatges-destacades-articles-27.png 2000w, https:\/\/serveiseducatius.xtec.cat\/pladelestany\/wp-content\/uploads\/usu771\/2025\/10\/Imatges-destacades-articles-27-300x300.png 300w, https:\/\/serveiseducatius.xtec.cat\/pladelestany\/wp-content\/uploads\/usu771\/2025\/10\/Imatges-destacades-articles-27-1024x1024.png 1024w, https:\/\/serveiseducatius.xtec.cat\/pladelestany\/wp-content\/uploads\/usu771\/2025\/10\/Imatges-destacades-articles-27-150x150.png 150w, https:\/\/serveiseducatius.xtec.cat\/pladelestany\/wp-content\/uploads\/usu771\/2025\/10\/Imatges-destacades-articles-27-768x768.png 768w, https:\/\/serveiseducatius.xtec.cat\/pladelestany\/wp-content\/uploads\/usu771\/2025\/10\/Imatges-destacades-articles-27-1536x1536.png 1536w\" sizes=\"auto, (max-width: 2000px) 100vw, 2000px\" \/><\/a>\n        <\/div>\n        <div class=\"wp-block-getwid-custom-post-type__content-wrapper\">\n        <div class=\"wp-block-getwid-custom-post-type__post-header\">\n            <h3 class=\"wp-block-getwid-custom-post-type__post-title\"><a href=\"https:\/\/serveiseducatius.xtec.cat\/pladelestany\/portada\/certamen-de-lectura-en-veu-alta-25-26\/\">Certamen de lectura en veu alta 25-26<\/a><\/h3>        <\/div>\n        <div class=\"wp-block-getwid-custom-post-type__post-excerpt \"><p>El Certamen Nacional Infantil i Juvenil de Lectura en Veu Alta \u00e9s una iniciativa de la Fundaci\u00f3 Enciclop\u00e8dia Catalana, l\u2019entitat [&hellip;]<\/p>\n<\/div>\n    <\/div>\n<\/div>\n\t\t\t\t\t\t\t\t<\/div>\n\t\t\t\t\t\t\t\t\t\t\t\t\t\t\t<div class='wp-block-getwid-custom-post-type__post'>\n\t\t\t\t\t\t\t\t\t\n<div class=\"wp-block-getwid-custom-post-type__post-wrapper\">\n            <div class=\"wp-block-getwid-custom-post-type__post-thumbnail\">\n            <a href=\"https:\/\/serveiseducatius.xtec.cat\/pladelestany\/portada\/certamen-de-lectura-en-veu-alta-24-25\/\"><img loading=\"lazy\" decoding=\"async\" width=\"399\" height=\"126\" src=\"https:\/\/serveiseducatius.xtec.cat\/pladelestany\/wp-content\/uploads\/usu771\/2024\/09\/veu-alta.png\" class=\"attachment-post-thumbnail size-post-thumbnail wp-post-image\" alt=\"\" srcset=\"https:\/\/serveiseducatius.xtec.cat\/pladelestany\/wp-content\/uploads\/usu771\/2024\/09\/veu-alta.png 399w, https:\/\/serveiseducatius.xtec.cat\/pladelestany\/wp-content\/uploads\/usu771\/2024\/09\/veu-alta-300x95.png 300w\" sizes=\"auto, (max-width: 399px) 100vw, 399px\" \/><\/a>\n        <\/div>\n        <div class=\"wp-block-getwid-custom-post-type__content-wrapper\">\n        <div class=\"wp-block-getwid-custom-post-type__post-header\">\n            <h3 class=\"wp-block-getwid-custom-post-type__post-title\"><a href=\"https:\/\/serveiseducatius.xtec.cat\/pladelestany\/portada\/certamen-de-lectura-en-veu-alta-24-25\/\">Certamen de lectura en veu alta 24-25<\/a><\/h3>        <\/div>\n        <div class=\"wp-block-getwid-custom-post-type__post-excerpt \"><p>El Certamen Nacional Infantil i Juvenil de Lectura en Veu Alta \u00e9s una iniciativa de la Fundaci\u00f3 Enciclop\u00e8dia Catalana, l\u2019entitat [&hellip;]<\/p>\n<\/div>\n    <\/div>\n<\/div>\n\t\t\t\t\t\t\t\t<\/div>\n\t\t\t\t\t\t\t\t\t\t\t\t\t\t\t<div class='wp-block-getwid-custom-post-type__post'>\n\t\t\t\t\t\t\t\t\t\n<div class=\"wp-block-getwid-custom-post-type__post-wrapper\">\n            <div class=\"wp-block-getwid-custom-post-type__post-thumbnail\">\n            <a href=\"https:\/\/serveiseducatius.xtec.cat\/pladelestany\/portada\/publicacio-dels-videos-de-la-4a-edicio-del-club-de-booktubers\/\"><img loading=\"lazy\" decoding=\"async\" width=\"258\" height=\"238\" src=\"https:\/\/serveiseducatius.xtec.cat\/pladelestany\/wp-content\/uploads\/usu771\/2024\/04\/booktubers.png\" class=\"attachment-post-thumbnail size-post-thumbnail wp-post-image\" alt=\"\" \/><\/a>\n        <\/div>\n        <div class=\"wp-block-getwid-custom-post-type__content-wrapper\">\n        <div class=\"wp-block-getwid-custom-post-type__post-header\">\n            <h3 class=\"wp-block-getwid-custom-post-type__post-title\"><a href=\"https:\/\/serveiseducatius.xtec.cat\/pladelestany\/portada\/publicacio-dels-videos-de-la-4a-edicio-del-club-de-booktubers\/\">Publicaci\u00f3 dels v\u00eddeos de la 4a edici\u00f3 del Club de Booktubers<\/a><\/h3>        <\/div>\n        <div class=\"wp-block-getwid-custom-post-type__post-excerpt \"><p>Bona diada de Sant Jordi! Des d&#8217;avui, ja podeu accedir als nous v\u00eddeos publicats de la 4a edici\u00f3 del Club [&hellip;]<\/p>\n<\/div>\n    <\/div>\n<\/div>\n\t\t\t\t\t\t\t\t<\/div>\n\t\t\t\t\t\t\t\t\t\t\t\t\t\t\t<div class='wp-block-getwid-custom-post-type__post'>\n\t\t\t\t\t\t\t\t\t\n<div class=\"wp-block-getwid-custom-post-type__post-wrapper\">\n            <div class=\"wp-block-getwid-custom-post-type__post-thumbnail\">\n            <a href=\"https:\/\/serveiseducatius.xtec.cat\/pladelestany\/dinamitzacio\/jocs-florals\/dinamitzacions-lectores-propostes-mes-enlla-de-la-lectura\/\"><img loading=\"lazy\" decoding=\"async\" width=\"2048\" height=\"1748\" src=\"https:\/\/serveiseducatius.xtec.cat\/pladelestany\/wp-content\/uploads\/usu771\/2024\/02\/dibuix-parts-llibre.jpg\" class=\"attachment-post-thumbnail size-post-thumbnail wp-post-image\" alt=\"\" srcset=\"https:\/\/serveiseducatius.xtec.cat\/pladelestany\/wp-content\/uploads\/usu771\/2024\/02\/dibuix-parts-llibre.jpg 2048w, https:\/\/serveiseducatius.xtec.cat\/pladelestany\/wp-content\/uploads\/usu771\/2024\/02\/dibuix-parts-llibre-300x256.jpg 300w, https:\/\/serveiseducatius.xtec.cat\/pladelestany\/wp-content\/uploads\/usu771\/2024\/02\/dibuix-parts-llibre-1024x874.jpg 1024w, https:\/\/serveiseducatius.xtec.cat\/pladelestany\/wp-content\/uploads\/usu771\/2024\/02\/dibuix-parts-llibre-768x656.jpg 768w, https:\/\/serveiseducatius.xtec.cat\/pladelestany\/wp-content\/uploads\/usu771\/2024\/02\/dibuix-parts-llibre-1536x1311.jpg 1536w\" sizes=\"auto, (max-width: 2048px) 100vw, 2048px\" \/><\/a>\n        <\/div>\n        <div class=\"wp-block-getwid-custom-post-type__content-wrapper\">\n        <div class=\"wp-block-getwid-custom-post-type__post-header\">\n            <h3 class=\"wp-block-getwid-custom-post-type__post-title\"><a href=\"https:\/\/serveiseducatius.xtec.cat\/pladelestany\/dinamitzacio\/jocs-florals\/dinamitzacions-lectores-propostes-mes-enlla-de-la-lectura\/\">Dinamitzacions lectores: propostes m\u00e9s enll\u00e0 de la lectura<\/a><\/h3>        <\/div>\n        <div class=\"wp-block-getwid-custom-post-type__post-excerpt \"><p>Dins les activitats que es realitzen al seminari de Dinamitzaci\u00f3 de les Biblioteques Escolars, hi ha compartit experi\u00e8ncies i din\u00e0miques [&hellip;]<\/p>\n<\/div>\n    <\/div>\n<\/div>\n\t\t\t\t\t\t\t\t<\/div>\n\t\t\t\t\t\t\t            <\/div>\n\n                    <\/div>\n        ","protected":false},"excerpt":{"rendered":"<p>.<\/p>\n","protected":false},"author":1,"featured_media":0,"parent":6303,"menu_order":0,"comment_status":"closed","ping_status":"close","template":"","meta":{"site-sidebar-layout":"default","site-content-layout":"","ast-site-content-layout":"default","site-content-style":"default","site-sidebar-style":"default","ast-global-header-display":"","ast-banner-title-visibility":"","ast-main-header-display":"","ast-hfb-above-header-display":"","ast-hfb-below-header-display":"","ast-hfb-mobile-header-display":"","site-post-title":"","ast-breadcrumbs-content":"","ast-featured-img":"","footer-sml-layout":"","theme-transparent-header-meta":"","adv-header-id-meta":"","stick-header-meta":"","header-above-stick-meta":"","header-main-stick-meta":"","header-below-stick-meta":"","astra-migrate-meta-layouts":"set","ast-page-background-enabled":"default","ast-page-background-meta":{"desktop":{"background-color":"var(--ast-global-color-4)","background-image":"","background-repeat":"repeat","background-position":"center center","background-size":"auto","background-attachment":"scroll","background-type":"","background-media":"","overlay-type":"","overlay-color":"","overlay-opacity":"","overlay-gradient":""},"tablet":{"background-color":"","background-image":"","background-repeat":"repeat","background-position":"center center","background-size":"auto","background-attachment":"scroll","background-type":"","background-media":"","overlay-type":"","overlay-color":"","overlay-opacity":"","overlay-gradient":""},"mobile":{"background-color":"","background-image":"","background-repeat":"repeat","background-position":"center center","background-size":"auto","background-attachment":"scroll","background-type":"","background-media":"","overlay-type":"","overlay-color":"","overlay-opacity":"","overlay-gradient":""}},"ast-content-background-meta":{"desktop":{"background-color":"var(--ast-global-color-5)","background-image":"","background-repeat":"repeat","background-position":"center center","background-size":"auto","background-attachment":"scroll","background-type":"","background-media":"","overlay-type":"","overlay-color":"","overlay-opacity":"","overlay-gradient":""},"tablet":{"background-color":"var(--ast-global-color-5)","background-image":"","background-repeat":"repeat","background-position":"center center","background-size":"auto","background-attachment":"scroll","background-type":"","background-media":"","overlay-type":"","overlay-color":"","overlay-opacity":"","overlay-gradient":""},"mobile":{"background-color":"var(--ast-global-color-5)","background-image":"","background-repeat":"repeat","background-position":"center center","background-size":"auto","background-attachment":"scroll","background-type":"","background-media":"","overlay-type":"","overlay-color":"","overlay-opacity":"","overlay-gradient":""}},"footnotes":""},"class_list":["post-8960","page","type-page","status-publish","hentry"],"post_mailing_queue_ids":[],"_links":{"self":[{"href":"https:\/\/serveiseducatius.xtec.cat\/pladelestany\/wp-json\/wp\/v2\/pages\/8960","targetHints":{"allow":["GET"]}}],"collection":[{"href":"https:\/\/serveiseducatius.xtec.cat\/pladelestany\/wp-json\/wp\/v2\/pages"}],"about":[{"href":"https:\/\/serveiseducatius.xtec.cat\/pladelestany\/wp-json\/wp\/v2\/types\/page"}],"author":[{"embeddable":true,"href":"https:\/\/serveiseducatius.xtec.cat\/pladelestany\/wp-json\/wp\/v2\/users\/1"}],"replies":[{"embeddable":true,"href":"https:\/\/serveiseducatius.xtec.cat\/pladelestany\/wp-json\/wp\/v2\/comments?post=8960"}],"version-history":[{"count":1,"href":"https:\/\/serveiseducatius.xtec.cat\/pladelestany\/wp-json\/wp\/v2\/pages\/8960\/revisions"}],"predecessor-version":[{"id":8961,"href":"https:\/\/serveiseducatius.xtec.cat\/pladelestany\/wp-json\/wp\/v2\/pages\/8960\/revisions\/8961"}],"up":[{"embeddable":true,"href":"https:\/\/serveiseducatius.xtec.cat\/pladelestany\/wp-json\/wp\/v2\/pages\/6303"}],"wp:attachment":[{"href":"https:\/\/serveiseducatius.xtec.cat\/pladelestany\/wp-json\/wp\/v2\/media?parent=8960"}],"curies":[{"name":"wp","href":"https:\/\/api.w.org\/{rel}","templated":true}]}}

<p>.</p>


        <div class="wp-block-getwid-custom-post-type custom-post-type-post has-layout-list">
            <div class="wp-block-getwid-custom-post-type__wrapper">
                								<div class='wp-block-getwid-custom-post-type__post'>
									
<div class="wp-block-getwid-custom-post-type__post-wrapper">
            <div class="wp-block-getwid-custom-post-type__post-thumbnail">
            <a href="https://serveiseducatius.xtec.cat/pladelestany/portada/tallers-lectura-en-veu-alta/"><img loading="lazy" decoding="async" width="2000" height="2000" src="https://serveiseducatius.xtec.cat/pladelestany/wp-content/uploads/usu771/2025/10/Imatges-destacades-articles-27.png" class="attachment-post-thumbnail size-post-thumbnail wp-post-image" alt="" srcset="https://serveiseducatius.xtec.cat/pladelestany/wp-content/uploads/usu771/2025/10/Imatges-destacades-articles-27.png 2000w, https://serveiseducatius.xtec.cat/pladelestany/wp-content/uploads/usu771/2025/10/Imatges-destacades-articles-27-300x300.png 300w, https://serveiseducatius.xtec.cat/pladelestany/wp-content/uploads/usu771/2025/10/Imatges-destacades-articles-27-1024x1024.png 1024w, https://serveiseducatius.xtec.cat/pladelestany/wp-content/uploads/usu771/2025/10/Imatges-destacades-articles-27-150x150.png 150w, https://serveiseducatius.xtec.cat/pladelestany/wp-content/uploads/usu771/2025/10/Imatges-destacades-articles-27-768x768.png 768w, https://serveiseducatius.xtec.cat/pladelestany/wp-content/uploads/usu771/2025/10/Imatges-destacades-articles-27-1536x1536.png 1536w" sizes="auto, (max-width: 2000px) 100vw, 2000px" /></a>
        </div>
        <div class="wp-block-getwid-custom-post-type__content-wrapper">
        <div class="wp-block-getwid-custom-post-type__post-header">
            <h3 class="wp-block-getwid-custom-post-type__post-title"><a href="https://serveiseducatius.xtec.cat/pladelestany/portada/tallers-lectura-en-veu-alta/">Tallers &#8216;Lectura en veu alta&#8217;</a></h3>        </div>
        <div class="wp-block-getwid-custom-post-type__post-excerpt "><p>Formació Tallers de lectura en veu alta per als docents inscrits en el Certamen de Lectura en Veu Alta 2026, organitzada pel Departament [&hellip;]</p>
</div>
    </div>
</div>
								</div>
															<div class='wp-block-getwid-custom-post-type__post'>
									
<div class="wp-block-getwid-custom-post-type__post-wrapper">
            <div class="wp-block-getwid-custom-post-type__post-thumbnail">
            <a href="https://serveiseducatius.xtec.cat/pladelestany/portada/certamen-de-lectura-en-veu-alta-25-26/"><img loading="lazy" decoding="async" width="2000" height="2000" src="https://serveiseducatius.xtec.cat/pladelestany/wp-content/uploads/usu771/2025/10/Imatges-destacades-articles-27.png" class="attachment-post-thumbnail size-post-thumbnail wp-post-image" alt="" srcset="https://serveiseducatius.xtec.cat/pladelestany/wp-content/uploads/usu771/2025/10/Imatges-destacades-articles-27.png 2000w, https://serveiseducatius.xtec.cat/pladelestany/wp-content/uploads/usu771/2025/10/Imatges-destacades-articles-27-300x300.png 300w, https://serveiseducatius.xtec.cat/pladelestany/wp-content/uploads/usu771/2025/10/Imatges-destacades-articles-27-1024x1024.png 1024w, https://serveiseducatius.xtec.cat/pladelestany/wp-content/uploads/usu771/2025/10/Imatges-destacades-articles-27-150x150.png 150w, https://serveiseducatius.xtec.cat/pladelestany/wp-content/uploads/usu771/2025/10/Imatges-destacades-articles-27-768x768.png 768w, https://serveiseducatius.xtec.cat/pladelestany/wp-content/uploads/usu771/2025/10/Imatges-destacades-articles-27-1536x1536.png 1536w" sizes="auto, (max-width: 2000px) 100vw, 2000px" /></a>
        </div>
        <div class="wp-block-getwid-custom-post-type__content-wrapper">
        <div class="wp-block-getwid-custom-post-type__post-header">
            <h3 class="wp-block-getwid-custom-post-type__post-title"><a href="https://serveiseducatius.xtec.cat/pladelestany/portada/certamen-de-lectura-en-veu-alta-25-26/">Certamen de lectura en veu alta 25-26</a></h3>        </div>
        <div class="wp-block-getwid-custom-post-type__post-excerpt "><p>El Certamen Nacional Infantil i Juvenil de Lectura en Veu Alta és una iniciativa de la Fundació Enciclopèdia Catalana, l’entitat [&hellip;]</p>
</div>
    </div>
</div>
								</div>
															<div class='wp-block-getwid-custom-post-type__post'>
									
<div class="wp-block-getwid-custom-post-type__post-wrapper">
            <div class="wp-block-getwid-custom-post-type__post-thumbnail">
            <a href="https://serveiseducatius.xtec.cat/pladelestany/portada/certamen-de-lectura-en-veu-alta-24-25/"><img loading="lazy" decoding="async" width="399" height="126" src="https://serveiseducatius.xtec.cat/pladelestany/wp-content/uploads/usu771/2024/09/veu-alta.png" class="attachment-post-thumbnail size-post-thumbnail wp-post-image" alt="" srcset="https://serveiseducatius.xtec.cat/pladelestany/wp-content/uploads/usu771/2024/09/veu-alta.png 399w, https://serveiseducatius.xtec.cat/pladelestany/wp-content/uploads/usu771/2024/09/veu-alta-300x95.png 300w" sizes="auto, (max-width: 399px) 100vw, 399px" /></a>
        </div>
        <div class="wp-block-getwid-custom-post-type__content-wrapper">
        <div class="wp-block-getwid-custom-post-type__post-header">
            <h3 class="wp-block-getwid-custom-post-type__post-title"><a href="https://serveiseducatius.xtec.cat/pladelestany/portada/certamen-de-lectura-en-veu-alta-24-25/">Certamen de lectura en veu alta 24-25</a></h3>        </div>
        <div class="wp-block-getwid-custom-post-type__post-excerpt "><p>El Certamen Nacional Infantil i Juvenil de Lectura en Veu Alta és una iniciativa de la Fundació Enciclopèdia Catalana, l’entitat [&hellip;]</p>
</div>
    </div>
</div>
								</div>
															<div class='wp-block-getwid-custom-post-type__post'>
									
<div class="wp-block-getwid-custom-post-type__post-wrapper">
            <div class="wp-block-getwid-custom-post-type__post-thumbnail">
            <a href="https://serveiseducatius.xtec.cat/pladelestany/portada/publicacio-dels-videos-de-la-4a-edicio-del-club-de-booktubers/"><img loading="lazy" decoding="async" width="258" height="238" src="https://serveiseducatius.xtec.cat/pladelestany/wp-content/uploads/usu771/2024/04/booktubers.png" class="attachment-post-thumbnail size-post-thumbnail wp-post-image" alt="" /></a>
        </div>
        <div class="wp-block-getwid-custom-post-type__content-wrapper">
        <div class="wp-block-getwid-custom-post-type__post-header">
            <h3 class="wp-block-getwid-custom-post-type__post-title"><a href="https://serveiseducatius.xtec.cat/pladelestany/portada/publicacio-dels-videos-de-la-4a-edicio-del-club-de-booktubers/">Publicació dels vídeos de la 4a edició del Club de Booktubers</a></h3>        </div>
        <div class="wp-block-getwid-custom-post-type__post-excerpt "><p>Bona diada de Sant Jordi! Des d&#8217;avui, ja podeu accedir als nous vídeos publicats de la 4a edició del Club [&hellip;]</p>
</div>
    </div>
</div>
								</div>
															<div class='wp-block-getwid-custom-post-type__post'>
									
<div class="wp-block-getwid-custom-post-type__post-wrapper">
            <div class="wp-block-getwid-custom-post-type__post-thumbnail">
            <a href="https://serveiseducatius.xtec.cat/pladelestany/dinamitzacio/jocs-florals/dinamitzacions-lectores-propostes-mes-enlla-de-la-lectura/"><img loading="lazy" decoding="async" width="2048" height="1748" src="https://serveiseducatius.xtec.cat/pladelestany/wp-content/uploads/usu771/2024/02/dibuix-parts-llibre.jpg" class="attachment-post-thumbnail size-post-thumbnail wp-post-image" alt="" srcset="https://serveiseducatius.xtec.cat/pladelestany/wp-content/uploads/usu771/2024/02/dibuix-parts-llibre.jpg 2048w, https://serveiseducatius.xtec.cat/pladelestany/wp-content/uploads/usu771/2024/02/dibuix-parts-llibre-300x256.jpg 300w, https://serveiseducatius.xtec.cat/pladelestany/wp-content/uploads/usu771/2024/02/dibuix-parts-llibre-1024x874.jpg 1024w, https://serveiseducatius.xtec.cat/pladelestany/wp-content/uploads/usu771/2024/02/dibuix-parts-llibre-768x656.jpg 768w, https://serveiseducatius.xtec.cat/pladelestany/wp-content/uploads/usu771/2024/02/dibuix-parts-llibre-1536x1311.jpg 1536w" sizes="auto, (max-width: 2048px) 100vw, 2048px" /></a>
        </div>
        <div class="wp-block-getwid-custom-post-type__content-wrapper">
        <div class="wp-block-getwid-custom-post-type__post-header">
            <h3 class="wp-block-getwid-custom-post-type__post-title"><a href="https://serveiseducatius.xtec.cat/pladelestany/dinamitzacio/jocs-florals/dinamitzacions-lectores-propostes-mes-enlla-de-la-lectura/">Dinamitzacions lectores: propostes més enllà de la lectura</a></h3>        </div>
        <div class="wp-block-getwid-custom-post-type__post-excerpt "><p>Dins les activitats que es realitzen al seminari de Dinamització de les Biblioteques Escolars, hi ha compartit experiències i dinàmiques [&hellip;]</p>
</div>
    </div>
</div>
								</div>
							            </div>

                    </div>
