{"id":8482,"date":"2025-12-15T15:11:04","date_gmt":"2025-12-15T14:11:04","guid":{"rendered":"https:\/\/serveiseducatius.xtec.cat\/pladelestany\/?page_id=8482"},"modified":"2025-12-15T15:59:11","modified_gmt":"2025-12-15T14:59:11","slug":"per-treballar-lexpressio","status":"publish","type":"page","link":"https:\/\/serveiseducatius.xtec.cat\/pladelestany\/escola-inclusiva\/inclusio-digital\/per-treballar-lexpressio\/","title":{"rendered":"Per treballar l&#8217;expressi\u00f3"},"content":{"rendered":"\n<figure class=\"wp-block-image aligncenter size-large\"><a href=\"https:\/\/serveiseducatius.xtec.cat\/pladelestany\/wp-content\/uploads\/usu771\/2025\/12\/Inclusio-digital-portades-5.png\"><img loading=\"lazy\" decoding=\"async\" width=\"1024\" height=\"256\" src=\"https:\/\/serveiseducatius.xtec.cat\/pladelestany\/wp-content\/uploads\/usu771\/2025\/12\/Inclusio-digital-portades-5-1024x256.png\" alt=\"\" class=\"wp-image-8483\" srcset=\"https:\/\/serveiseducatius.xtec.cat\/pladelestany\/wp-content\/uploads\/usu771\/2025\/12\/Inclusio-digital-portades-5-1024x256.png 1024w, https:\/\/serveiseducatius.xtec.cat\/pladelestany\/wp-content\/uploads\/usu771\/2025\/12\/Inclusio-digital-portades-5-300x75.png 300w, https:\/\/serveiseducatius.xtec.cat\/pladelestany\/wp-content\/uploads\/usu771\/2025\/12\/Inclusio-digital-portades-5-768x192.png 768w, https:\/\/serveiseducatius.xtec.cat\/pladelestany\/wp-content\/uploads\/usu771\/2025\/12\/Inclusio-digital-portades-5-1536x384.png 1536w, https:\/\/serveiseducatius.xtec.cat\/pladelestany\/wp-content\/uploads\/usu771\/2025\/12\/Inclusio-digital-portades-5.png 1920w\" sizes=\"auto, (max-width: 1024px) 100vw, 1024px\" \/><\/a><\/figure>\n\n\n\n<div class=\"wp-block-columns is-layout-flex wp-container-core-columns-is-layout-1 wp-block-columns-is-layout-flex\">\n<div class=\"wp-block-column is-vertically-aligned-center is-layout-flow wp-block-column-is-layout-flow\" style=\"flex-basis:33.33%\">\n<p class=\"has-text-align-center\"><strong><strong><strong><a href=\"https:\/\/makebeliefscomix.com\/Comix\/\" target=\"_blank\" rel=\"noreferrer noopener\">Make Beliefs Comix<\/a><\/strong><\/strong><\/strong><\/p>\n\n\n\n<p class=\"has-text-align-center\">C\u00f2mics<\/p>\n<\/div>\n\n\n\n<div class=\"wp-block-column is-layout-flow wp-block-column-is-layout-flow\" style=\"flex-basis:66.66%\">\n<p class=\"has-ast-global-color-1-color has-text-color has-link-color wp-elements-2cb0895eae59e88918ad54154b1ae27c\">Diversos fons i objectes i personatges -algun amb discapacitat i altres d&#8217;\u00e9ssers fant\u00e0stics- per crear c\u00f2mics de tres vinyetes.<strong>(<\/strong><a href=\"http:\/\/www.google.com\/url?q=http%3A%2F%2Fwww.makebeliefscomix.com%2FComix%2F&amp;sa=D&amp;sntz=1&amp;usg=AOvVaw0K_2bGwQ0IYlrFnjNAmubn\" target=\"_blank\" rel=\"noreferrer noopener\"><strong>+<\/strong><\/a><strong>)<\/strong><\/p>\n\n\n\n<p>RECOMANACI\u00d3 per guardar el treball: &#8220;netejar&#8221; la pantalla d&#8217;elements distractors i fer c\u00f2pia de pantalla i guardar la imatge o enganxar-la a un document de text.<em><\/em><\/p>\n\n\n\n<p class=\"has-ast-global-color-1-color has-text-color has-link-color wp-elements-cd836ca8eafbea8878e745b0cca03748\">Videotutorial. <strong>(<\/strong><a href=\"https:\/\/www.youtube.com\/watch?v=D7ekl8K2fyo\" target=\"_blank\" rel=\"noreferrer noopener\"><strong>+<\/strong><\/a><strong>)<\/strong><\/p>\n<\/div>\n<\/div>\n\n\n\n<div class=\"wp-block-columns has-background is-layout-flex wp-container-core-columns-is-layout-2 wp-block-columns-is-layout-flex\" style=\"background-color:#eaf2dd\">\n<div class=\"wp-block-column is-vertically-aligned-center is-layout-flow wp-block-column-is-layout-flow\" style=\"flex-basis:33.33%\">\n<p class=\"has-text-align-center\"><strong><strong><a href=\"https:\/\/llengua.gencat.cat\/ca\/llengua_signes_catalana\/\" target=\"_blank\" rel=\"noreferrer noopener\">Pixton<\/a><\/strong><\/strong><\/p>\n\n\n\n<p class=\"has-text-align-center\">C\u00f2mics<\/p>\n<\/div>\n\n\n\n<div class=\"wp-block-column is-layout-flow wp-block-column-is-layout-flow\" style=\"flex-basis:66.66%\">\n<p>Per crear c\u00f2mics, guions gr\u00e0fics o novel\u00b7les gr\u00e0fiques. Cal crear un compte, gratu\u00eft. <strong>(<\/strong><a href=\"https:\/\/www.google.com\/url?q=https%3A%2F%2Fwww-es.pixton.com%2F&amp;sa=D&amp;sntz=1&amp;usg=AOvVaw27Q7AEo7kketfIIte9gKAN\" target=\"_blank\" rel=\"noreferrer noopener\"><strong>+<\/strong><\/a><strong>)<\/strong><\/p>\n<\/div>\n<\/div>\n\n\n\n<div class=\"wp-block-columns is-layout-flex wp-container-core-columns-is-layout-3 wp-block-columns-is-layout-flex\">\n<div class=\"wp-block-column is-vertically-aligned-center is-layout-flow wp-block-column-is-layout-flow\" style=\"flex-basis:33.33%\">\n<p class=\"has-text-align-center\"><strong><strong><a href=\"https:\/\/nulab.com\/es\/cacoo\/\" target=\"_blank\" rel=\"noreferrer noopener\">Storybird<\/a><\/strong><\/strong><\/p>\n\n\n\n<p class=\"has-text-align-center\">Conte \/ poesia<\/p>\n<\/div>\n\n\n\n<div class=\"wp-block-column is-layout-flow wp-block-column-is-layout-flow\" style=\"flex-basis:66.66%\">\n<p class=\"has-ast-global-color-1-color has-text-color has-link-color wp-elements-ea6dce10c470a3a278a53fd0b3f5f973\">Permet crear el teu propi conte\/llibre i il\u00b7lustrar-lo amb un pack d&#8217;il\u00b7lustracions de diverses tem\u00e0tiques. Cal registre gratu\u00eft on es guarden les obres creades.<strong>(<\/strong><a href=\"https:\/\/www.google.com\/url?q=https%3A%2F%2Fstorybird.com%2F&amp;sa=D&amp;sntz=1&amp;usg=AOvVaw2OWc4Xf3Cb1Hmpj9wggXwG\" target=\"_blank\" rel=\"noreferrer noopener\"><strong>+<\/strong><\/a><strong>) <\/strong>Videotutorial. <strong>(<\/strong><a href=\"https:\/\/www.youtube.com\/watch?v=pg0fHgsPx4o\" target=\"_blank\" rel=\"noreferrer noopener\"><strong>+<\/strong><\/a><strong>)<\/strong><\/p>\n<\/div>\n<\/div>\n\n\n\n<div class=\"wp-block-columns has-background is-layout-flex wp-container-core-columns-is-layout-4 wp-block-columns-is-layout-flex\" style=\"background-color:#eaf2dd\">\n<div class=\"wp-block-column is-vertically-aligned-center is-layout-flow wp-block-column-is-layout-flow\" style=\"flex-basis:33.33%\">\n<p class=\"has-text-align-center\"><strong><a href=\"https:\/\/bubbl.us\/\" target=\"_blank\" rel=\"noreferrer noopener\">Storyjumper<\/a><\/strong><\/p>\n\n\n\n<p class=\"has-text-align-center\">Conte<\/p>\n<\/div>\n\n\n\n<div class=\"wp-block-column is-layout-flow wp-block-column-is-layout-flow\" style=\"flex-basis:66.66%\">\n<p>De manera senzilla pots crear el teu propi llibre. Permet treballar amb les imatges que t\u00e9 a la seva galeria o amb les teves pr\u00f2pies. Cal registrar-se gratu\u00eftament. <strong>(<\/strong><a href=\"http:\/\/www.google.com\/url?q=http%3A%2F%2Fwww.storyjumper.com&amp;sa=D&amp;sntz=1&amp;usg=AOvVaw31itEKFZ7uLVNUI4YDhkLd\" target=\"_blank\" rel=\"noreferrer noopener\"><strong>+<\/strong><\/a><strong>)<\/strong><\/p>\n<\/div>\n<\/div>\n\n\n\n<div class=\"wp-block-columns is-layout-flex wp-container-core-columns-is-layout-5 wp-block-columns-is-layout-flex\">\n<div class=\"wp-block-column is-vertically-aligned-center is-layout-flow wp-block-column-is-layout-flow\" style=\"flex-basis:33.33%\">\n<p class=\"has-text-align-center\"><a href=\"https:\/\/www.thinglink.com\/\" target=\"_blank\" rel=\"noreferrer noopener\">Thinglink<\/a><\/p>\n<\/div>\n\n\n\n<div class=\"wp-block-column is-layout-flow wp-block-column-is-layout-flow\" style=\"flex-basis:66.66%\">\n<p class=\"has-ast-global-color-1-color has-text-color has-link-color wp-elements-b777a2357a1dd40bd99afed41978dcfd\">Per enriquir imatges amb m\u00e9s informaci\u00f3: enlla\u00e7os, explicacions&#8230;<strong>(<\/strong><a href=\"https:\/\/www.google.com\/url?q=https%3A%2F%2Fwww.thinglink.com%2F&amp;sa=D&amp;sntz=1&amp;usg=AOvVaw0tDCCUW_Fs6LXVukBtMuNa\" target=\"_blank\" rel=\"noreferrer noopener\"><strong>+<\/strong><\/a><strong>)<\/strong> Tutorial. <strong>(<\/strong><a href=\"https:\/\/www.youtube.com\/watch?v=bk6QWXbWQ4g\" target=\"_blank\" rel=\"noreferrer noopener\"><strong>+<\/strong><\/a><strong>)<\/strong><\/p>\n<\/div>\n<\/div>\n\n\n\n<p class=\"has-white-color has-text-color has-link-color wp-elements-7e4ac651328708ea719ac0894fa30934\">.<\/p>\n\n\n\n<p class=\"has-white-color has-text-color has-link-color wp-elements-7e4ac651328708ea719ac0894fa30934\">.<\/p>\n\n\n\n<figure class=\"wp-block-image alignright size-large is-resized\"><a href=\"https:\/\/serveiseducatius.xtec.cat\/pladelestany\/escola-inclusiva\/inclusio-digital\/\"><img loading=\"lazy\" decoding=\"async\" width=\"1024\" height=\"1024\" src=\"https:\/\/serveiseducatius.xtec.cat\/pladelestany\/wp-content\/uploads\/usu771\/2025\/12\/12-1024x1024.png\" alt=\"\" class=\"wp-image-8440\" style=\"width:179px;height:auto\" srcset=\"https:\/\/serveiseducatius.xtec.cat\/pladelestany\/wp-content\/uploads\/usu771\/2025\/12\/12-1024x1024.png 1024w, https:\/\/serveiseducatius.xtec.cat\/pladelestany\/wp-content\/uploads\/usu771\/2025\/12\/12-300x300.png 300w, https:\/\/serveiseducatius.xtec.cat\/pladelestany\/wp-content\/uploads\/usu771\/2025\/12\/12-150x150.png 150w, https:\/\/serveiseducatius.xtec.cat\/pladelestany\/wp-content\/uploads\/usu771\/2025\/12\/12-768x768.png 768w, https:\/\/serveiseducatius.xtec.cat\/pladelestany\/wp-content\/uploads\/usu771\/2025\/12\/12.png 1080w\" sizes=\"auto, (max-width: 1024px) 100vw, 1024px\" \/><\/a><\/figure>\n","protected":false},"excerpt":{"rendered":"<p>Make Beliefs Comix C\u00f2mics Diversos fons i objectes i personatges -algun amb discapacitat i altres d&#8217;\u00e9ssers fant\u00e0stics- per crear c\u00f2mics [&hellip;]<\/p>\n","protected":false},"author":1,"featured_media":0,"parent":8393,"menu_order":0,"comment_status":"closed","ping_status":"close","template":"","meta":{"site-sidebar-layout":"default","site-content-layout":"","ast-site-content-layout":"default","site-content-style":"default","site-sidebar-style":"default","ast-global-header-display":"","ast-banner-title-visibility":"","ast-main-header-display":"","ast-hfb-above-header-display":"","ast-hfb-below-header-display":"","ast-hfb-mobile-header-display":"","site-post-title":"disabled","ast-breadcrumbs-content":"","ast-featured-img":"","footer-sml-layout":"","theme-transparent-header-meta":"","adv-header-id-meta":"","stick-header-meta":"","header-above-stick-meta":"","header-main-stick-meta":"","header-below-stick-meta":"","astra-migrate-meta-layouts":"set","ast-page-background-enabled":"default","ast-page-background-meta":{"desktop":{"background-color":"var(--ast-global-color-4)","background-image":"","background-repeat":"repeat","background-position":"center center","background-size":"auto","background-attachment":"scroll","background-type":"","background-media":"","overlay-type":"","overlay-color":"","overlay-opacity":"","overlay-gradient":""},"tablet":{"background-color":"","background-image":"","background-repeat":"repeat","background-position":"center center","background-size":"auto","background-attachment":"scroll","background-type":"","background-media":"","overlay-type":"","overlay-color":"","overlay-opacity":"","overlay-gradient":""},"mobile":{"background-color":"","background-image":"","background-repeat":"repeat","background-position":"center center","background-size":"auto","background-attachment":"scroll","background-type":"","background-media":"","overlay-type":"","overlay-color":"","overlay-opacity":"","overlay-gradient":""}},"ast-content-background-meta":{"desktop":{"background-color":"var(--ast-global-color-5)","background-image":"","background-repeat":"repeat","background-position":"center center","background-size":"auto","background-attachment":"scroll","background-type":"","background-media":"","overlay-type":"","overlay-color":"","overlay-opacity":"","overlay-gradient":""},"tablet":{"background-color":"var(--ast-global-color-5)","background-image":"","background-repeat":"repeat","background-position":"center center","background-size":"auto","background-attachment":"scroll","background-type":"","background-media":"","overlay-type":"","overlay-color":"","overlay-opacity":"","overlay-gradient":""},"mobile":{"background-color":"var(--ast-global-color-5)","background-image":"","background-repeat":"repeat","background-position":"center center","background-size":"auto","background-attachment":"scroll","background-type":"","background-media":"","overlay-type":"","overlay-color":"","overlay-opacity":"","overlay-gradient":""}},"footnotes":""},"class_list":["post-8482","page","type-page","status-publish","hentry"],"post_mailing_queue_ids":[],"_links":{"self":[{"href":"https:\/\/serveiseducatius.xtec.cat\/pladelestany\/wp-json\/wp\/v2\/pages\/8482","targetHints":{"allow":["GET"]}}],"collection":[{"href":"https:\/\/serveiseducatius.xtec.cat\/pladelestany\/wp-json\/wp\/v2\/pages"}],"about":[{"href":"https:\/\/serveiseducatius.xtec.cat\/pladelestany\/wp-json\/wp\/v2\/types\/page"}],"author":[{"embeddable":true,"href":"https:\/\/serveiseducatius.xtec.cat\/pladelestany\/wp-json\/wp\/v2\/users\/1"}],"replies":[{"embeddable":true,"href":"https:\/\/serveiseducatius.xtec.cat\/pladelestany\/wp-json\/wp\/v2\/comments?post=8482"}],"version-history":[{"count":3,"href":"https:\/\/serveiseducatius.xtec.cat\/pladelestany\/wp-json\/wp\/v2\/pages\/8482\/revisions"}],"predecessor-version":[{"id":8495,"href":"https:\/\/serveiseducatius.xtec.cat\/pladelestany\/wp-json\/wp\/v2\/pages\/8482\/revisions\/8495"}],"up":[{"embeddable":true,"href":"https:\/\/serveiseducatius.xtec.cat\/pladelestany\/wp-json\/wp\/v2\/pages\/8393"}],"wp:attachment":[{"href":"https:\/\/serveiseducatius.xtec.cat\/pladelestany\/wp-json\/wp\/v2\/media?parent=8482"}],"curies":[{"name":"wp","href":"https:\/\/api.w.org\/{rel}","templated":true}]}}