{"id":8386,"date":"2025-12-10T11:00:06","date_gmt":"2025-12-10T10:00:06","guid":{"rendered":"https:\/\/serveiseducatius.xtec.cat\/pladelestany\/?page_id=8386"},"modified":"2025-12-16T09:40:07","modified_gmt":"2025-12-16T08:40:07","slug":"escola-inclusiva","status":"publish","type":"page","link":"https:\/\/serveiseducatius.xtec.cat\/pladelestany\/escola-inclusiva\/","title":{"rendered":"Escola inclusiva"},"content":{"rendered":"\n<div class=\"wp-block-columns has-ast-global-color-8-color has-text-color has-link-color wp-elements-0d2757c4d5fbdc388e7ea6735682641f is-layout-flex wp-container-core-columns-is-layout-1 wp-block-columns-is-layout-flex\">\n<div class=\"wp-block-column caixa-link is-layout-flow wp-block-column-is-layout-flow\">\n<h2 class=\"wp-block-heading\"><a href=\"https:\/\/serveiseducatius.xtec.cat\/pladelestany\/escola-inclusiva\/cocobe\/\" data-type=\"page\" data-id=\"6255\">Cocobe<\/a><\/h2>\n<\/div>\n\n\n\n<div class=\"wp-block-column caixa-link is-layout-flow wp-block-column-is-layout-flow\">\n<h2 class=\"wp-block-heading\"><a href=\"https:\/\/serveiseducatius.xtec.cat\/pladelestany\/escola-inclusiva\/protocols-dactuacio\/\" data-type=\"page\" data-id=\"6261\">Protocols<\/a><\/h2>\n<\/div>\n\n\n\n<div class=\"wp-block-column caixa-link is-layout-flow wp-block-column-is-layout-flow\">\n<h2 class=\"wp-block-heading\"><a href=\"https:\/\/xtec.gencat.cat\/ca\/projectes\/alumnat-origen-estranger\/alumnatnou\/acollida\/\" data-type=\"page\" data-id=\"6266\" target=\"_blank\" rel=\"noreferrer noopener\">Acollida de nou alumnat<\/a><\/h2>\n<\/div>\n<\/div>\n\n\n\n<div class=\"wp-block-columns has-ast-global-color-8-color has-text-color has-link-color wp-elements-0725eb95f0e14969c1e17dcd9b5cdc73 is-layout-flex wp-container-core-columns-is-layout-2 wp-block-columns-is-layout-flex\">\n<div class=\"wp-block-column caixa-link is-layout-flow wp-block-column-is-layout-flow\">\n<h2 class=\"wp-block-heading\"><a href=\"https:\/\/sites.google.com\/xtec.cat\/materialuao\/p%C3%A0gina-principal\" data-type=\"page\" data-id=\"6255\" target=\"_blank\" rel=\"noreferrer noopener\">Material UAO<\/a><\/h2>\n<\/div>\n\n\n\n<div class=\"wp-block-column caixa-link is-layout-flow wp-block-column-is-layout-flow\">\n<h2 class=\"wp-block-heading\"><a href=\"https:\/\/serveiseducatius.xtec.cat\/pladelestany\/escola-inclusiva\/necessitats-educatives-que-condicionen-laprenentatge\/\" data-type=\"page\" data-id=\"6261\">Necessitats educatives que condicionen l&#8217;aprenentatge<\/a><\/h2>\n<\/div>\n\n\n\n<div class=\"wp-block-column caixa-link is-layout-flow wp-block-column-is-layout-flow\">\n<h2 class=\"wp-block-heading\"><a href=\"https:\/\/xtec.gencat.cat\/ca\/curriculum\/diversitat-i-inclusio\/mesures-i-suports\/intensius\/siei\/\" data-type=\"page\" data-id=\"6266\" target=\"_blank\" rel=\"noreferrer noopener\">Suport intensiu escolaritzaci\u00f3 inclusiva (SIEI)<\/a><\/h2>\n<\/div>\n<\/div>\n\n\n\n<div class=\"wp-block-columns has-ast-global-color-8-color has-text-color has-link-color wp-elements-a6119f57a724eb13465a9842dd12548d is-layout-flex wp-container-core-columns-is-layout-3 wp-block-columns-is-layout-flex\">\n<div class=\"wp-block-column caixa-link is-layout-flow wp-block-column-is-layout-flow\">\n<h2 class=\"wp-block-heading\"><a href=\"https:\/\/xtec.gencat.cat\/ca\/projectes\/alumnat-origen-estranger\/suport-linguistic-social\/\" data-type=\"page\" data-id=\"6255\" target=\"_blank\" rel=\"noreferrer noopener\">Suport ling\u00fc\u00edstic i social<\/a><\/h2>\n<\/div>\n\n\n\n<div class=\"wp-block-column caixa-link is-layout-flow wp-block-column-is-layout-flow\">\n<h2 class=\"wp-block-heading\"><a href=\"https:\/\/serveiseducatius.xtec.cat\/pladelestany\/escola-inclusiva\/inclusio-digital\/\" data-type=\"page\" data-id=\"6261\">Inclusi\u00f3 digital. Eines per a tothom<\/a><\/h2>\n<\/div>\n\n\n\n<div class=\"wp-block-column caixa-link is-layout-flow wp-block-column-is-layout-flow\">\n<h2 class=\"wp-block-heading\"><\/h2>\n<\/div>\n<\/div>\n\n\n\n<p><\/p>\n","protected":false},"excerpt":{"rendered":"<p>Cocobe Protocols Acollida de nou alumnat Material UAO Necessitats educatives que condicionen l&#8217;aprenentatge Suport intensiu escolaritzaci\u00f3 inclusiva (SIEI) Suport ling\u00fc\u00edstic [&hellip;]<\/p>\n","protected":false},"author":1,"featured_media":0,"parent":0,"menu_order":0,"comment_status":"closed","ping_status":"close","template":"","meta":{"site-sidebar-layout":"default","site-content-layout":"","ast-site-content-layout":"default","site-content-style":"default","site-sidebar-style":"default","ast-global-header-display":"","ast-banner-title-visibility":"","ast-main-header-display":"","ast-hfb-above-header-display":"","ast-hfb-below-header-display":"","ast-hfb-mobile-header-display":"","site-post-title":"","ast-breadcrumbs-content":"","ast-featured-img":"","footer-sml-layout":"","theme-transparent-header-meta":"","adv-header-id-meta":"","stick-header-meta":"","header-above-stick-meta":"","header-main-stick-meta":"","header-below-stick-meta":"","astra-migrate-meta-layouts":"set","ast-page-background-enabled":"default","ast-page-background-meta":{"desktop":{"background-color":"var(--ast-global-color-4)","background-image":"","background-repeat":"repeat","background-position":"center center","background-size":"auto","background-attachment":"scroll","background-type":"","background-media":"","overlay-type":"","overlay-color":"","overlay-opacity":"","overlay-gradient":""},"tablet":{"background-color":"","background-image":"","background-repeat":"repeat","background-position":"center center","background-size":"auto","background-attachment":"scroll","background-type":"","background-media":"","overlay-type":"","overlay-color":"","overlay-opacity":"","overlay-gradient":""},"mobile":{"background-color":"","background-image":"","background-repeat":"repeat","background-position":"center center","background-size":"auto","background-attachment":"scroll","background-type":"","background-media":"","overlay-type":"","overlay-color":"","overlay-opacity":"","overlay-gradient":""}},"ast-content-background-meta":{"desktop":{"background-color":"var(--ast-global-color-5)","background-image":"","background-repeat":"repeat","background-position":"center center","background-size":"auto","background-attachment":"scroll","background-type":"","background-media":"","overlay-type":"","overlay-color":"","overlay-opacity":"","overlay-gradient":""},"tablet":{"background-color":"var(--ast-global-color-5)","background-image":"","background-repeat":"repeat","background-position":"center center","background-size":"auto","background-attachment":"scroll","background-type":"","background-media":"","overlay-type":"","overlay-color":"","overlay-opacity":"","overlay-gradient":""},"mobile":{"background-color":"var(--ast-global-color-5)","background-image":"","background-repeat":"repeat","background-position":"center center","background-size":"auto","background-attachment":"scroll","background-type":"","background-media":"","overlay-type":"","overlay-color":"","overlay-opacity":"","overlay-gradient":""}},"footnotes":""},"class_list":["post-8386","page","type-page","status-publish","hentry"],"post_mailing_queue_ids":[],"_links":{"self":[{"href":"https:\/\/serveiseducatius.xtec.cat\/pladelestany\/wp-json\/wp\/v2\/pages\/8386","targetHints":{"allow":["GET"]}}],"collection":[{"href":"https:\/\/serveiseducatius.xtec.cat\/pladelestany\/wp-json\/wp\/v2\/pages"}],"about":[{"href":"https:\/\/serveiseducatius.xtec.cat\/pladelestany\/wp-json\/wp\/v2\/types\/page"}],"author":[{"embeddable":true,"href":"https:\/\/serveiseducatius.xtec.cat\/pladelestany\/wp-json\/wp\/v2\/users\/1"}],"replies":[{"embeddable":true,"href":"https:\/\/serveiseducatius.xtec.cat\/pladelestany\/wp-json\/wp\/v2\/comments?post=8386"}],"version-history":[{"count":4,"href":"https:\/\/serveiseducatius.xtec.cat\/pladelestany\/wp-json\/wp\/v2\/pages\/8386\/revisions"}],"predecessor-version":[{"id":8514,"href":"https:\/\/serveiseducatius.xtec.cat\/pladelestany\/wp-json\/wp\/v2\/pages\/8386\/revisions\/8514"}],"wp:attachment":[{"href":"https:\/\/serveiseducatius.xtec.cat\/pladelestany\/wp-json\/wp\/v2\/media?parent=8386"}],"curies":[{"name":"wp","href":"https:\/\/api.w.org\/{rel}","templated":true}]}}

<div class="wp-block-columns has-ast-global-color-8-color has-text-color has-link-color wp-elements-0d2757c4d5fbdc388e7ea6735682641f is-layout-flex wp-container-core-columns-is-layout-1 wp-block-columns-is-layout-flex">
<div class="wp-block-column caixa-link is-layout-flow wp-block-column-is-layout-flow">
<h2 class="wp-block-heading"><a href="https://serveiseducatius.xtec.cat/pladelestany/escola-inclusiva/cocobe/" data-type="page" data-id="6255">Cocobe</a></h2>
</div>



<div class="wp-block-column caixa-link is-layout-flow wp-block-column-is-layout-flow">
<h2 class="wp-block-heading"><a href="https://serveiseducatius.xtec.cat/pladelestany/escola-inclusiva/protocols-dactuacio/" data-type="page" data-id="6261">Protocols</a></h2>
</div>



<div class="wp-block-column caixa-link is-layout-flow wp-block-column-is-layout-flow">
<h2 class="wp-block-heading"><a href="https://xtec.gencat.cat/ca/projectes/alumnat-origen-estranger/alumnatnou/acollida/" data-type="page" data-id="6266" target="_blank" rel="noreferrer noopener">Acollida de nou alumnat</a></h2>
</div>
</div>



<div class="wp-block-columns has-ast-global-color-8-color has-text-color has-link-color wp-elements-0725eb95f0e14969c1e17dcd9b5cdc73 is-layout-flex wp-container-core-columns-is-layout-2 wp-block-columns-is-layout-flex">
<div class="wp-block-column caixa-link is-layout-flow wp-block-column-is-layout-flow">
<h2 class="wp-block-heading"><a href="https://sites.google.com/xtec.cat/materialuao/p%C3%A0gina-principal" data-type="page" data-id="6255" target="_blank" rel="noreferrer noopener">Material UAO</a></h2>
</div>



<div class="wp-block-column caixa-link is-layout-flow wp-block-column-is-layout-flow">
<h2 class="wp-block-heading"><a href="https://serveiseducatius.xtec.cat/pladelestany/escola-inclusiva/necessitats-educatives-que-condicionen-laprenentatge/" data-type="page" data-id="6261">Necessitats educatives que condicionen l&#8217;aprenentatge</a></h2>
</div>



<div class="wp-block-column caixa-link is-layout-flow wp-block-column-is-layout-flow">
<h2 class="wp-block-heading"><a href="https://xtec.gencat.cat/ca/curriculum/diversitat-i-inclusio/mesures-i-suports/intensius/siei/" data-type="page" data-id="6266" target="_blank" rel="noreferrer noopener">Suport intensiu escolarització inclusiva (SIEI)</a></h2>
</div>
</div>



<div class="wp-block-columns has-ast-global-color-8-color has-text-color has-link-color wp-elements-a6119f57a724eb13465a9842dd12548d is-layout-flex wp-container-core-columns-is-layout-3 wp-block-columns-is-layout-flex">
<div class="wp-block-column caixa-link is-layout-flow wp-block-column-is-layout-flow">
<h2 class="wp-block-heading"><a href="https://xtec.gencat.cat/ca/projectes/alumnat-origen-estranger/suport-linguistic-social/" data-type="page" data-id="6255" target="_blank" rel="noreferrer noopener">Suport lingüístic i social</a></h2>
</div>



<div class="wp-block-column caixa-link is-layout-flow wp-block-column-is-layout-flow">
<h2 class="wp-block-heading"><a href="https://serveiseducatius.xtec.cat/pladelestany/escola-inclusiva/inclusio-digital/" data-type="page" data-id="6261">Inclusió digital. Eines per a tothom</a></h2>
</div>



<div class="wp-block-column caixa-link is-layout-flow wp-block-column-is-layout-flow">
<h2 class="wp-block-heading"></h2>
</div>
</div>



<p></p>

<p>Cocobe Protocols Acollida de nou alumnat Material UAO Necessitats educatives que condicionen l&#8217;aprenentatge Suport intensiu escolarització inclusiva (SIEI) Suport lingüístic [&hellip;]</p>
