{"id":7706,"date":"2025-07-11T14:17:19","date_gmt":"2025-07-11T12:17:19","guid":{"rendered":"https:\/\/serveiseducatius.xtec.cat\/pladelestany\/?page_id=7706"},"modified":"2025-10-30T17:46:59","modified_gmt":"2025-10-30T16:46:59","slug":"exposicions","status":"publish","type":"page","link":"https:\/\/serveiseducatius.xtec.cat\/pladelestany\/les-nostres-activitats\/setmana-de-la-ciencia\/exposicions\/","title":{"rendered":"Exposicions"},"content":{"rendered":"\n<figure class=\"wp-block-image aligncenter size-large\"><a href=\"https:\/\/serveiseducatius.xtec.cat\/pladelestany\/wp-content\/uploads\/usu771\/2025\/07\/6-2.png\"><img loading=\"lazy\" decoding=\"async\" width=\"1024\" height=\"256\" src=\"https:\/\/serveiseducatius.xtec.cat\/pladelestany\/wp-content\/uploads\/usu771\/2025\/07\/6-2-1024x256.png\" alt=\"\" class=\"wp-image-7676\" srcset=\"https:\/\/serveiseducatius.xtec.cat\/pladelestany\/wp-content\/uploads\/usu771\/2025\/07\/6-2-1024x256.png 1024w, https:\/\/serveiseducatius.xtec.cat\/pladelestany\/wp-content\/uploads\/usu771\/2025\/07\/6-2-300x75.png 300w, https:\/\/serveiseducatius.xtec.cat\/pladelestany\/wp-content\/uploads\/usu771\/2025\/07\/6-2-768x192.png 768w, https:\/\/serveiseducatius.xtec.cat\/pladelestany\/wp-content\/uploads\/usu771\/2025\/07\/6-2-1536x384.png 1536w, https:\/\/serveiseducatius.xtec.cat\/pladelestany\/wp-content\/uploads\/usu771\/2025\/07\/6-2.png 1920w\" sizes=\"auto, (max-width: 1024px) 100vw, 1024px\" \/><\/a><\/figure>\n\n\n\n<p><\/p>\n\n\n\n<p class=\"has-white-color has-text-color has-link-color wp-elements-9aa30ed850f84e5f49056794c0685abc\">. <\/p>\n\n\n\n<div class=\"wp-block-getwid-tabs\" data-active-tab=\"0\"><ul class=\"wp-block-getwid-tabs__nav-links\"><\/ul>\n<div class=\"wp-block-getwid-tabs__nav-link\"><span class=\"wp-block-getwid-tabs__title-wrapper\"><a href=\"#\"><span class=\"wp-block-getwid-tabs__title\">2025-26<\/span><\/a><\/span><\/div><div class=\"wp-block-getwid-tabs__tab-content-wrapper\"><div class=\"wp-block-getwid-tabs__tab-content\">\n<p class=\"has-medium-font-size\"><strong>Exposici\u00f3 dels treballs finalistes<\/strong>&nbsp;del XXI concurs de cartells<\/p>\n\n\n\n<p>Treballs presentats per l&#8217;alumnat dels Instituts d&#8217;Educaci\u00f3 Secund\u00e0ria del Pla de l&#8217;Estany, a la convocat\u00f2ria del XXI concurs d&#8217;idees per al disseny del cartell de la Setmana de la Ci\u00e8ncia 2025. Es pot visitar, \u00e9s a l&#8217;entrada de la Biblioteca.<\/p>\n\n\n\n<p><strong>Biblioteca Municipal de Banyoles<\/strong>:\u00a0Del 3 al 15 de novembre<\/p>\n\n\n\n<p><strong>Biblioteca Carles Fontser\u00e8 de Porqueres:\u00a0<\/strong>a partir del 18\u00a0de novembre<\/p>\n\n\n\n<hr class=\"wp-block-separator has-alpha-channel-opacity is-style-wide\"\/>\n\n\n\n<p class=\"has-medium-font-size\"><strong>Projecci\u00f3 multim\u00e8dia&nbsp;<\/strong>dels cartells participants en el XXI Concurs de Cartells de la Setmana de la Ci\u00e8ncia<\/p>\n\n\n\n<p><strong>INS Pere Alsius&nbsp;<\/strong>&#8211; Fins el 19 de desembre<\/p>\n\n\n\n<hr class=\"wp-block-separator has-alpha-channel-opacity is-style-wide\"\/>\n\n\n\n<p class=\"has-medium-font-size\"><strong>Gimcana cient\u00edfica<\/strong><\/p>\n\n\n\n<p>Preparada per l&#8217;alumnat de 4t d&#8217;ESO de l&#8217;optativa de cultura cient\u00edfica i adre\u00e7ada a la resta d&#8217;alumnat d&#8217;ESO<\/p>\n\n\n\n<p><strong>INS Pla de l&#8217;Estany<\/strong><\/p>\n\n\n\n<hr class=\"wp-block-separator has-alpha-channel-opacity is-style-wide\"\/>\n\n\n\n<p class=\"has-medium-font-size\"><strong>Exposici\u00f3 XXI concurs de fotografia cient\u00edfica &#8220;El gat de Schr\u00f6dinger&#8221;<\/strong><\/p>\n\n\n\n<p>S&#8217;exposen, a les cartelleres de l&#8217;institut, les fotografies que han presentat l&#8217;alumnat, el professorat i el PAS, en el concurs. <\/p>\n\n\n\n<p class=\"has-medium-font-size\"><strong>Observaci\u00f3 d&#8217;estrelles<\/strong> &#8211; 11 de novembre (1r Batxillerat)<\/p>\n\n\n\n<p><strong>INS Josep Brugulat<\/strong><\/p>\n\n\n\n<hr class=\"wp-block-separator has-alpha-channel-opacity is-style-wide\"\/>\n\n\n\n<p class=\"has-medium-font-size\"><strong>Exposici\u00f3 dels cartells <\/strong>participants en el XXI concurs de cartells de la Setmana de la ci\u00e8ncia. <\/p>\n\n\n\n<p><strong>Escola Casa Nostra<\/strong><\/p>\n<\/div><\/div>\n\n\n\n<div class=\"wp-block-getwid-tabs__nav-link\"><span class=\"wp-block-getwid-tabs__title-wrapper\"><a href=\"#\"><span class=\"wp-block-getwid-tabs__title\">2024-25<\/span><\/a><\/span><\/div><div class=\"wp-block-getwid-tabs__tab-content-wrapper\"><div class=\"wp-block-getwid-tabs__tab-content\">\n<p><\/p>\n\n\n\n<div class=\"wp-block-columns is-layout-flex wp-container-core-columns-is-layout-1 wp-block-columns-is-layout-flex\">\n<div class=\"wp-block-column is-layout-flow wp-block-column-is-layout-flow\" style=\"flex-basis:33.33%\">\n<figure class=\"wp-block-image size-large\"><a href=\"https:\/\/serveiseducatius.xtec.cat\/pladelestany\/wp-content\/uploads\/usu771\/2025\/07\/expo.jpg\"><img loading=\"lazy\" decoding=\"async\" width=\"1024\" height=\"751\" src=\"https:\/\/serveiseducatius.xtec.cat\/pladelestany\/wp-content\/uploads\/usu771\/2025\/07\/expo-1024x751.jpg\" alt=\"\" class=\"wp-image-7707\" srcset=\"https:\/\/serveiseducatius.xtec.cat\/pladelestany\/wp-content\/uploads\/usu771\/2025\/07\/expo-1024x751.jpg 1024w, https:\/\/serveiseducatius.xtec.cat\/pladelestany\/wp-content\/uploads\/usu771\/2025\/07\/expo-300x220.jpg 300w, https:\/\/serveiseducatius.xtec.cat\/pladelestany\/wp-content\/uploads\/usu771\/2025\/07\/expo-768x563.jpg 768w, https:\/\/serveiseducatius.xtec.cat\/pladelestany\/wp-content\/uploads\/usu771\/2025\/07\/expo.jpg 1280w\" sizes=\"auto, (max-width: 1024px) 100vw, 1024px\" \/><\/a><\/figure>\n<\/div>\n\n\n\n<div class=\"wp-block-column is-layout-flow wp-block-column-is-layout-flow\" style=\"flex-basis:66.66%\">\n<p class=\"has-white-color has-text-color has-link-color wp-elements-9aa30ed850f84e5f49056794c0685abc\">. <\/p>\n\n\n\n<p><strong>Biblioteca Municipal de Banyoles &#8211;&nbsp;<\/strong>Del 4 al 30 de de novembre<\/p>\n\n\n\n<p><strong>Exposici\u00f3 dels treballs finalistes<\/strong>&nbsp;del XX concurs de cartells<\/p>\n\n\n\n<p>Treballs presentats per l&#8217;alumnat dels Instituts d&#8217;Educaci\u00f3 Secund\u00e0ria del Pla de l&#8217;Estany, a la convocat\u00f2ria del XX concurs d&#8217;idees per al disseny del cartell de la Setmana de la Ci\u00e8ncia 2024. Es pot visitar, \u00e9s a l&#8217;entrada de la Biblioteca.<\/p>\n<\/div>\n<\/div>\n\n\n\n<p class=\"has-white-color has-text-color has-link-color wp-elements-9aa30ed850f84e5f49056794c0685abc\">. <\/p>\n\n\n\n<p><strong>Biblioteca Carles Fontser\u00e8 de Porqueres-&nbsp;<\/strong>Del 5&nbsp;de desembre al 5 de gener<\/p>\n\n\n\n<p><strong>Exposici\u00f3 dels treballs finalistes<\/strong>&nbsp;del XX concurs de cartells<\/p>\n\n\n\n<p class=\"has-white-color has-text-color has-link-color wp-elements-9aa30ed850f84e5f49056794c0685abc\">. <\/p>\n\n\n\n<p><strong>INS Pere Alsius&nbsp;<\/strong>&#8211; Fins el 20 de desembre<\/p>\n\n\n\n<p><strong>Projecci\u00f3 multim\u00e8dia&nbsp;<\/strong>dels cartells participants en el XX Concurs de Cartells de la Setmana de la Ci\u00e8ncia<\/p>\n\n\n\n<p class=\"has-white-color has-text-color has-link-color wp-elements-9aa30ed850f84e5f49056794c0685abc\">. <\/p>\n\n\n\n<p><strong>INS Josep Brugulat&nbsp;<\/strong>&#8211; Fins el 20 de desembre<\/p>\n\n\n\n<p><strong>Exposici\u00f3 XX Concurs de Fotografia Cient\u00edfica:<\/strong><\/p>\n\n\n\n<p>S&#8217;exposen, a les cartelleres de l&#8217;institut, les fotografies que han presentat alumnat, professorat i PAS en el concurs.<\/p>\n\n\n\n<p class=\"has-white-color has-text-color has-link-color wp-elements-9aa30ed850f84e5f49056794c0685abc\">. <\/p>\n\n\n\n<p><strong>Escola Casa Nostra&nbsp;<\/strong>&#8211; Fins el 20 de desembre<\/p>\n\n\n\n<p><strong>Exposici\u00f3 de cartells<\/strong>&nbsp;: \u201cOriol de Bol\u00f2s, un m\u00f3n de plantes\u201d<\/p>\n\n\n\n<p><\/p>\n<\/div><\/div>\n\n\n\n<div class=\"wp-block-getwid-tabs__nav-link\"><span class=\"wp-block-getwid-tabs__title-wrapper\"><a href=\"#\"><span class=\"wp-block-getwid-tabs__title\">Altres cursos<\/span><\/a><\/span><\/div><div class=\"wp-block-getwid-tabs__tab-content-wrapper\"><div class=\"wp-block-getwid-tabs__tab-content\">\n<p><\/p>\n<\/div><\/div>\n<\/div>\n\n\n\n<p class=\"has-white-color has-text-color has-link-color wp-elements-9aa30ed850f84e5f49056794c0685abc\">. <\/p>\n\n\n\n<figure class=\"wp-block-image alignright size-large is-resized\"><a href=\"https:\/\/serveiseducatius.xtec.cat\/pladelestany\/les-nostres-activitats\/setmana-de-la-ciencia\/\"><img loading=\"lazy\" decoding=\"async\" width=\"1024\" height=\"1024\" src=\"https:\/\/serveiseducatius.xtec.cat\/pladelestany\/wp-content\/uploads\/usu771\/2025\/07\/7-1-1024x1024.png\" alt=\"\" class=\"wp-image-7670\" style=\"width:143px;height:auto\" srcset=\"https:\/\/serveiseducatius.xtec.cat\/pladelestany\/wp-content\/uploads\/usu771\/2025\/07\/7-1-1024x1024.png 1024w, https:\/\/serveiseducatius.xtec.cat\/pladelestany\/wp-content\/uploads\/usu771\/2025\/07\/7-1-300x300.png 300w, https:\/\/serveiseducatius.xtec.cat\/pladelestany\/wp-content\/uploads\/usu771\/2025\/07\/7-1-150x150.png 150w, https:\/\/serveiseducatius.xtec.cat\/pladelestany\/wp-content\/uploads\/usu771\/2025\/07\/7-1-768x768.png 768w, https:\/\/serveiseducatius.xtec.cat\/pladelestany\/wp-content\/uploads\/usu771\/2025\/07\/7-1.png 1080w\" sizes=\"auto, (max-width: 1024px) 100vw, 1024px\" \/><\/a><\/figure>\n","protected":false},"excerpt":{"rendered":"<p>. .<\/p>\n","protected":false},"author":1,"featured_media":0,"parent":6224,"menu_order":0,"comment_status":"closed","ping_status":"close","template":"","meta":{"site-sidebar-layout":"default","site-content-layout":"","ast-site-content-layout":"default","site-content-style":"default","site-sidebar-style":"default","ast-global-header-display":"","ast-banner-title-visibility":"","ast-main-header-display":"","ast-hfb-above-header-display":"","ast-hfb-below-header-display":"","ast-hfb-mobile-header-display":"","site-post-title":"disabled","ast-breadcrumbs-content":"","ast-featured-img":"","footer-sml-layout":"","theme-transparent-header-meta":"","adv-header-id-meta":"","stick-header-meta":"","header-above-stick-meta":"","header-main-stick-meta":"","header-below-stick-meta":"","astra-migrate-meta-layouts":"set","ast-page-background-enabled":"default","ast-page-background-meta":{"desktop":{"background-color":"var(--ast-global-color-4)","background-image":"","background-repeat":"repeat","background-position":"center center","background-size":"auto","background-attachment":"scroll","background-type":"","background-media":"","overlay-type":"","overlay-color":"","overlay-opacity":"","overlay-gradient":""},"tablet":{"background-color":"","background-image":"","background-repeat":"repeat","background-position":"center center","background-size":"auto","background-attachment":"scroll","background-type":"","background-media":"","overlay-type":"","overlay-color":"","overlay-opacity":"","overlay-gradient":""},"mobile":{"background-color":"","background-image":"","background-repeat":"repeat","background-position":"center center","background-size":"auto","background-attachment":"scroll","background-type":"","background-media":"","overlay-type":"","overlay-color":"","overlay-opacity":"","overlay-gradient":""}},"ast-content-background-meta":{"desktop":{"background-color":"var(--ast-global-color-5)","background-image":"","background-repeat":"repeat","background-position":"center center","background-size":"auto","background-attachment":"scroll","background-type":"","background-media":"","overlay-type":"","overlay-color":"","overlay-opacity":"","overlay-gradient":""},"tablet":{"background-color":"var(--ast-global-color-5)","background-image":"","background-repeat":"repeat","background-position":"center center","background-size":"auto","background-attachment":"scroll","background-type":"","background-media":"","overlay-type":"","overlay-color":"","overlay-opacity":"","overlay-gradient":""},"mobile":{"background-color":"var(--ast-global-color-5)","background-image":"","background-repeat":"repeat","background-position":"center center","background-size":"auto","background-attachment":"scroll","background-type":"","background-media":"","overlay-type":"","overlay-color":"","overlay-opacity":"","overlay-gradient":""}},"footnotes":""},"class_list":["post-7706","page","type-page","status-publish","hentry"],"post_mailing_queue_ids":[],"_links":{"self":[{"href":"https:\/\/serveiseducatius.xtec.cat\/pladelestany\/wp-json\/wp\/v2\/pages\/7706","targetHints":{"allow":["GET"]}}],"collection":[{"href":"https:\/\/serveiseducatius.xtec.cat\/pladelestany\/wp-json\/wp\/v2\/pages"}],"about":[{"href":"https:\/\/serveiseducatius.xtec.cat\/pladelestany\/wp-json\/wp\/v2\/types\/page"}],"author":[{"embeddable":true,"href":"https:\/\/serveiseducatius.xtec.cat\/pladelestany\/wp-json\/wp\/v2\/users\/1"}],"replies":[{"embeddable":true,"href":"https:\/\/serveiseducatius.xtec.cat\/pladelestany\/wp-json\/wp\/v2\/comments?post=7706"}],"version-history":[{"count":6,"href":"https:\/\/serveiseducatius.xtec.cat\/pladelestany\/wp-json\/wp\/v2\/pages\/7706\/revisions"}],"predecessor-version":[{"id":8136,"href":"https:\/\/serveiseducatius.xtec.cat\/pladelestany\/wp-json\/wp\/v2\/pages\/7706\/revisions\/8136"}],"up":[{"embeddable":true,"href":"https:\/\/serveiseducatius.xtec.cat\/pladelestany\/wp-json\/wp\/v2\/pages\/6224"}],"wp:attachment":[{"href":"https:\/\/serveiseducatius.xtec.cat\/pladelestany\/wp-json\/wp\/v2\/media?parent=7706"}],"curies":[{"name":"wp","href":"https:\/\/api.w.org\/{rel}","templated":true}]}}

<figure class="wp-block-image aligncenter size-large"><a href="https://serveiseducatius.xtec.cat/pladelestany/wp-content/uploads/usu771/2025/07/6-2.png"><img loading="lazy" decoding="async" width="1024" height="256" src="https://serveiseducatius.xtec.cat/pladelestany/wp-content/uploads/usu771/2025/07/6-2-1024x256.png" alt="" class="wp-image-7676" srcset="https://serveiseducatius.xtec.cat/pladelestany/wp-content/uploads/usu771/2025/07/6-2-1024x256.png 1024w, https://serveiseducatius.xtec.cat/pladelestany/wp-content/uploads/usu771/2025/07/6-2-300x75.png 300w, https://serveiseducatius.xtec.cat/pladelestany/wp-content/uploads/usu771/2025/07/6-2-768x192.png 768w, https://serveiseducatius.xtec.cat/pladelestany/wp-content/uploads/usu771/2025/07/6-2-1536x384.png 1536w, https://serveiseducatius.xtec.cat/pladelestany/wp-content/uploads/usu771/2025/07/6-2.png 1920w" sizes="auto, (max-width: 1024px) 100vw, 1024px" /></a></figure>



<p></p>



<p class="has-white-color has-text-color has-link-color wp-elements-9aa30ed850f84e5f49056794c0685abc">. </p>



<div class="wp-block-getwid-tabs" data-active-tab="0"><ul class="wp-block-getwid-tabs__nav-links"></ul>
<div class="wp-block-getwid-tabs__nav-link"><span class="wp-block-getwid-tabs__title-wrapper"><a href="#"><span class="wp-block-getwid-tabs__title">2025-26</span></a></span></div><div class="wp-block-getwid-tabs__tab-content-wrapper"><div class="wp-block-getwid-tabs__tab-content">
<p class="has-medium-font-size"><strong>Exposició dels treballs finalistes</strong>&nbsp;del XXI concurs de cartells</p>



<p>Treballs presentats per l&#8217;alumnat dels Instituts d&#8217;Educació Secundària del Pla de l&#8217;Estany, a la convocatòria del XXI concurs d&#8217;idees per al disseny del cartell de la Setmana de la Ciència 2025. Es pot visitar, és a l&#8217;entrada de la Biblioteca.</p>



<p><strong>Biblioteca Municipal de Banyoles</strong>: Del 3 al 15 de novembre</p>



<p><strong>Biblioteca Carles Fontserè de Porqueres: </strong>a partir del 18 de novembre</p>



<hr class="wp-block-separator has-alpha-channel-opacity is-style-wide"/>



<p class="has-medium-font-size"><strong>Projecció multimèdia&nbsp;</strong>dels cartells participants en el XXI Concurs de Cartells de la Setmana de la Ciència</p>



<p><strong>INS Pere Alsius&nbsp;</strong>&#8211; Fins el 19 de desembre</p>



<hr class="wp-block-separator has-alpha-channel-opacity is-style-wide"/>



<p class="has-medium-font-size"><strong>Gimcana científica</strong></p>



<p>Preparada per l&#8217;alumnat de 4t d&#8217;ESO de l&#8217;optativa de cultura científica i adreçada a la resta d&#8217;alumnat d&#8217;ESO</p>



<p><strong>INS Pla de l&#8217;Estany</strong></p>



<hr class="wp-block-separator has-alpha-channel-opacity is-style-wide"/>



<p class="has-medium-font-size"><strong>Exposició XXI concurs de fotografia científica &#8220;El gat de Schrödinger&#8221;</strong></p>



<p>S&#8217;exposen, a les cartelleres de l&#8217;institut, les fotografies que han presentat l&#8217;alumnat, el professorat i el PAS, en el concurs. </p>



<p class="has-medium-font-size"><strong>Observació d&#8217;estrelles</strong> &#8211; 11 de novembre (1r Batxillerat)</p>



<p><strong>INS Josep Brugulat</strong></p>



<hr class="wp-block-separator has-alpha-channel-opacity is-style-wide"/>



<p class="has-medium-font-size"><strong>Exposició dels cartells </strong>participants en el XXI concurs de cartells de la Setmana de la ciència. </p>



<p><strong>Escola Casa Nostra</strong></p>
</div></div>



<div class="wp-block-getwid-tabs__nav-link"><span class="wp-block-getwid-tabs__title-wrapper"><a href="#"><span class="wp-block-getwid-tabs__title">2024-25</span></a></span></div><div class="wp-block-getwid-tabs__tab-content-wrapper"><div class="wp-block-getwid-tabs__tab-content">
<p></p>



<div class="wp-block-columns is-layout-flex wp-container-core-columns-is-layout-1 wp-block-columns-is-layout-flex">
<div class="wp-block-column is-layout-flow wp-block-column-is-layout-flow" style="flex-basis:33.33%">
<figure class="wp-block-image size-large"><a href="https://serveiseducatius.xtec.cat/pladelestany/wp-content/uploads/usu771/2025/07/expo.jpg"><img loading="lazy" decoding="async" width="1024" height="751" src="https://serveiseducatius.xtec.cat/pladelestany/wp-content/uploads/usu771/2025/07/expo-1024x751.jpg" alt="" class="wp-image-7707" srcset="https://serveiseducatius.xtec.cat/pladelestany/wp-content/uploads/usu771/2025/07/expo-1024x751.jpg 1024w, https://serveiseducatius.xtec.cat/pladelestany/wp-content/uploads/usu771/2025/07/expo-300x220.jpg 300w, https://serveiseducatius.xtec.cat/pladelestany/wp-content/uploads/usu771/2025/07/expo-768x563.jpg 768w, https://serveiseducatius.xtec.cat/pladelestany/wp-content/uploads/usu771/2025/07/expo.jpg 1280w" sizes="auto, (max-width: 1024px) 100vw, 1024px" /></a></figure>
</div>



<div class="wp-block-column is-layout-flow wp-block-column-is-layout-flow" style="flex-basis:66.66%">
<p class="has-white-color has-text-color has-link-color wp-elements-9aa30ed850f84e5f49056794c0685abc">. </p>



<p><strong>Biblioteca Municipal de Banyoles &#8211;&nbsp;</strong>Del 4 al 30 de de novembre</p>



<p><strong>Exposició dels treballs finalistes</strong>&nbsp;del XX concurs de cartells</p>



<p>Treballs presentats per l&#8217;alumnat dels Instituts d&#8217;Educació Secundària del Pla de l&#8217;Estany, a la convocatòria del XX concurs d&#8217;idees per al disseny del cartell de la Setmana de la Ciència 2024. Es pot visitar, és a l&#8217;entrada de la Biblioteca.</p>
</div>
</div>



<p class="has-white-color has-text-color has-link-color wp-elements-9aa30ed850f84e5f49056794c0685abc">. </p>



<p><strong>Biblioteca Carles Fontserè de Porqueres-&nbsp;</strong>Del 5&nbsp;de desembre al 5 de gener</p>



<p><strong>Exposició dels treballs finalistes</strong>&nbsp;del XX concurs de cartells</p>



<p class="has-white-color has-text-color has-link-color wp-elements-9aa30ed850f84e5f49056794c0685abc">. </p>



<p><strong>INS Pere Alsius&nbsp;</strong>&#8211; Fins el 20 de desembre</p>



<p><strong>Projecció multimèdia&nbsp;</strong>dels cartells participants en el XX Concurs de Cartells de la Setmana de la Ciència</p>



<p class="has-white-color has-text-color has-link-color wp-elements-9aa30ed850f84e5f49056794c0685abc">. </p>



<p><strong>INS Josep Brugulat&nbsp;</strong>&#8211; Fins el 20 de desembre</p>



<p><strong>Exposició XX Concurs de Fotografia Científica:</strong></p>



<p>S&#8217;exposen, a les cartelleres de l&#8217;institut, les fotografies que han presentat alumnat, professorat i PAS en el concurs.</p>



<p class="has-white-color has-text-color has-link-color wp-elements-9aa30ed850f84e5f49056794c0685abc">. </p>



<p><strong>Escola Casa Nostra&nbsp;</strong>&#8211; Fins el 20 de desembre</p>



<p><strong>Exposició de cartells</strong>&nbsp;: “Oriol de Bolòs, un món de plantes”</p>



<p></p>
</div></div>



<div class="wp-block-getwid-tabs__nav-link"><span class="wp-block-getwid-tabs__title-wrapper"><a href="#"><span class="wp-block-getwid-tabs__title">Altres cursos</span></a></span></div><div class="wp-block-getwid-tabs__tab-content-wrapper"><div class="wp-block-getwid-tabs__tab-content">
<p></p>
</div></div>
</div>



<p class="has-white-color has-text-color has-link-color wp-elements-9aa30ed850f84e5f49056794c0685abc">. </p>



<figure class="wp-block-image alignright size-large is-resized"><a href="https://serveiseducatius.xtec.cat/pladelestany/les-nostres-activitats/setmana-de-la-ciencia/"><img loading="lazy" decoding="async" width="1024" height="1024" src="https://serveiseducatius.xtec.cat/pladelestany/wp-content/uploads/usu771/2025/07/7-1-1024x1024.png" alt="" class="wp-image-7670" style="width:143px;height:auto" srcset="https://serveiseducatius.xtec.cat/pladelestany/wp-content/uploads/usu771/2025/07/7-1-1024x1024.png 1024w, https://serveiseducatius.xtec.cat/pladelestany/wp-content/uploads/usu771/2025/07/7-1-300x300.png 300w, https://serveiseducatius.xtec.cat/pladelestany/wp-content/uploads/usu771/2025/07/7-1-150x150.png 150w, https://serveiseducatius.xtec.cat/pladelestany/wp-content/uploads/usu771/2025/07/7-1-768x768.png 768w, https://serveiseducatius.xtec.cat/pladelestany/wp-content/uploads/usu771/2025/07/7-1.png 1080w" sizes="auto, (max-width: 1024px) 100vw, 1024px" /></a></figure>
