{"id":7640,"date":"2025-07-07T13:55:10","date_gmt":"2025-07-07T11:55:10","guid":{"rendered":"https:\/\/serveiseducatius.xtec.cat\/pladelestany\/?page_id=7640"},"modified":"2025-07-07T14:01:01","modified_gmt":"2025-07-07T12:01:01","slug":"propostes-de-dinamitzacio","status":"publish","type":"page","link":"https:\/\/serveiseducatius.xtec.cat\/pladelestany\/les-nostres-activitats\/seminaris\/dinamitzacio-biblioteques-escolars\/propostes-de-dinamitzacio\/","title":{"rendered":"Propostes de dinamitzaci\u00f3"},"content":{"rendered":"\n<p><a href=\"https:\/\/projectes.xtec.cat\/bescat\/general\/campanya-biblioteca-oberta\/\" target=\"_blank\" rel=\"noreferrer noopener\"><strong>Campanya Biblioteca Oberta<\/strong><\/a><\/p>\n\n\n\n<p>Enregistrem un v\u00eddeo mostrant la nostra Biblioteca Escolar i expliquem alguna experi\u00e8ncia, aix\u00ed fem xarxa i compartim maneres de treballar i dinamitzar la BE. Us animeu?<\/p>\n\n\n\n<p class=\"has-white-color has-text-color has-link-color wp-elements-7e4ac651328708ea719ac0894fa30934\">.<\/p>\n\n\n\n<p><a href=\"https:\/\/projectes.xtec.cat\/bescat\/wp-content\/uploads\/usu793\/2020\/10\/dinam_be_def.pdf\" target=\"_blank\" rel=\"noreferrer noopener\"><strong>DINAMITZEM?<\/strong><\/a>&nbsp;Propostes per a les Biblioteques Escolars<\/p>\n\n\n\n<p class=\"has-white-color has-text-color has-link-color wp-elements-7e4ac651328708ea719ac0894fa30934\">.<\/p>\n\n\n\n<p><a href=\"https:\/\/sites.google.com\/a\/xtec.cat\/projecte-de-lectures\/\" target=\"_blank\" rel=\"noreferrer noopener\"><strong>Llegir \u00e9s Guai<\/strong><\/a>, programa de dinamitzaci\u00f3 de la lectura, per a alumnat de secund\u00e0ria.<\/p>\n\n\n\n<p class=\"has-white-color has-text-color has-link-color wp-elements-7e4ac651328708ea719ac0894fa30934\">.<\/p>\n\n\n\n<p>Din\u00e0miques lectores&nbsp;<a href=\"https:\/\/serveiseducatius.xtec.cat\/pladelestany\/recursos\/dinamiques-lectores\/?preview=true\" target=\"_blank\" rel=\"noreferrer noopener\"><strong>PERSONATGES DE LLEGENDA<\/strong><\/a>&nbsp;<\/p>\n\n\n\n<p class=\"has-white-color has-text-color has-link-color wp-elements-7e4ac651328708ea719ac0894fa30934\">.<\/p>\n\n\n\n<p><strong><a href=\"https:\/\/sites.google.com\/a\/xtec.cat\/munt-de-llibres\/home\">Munt de llibres<\/a><\/strong><\/p>\n\n\n\n<p class=\"has-white-color has-text-color has-link-color wp-elements-7e4ac651328708ea719ac0894fa30934\">.<\/p>\n\n\n\n<p><em>Per alumnat d&#8217;Educaci\u00f3 Infantil, d&#8217;Educaci\u00f3 Prim\u00e0ria i d&#8217;educaci\u00f3 secund\u00e0ria.<\/em><\/p>\n\n\n\n<p>Si pos\u00e9ssim, l&#8217;un sobre l&#8217;altre, els llibres que llegim a l&#8217;aula, a quina al\u00e7ada podr\u00edem arribar? Ho podr\u00edem fer en un termini que nosaltres mateixos ens podr\u00edem marcar?<\/p>\n\n\n\n<p>Cada centre decideix amb quin o quins grups participa. Cada llibre que es llegeix suma l&#8217;al\u00e7ada del seu llom al repte a assolir. Un cop acabat el termini marcat, hem aconseguit l&#8217;objectiu?<\/p>\n\n\n\n<p>Animem als joves lectors a participar-hi!<\/p>\n\n\n\n<p class=\"has-white-color has-text-color has-link-color wp-elements-7e4ac651328708ea719ac0894fa30934\">.<\/p>\n\n\n\n<p><strong>Passatemps<\/strong>&nbsp;per dinamitzar les biblioteques escolars.<\/p>\n\n\n\n<div class=\"wp-block-columns is-layout-flex wp-container-core-columns-is-layout-1 wp-block-columns-is-layout-flex\">\n<div class=\"wp-block-column is-layout-flow wp-block-column-is-layout-flow\">\n<p class=\"has-text-align-center\"><a href=\"https:\/\/drive.google.com\/open?id=1epAMilMCpmJFrCowxcflTIaQxguswsIo\" target=\"_blank\" rel=\"noreferrer noopener\">Sopes de lletres<\/a><\/p>\n<\/div>\n\n\n\n<div class=\"wp-block-column is-layout-flow wp-block-column-is-layout-flow\">\n<p class=\"has-text-align-center\">\u00a0Difer\u00e8ncies\u00a0<\/p>\n<\/div>\n\n\n\n<div class=\"wp-block-column is-layout-flow wp-block-column-is-layout-flow\">\n<p class=\"has-text-align-center\">\u00a0<a href=\"https:\/\/drive.google.com\/open?id=1rW-pw1p8q_HpZ7YN_aSSSZylI2OYBJYx\" target=\"_blank\" rel=\"noreferrer noopener\">Jerogl\u00edfics<\/a><\/p>\n<\/div>\n\n\n\n<div class=\"wp-block-column is-layout-flow wp-block-column-is-layout-flow\">\n<p class=\"has-text-align-center\">\u00a0Mots encreuats<\/p>\n<\/div>\n\n\n\n<div class=\"wp-block-column is-layout-flow wp-block-column-is-layout-flow\">\n<p class=\"has-text-align-center\">\u00a0<a href=\"https:\/\/drive.google.com\/open?id=10S6TdCJWuDB2-vo9YDXX2kvX9XtFdXoy\" target=\"_blank\" rel=\"noreferrer noopener\">Cal\u00b7ligrames<\/a><\/p>\n<\/div>\n<\/div>\n\n\n\n<p class=\"has-white-color has-text-color has-link-color wp-elements-7e4ac651328708ea719ac0894fa30934\">.<\/p>\n\n\n\n<p><strong>Altres propostes<\/strong>&nbsp;de dinamitzaci\u00f3 proposades:<\/p>\n\n\n\n<ul class=\"wp-block-list\">\n<li>Efem\u00e8rides liter\u00e0ries (<a href=\"https:\/\/drive.google.com\/open?id=1p-ikUm94D6KhHZtNBT4ZZ8rfGJzfPKkg\" target=\"_blank\" rel=\"noreferrer noopener\">2019<\/a>)(<a href=\"http:\/\/bibliotecagodella.com\/efemerides-literaria-centenarios-de-2020\/\" target=\"_blank\" rel=\"noreferrer noopener\">2020<\/a>)<\/li>\n\n\n\n<li><a href=\"https:\/\/www.youtube.com\/results?search_query=booktubers\" target=\"_blank\" rel=\"noreferrer noopener\">BookTubers<\/a><\/li>\n\n\n\n<li><a href=\"https:\/\/geolittera.wordpress.com\/\" target=\"_blank\" rel=\"noreferrer noopener\">Geolitera\u00a0<\/a><\/li>\n\n\n\n<li>Exposici\u00f3\/presentaci\u00f3 de llibres mitjan\u00e7ant\u00a0<a href=\"https:\/\/www.unitag.io\/es\/qrcode\" target=\"_blank\" rel=\"noreferrer noopener\">Codis QR<\/a><\/li>\n\n\n\n<li>Aparadors tem\u00e0tics: presentaci\u00f3\/decoraci\u00f3 d&#8217;un espai de la biblioteca o del centre educatiu amb un conjunt de llibres de tem\u00e0tica concreta.<\/li>\n\n\n\n<li>Selecci\u00f3 de materials de cada mes. Dedicar cada mes a una tem\u00e0tica diferent i fer un recull de llibres i materials d&#8217;aquella tem\u00e0tica<\/li>\n\n\n\n<li>Concursos o activitats de participaci\u00f3 (poden ser en diferents lleng\u00fces i per les diferents etapes educatives dins del centre)<\/li>\n<\/ul>\n\n\n\n<p class=\"has-white-color has-text-color has-link-color wp-elements-7e4ac651328708ea719ac0894fa30934\">.<\/p>\n\n\n\n<p>Webs per crear n\u00favols de paraules:<\/p>\n\n\n\n<ul class=\"wp-block-list\">\n<li><a href=\"http:\/\/wordle.net\/\" target=\"_blank\" rel=\"noreferrer noopener\">Wordle.net<\/a><\/li>\n\n\n\n<li><a href=\"http:\/\/wordart.com\/\" target=\"_blank\" rel=\"noreferrer noopener\">WordArt.com<\/a><\/li>\n<\/ul>\n\n\n\n<p class=\"has-white-color has-text-color has-link-color wp-elements-7e4ac651328708ea719ac0894fa30934\">.<\/p>\n\n\n\n<figure class=\"wp-block-image alignright size-large is-resized\"><a href=\"https:\/\/serveiseducatius.xtec.cat\/pladelestany\/les-nostres-activitats\/seminaris\/dinamitzacio-biblioteques-escolars\/\"><img loading=\"lazy\" decoding=\"async\" width=\"1024\" height=\"1024\" src=\"https:\/\/serveiseducatius.xtec.cat\/pladelestany\/wp-content\/uploads\/usu771\/2025\/07\/Icones-SITES-Biblioteca-8-1024x1024.png\" alt=\"\" class=\"wp-image-7571\" style=\"width:152px;height:auto\" srcset=\"https:\/\/serveiseducatius.xtec.cat\/pladelestany\/wp-content\/uploads\/usu771\/2025\/07\/Icones-SITES-Biblioteca-8-1024x1024.png 1024w, https:\/\/serveiseducatius.xtec.cat\/pladelestany\/wp-content\/uploads\/usu771\/2025\/07\/Icones-SITES-Biblioteca-8-300x300.png 300w, https:\/\/serveiseducatius.xtec.cat\/pladelestany\/wp-content\/uploads\/usu771\/2025\/07\/Icones-SITES-Biblioteca-8-150x150.png 150w, https:\/\/serveiseducatius.xtec.cat\/pladelestany\/wp-content\/uploads\/usu771\/2025\/07\/Icones-SITES-Biblioteca-8-768x768.png 768w, https:\/\/serveiseducatius.xtec.cat\/pladelestany\/wp-content\/uploads\/usu771\/2025\/07\/Icones-SITES-Biblioteca-8.png 1080w\" sizes=\"auto, (max-width: 1024px) 100vw, 1024px\" \/><\/a><\/figure>\n","protected":false},"excerpt":{"rendered":"<p>Campanya Biblioteca Oberta Enregistrem un v\u00eddeo mostrant la nostra Biblioteca Escolar i expliquem alguna experi\u00e8ncia, aix\u00ed fem xarxa i compartim [&hellip;]<\/p>\n","protected":false},"author":1,"featured_media":0,"parent":6303,"menu_order":0,"comment_status":"closed","ping_status":"close","template":"","meta":{"site-sidebar-layout":"default","site-content-layout":"","ast-site-content-layout":"default","site-content-style":"default","site-sidebar-style":"default","ast-global-header-display":"","ast-banner-title-visibility":"","ast-main-header-display":"","ast-hfb-above-header-display":"","ast-hfb-below-header-display":"","ast-hfb-mobile-header-display":"","site-post-title":"","ast-breadcrumbs-content":"","ast-featured-img":"","footer-sml-layout":"","theme-transparent-header-meta":"","adv-header-id-meta":"","stick-header-meta":"","header-above-stick-meta":"","header-main-stick-meta":"","header-below-stick-meta":"","astra-migrate-meta-layouts":"set","ast-page-background-enabled":"default","ast-page-background-meta":{"desktop":{"background-color":"var(--ast-global-color-4)","background-image":"","background-repeat":"repeat","background-position":"center center","background-size":"auto","background-attachment":"scroll","background-type":"","background-media":"","overlay-type":"","overlay-color":"","overlay-opacity":"","overlay-gradient":""},"tablet":{"background-color":"","background-image":"","background-repeat":"repeat","background-position":"center center","background-size":"auto","background-attachment":"scroll","background-type":"","background-media":"","overlay-type":"","overlay-color":"","overlay-opacity":"","overlay-gradient":""},"mobile":{"background-color":"","background-image":"","background-repeat":"repeat","background-position":"center center","background-size":"auto","background-attachment":"scroll","background-type":"","background-media":"","overlay-type":"","overlay-color":"","overlay-opacity":"","overlay-gradient":""}},"ast-content-background-meta":{"desktop":{"background-color":"var(--ast-global-color-5)","background-image":"","background-repeat":"repeat","background-position":"center center","background-size":"auto","background-attachment":"scroll","background-type":"","background-media":"","overlay-type":"","overlay-color":"","overlay-opacity":"","overlay-gradient":""},"tablet":{"background-color":"var(--ast-global-color-5)","background-image":"","background-repeat":"repeat","background-position":"center center","background-size":"auto","background-attachment":"scroll","background-type":"","background-media":"","overlay-type":"","overlay-color":"","overlay-opacity":"","overlay-gradient":""},"mobile":{"background-color":"var(--ast-global-color-5)","background-image":"","background-repeat":"repeat","background-position":"center center","background-size":"auto","background-attachment":"scroll","background-type":"","background-media":"","overlay-type":"","overlay-color":"","overlay-opacity":"","overlay-gradient":""}},"footnotes":""},"class_list":["post-7640","page","type-page","status-publish","hentry"],"post_mailing_queue_ids":[],"_links":{"self":[{"href":"https:\/\/serveiseducatius.xtec.cat\/pladelestany\/wp-json\/wp\/v2\/pages\/7640","targetHints":{"allow":["GET"]}}],"collection":[{"href":"https:\/\/serveiseducatius.xtec.cat\/pladelestany\/wp-json\/wp\/v2\/pages"}],"about":[{"href":"https:\/\/serveiseducatius.xtec.cat\/pladelestany\/wp-json\/wp\/v2\/types\/page"}],"author":[{"embeddable":true,"href":"https:\/\/serveiseducatius.xtec.cat\/pladelestany\/wp-json\/wp\/v2\/users\/1"}],"replies":[{"embeddable":true,"href":"https:\/\/serveiseducatius.xtec.cat\/pladelestany\/wp-json\/wp\/v2\/comments?post=7640"}],"version-history":[{"count":3,"href":"https:\/\/serveiseducatius.xtec.cat\/pladelestany\/wp-json\/wp\/v2\/pages\/7640\/revisions"}],"predecessor-version":[{"id":7644,"href":"https:\/\/serveiseducatius.xtec.cat\/pladelestany\/wp-json\/wp\/v2\/pages\/7640\/revisions\/7644"}],"up":[{"embeddable":true,"href":"https:\/\/serveiseducatius.xtec.cat\/pladelestany\/wp-json\/wp\/v2\/pages\/6303"}],"wp:attachment":[{"href":"https:\/\/serveiseducatius.xtec.cat\/pladelestany\/wp-json\/wp\/v2\/media?parent=7640"}],"curies":[{"name":"wp","href":"https:\/\/api.w.org\/{rel}","templated":true}]}}