{"id":6923,"date":"2025-05-01T17:08:05","date_gmt":"2025-05-01T15:08:05","guid":{"rendered":"https:\/\/serveiseducatius.xtec.cat\/pladelestany\/?page_id=6923"},"modified":"2026-04-19T16:22:35","modified_gmt":"2026-04-19T14:22:35","slug":"pfz-comissio","status":"publish","type":"page","link":"https:\/\/serveiseducatius.xtec.cat\/pladelestany\/pfz-comissio\/","title":{"rendered":"Pla de formaci\u00f3 de zona (PFZ)"},"content":{"rendered":"\n<div class=\"wp-block-columns has-4-columns is-layout-flex wp-container-core-columns-is-layout-1 wp-block-columns-is-layout-flex\">\n<div class=\"wp-block-column is-layout-flow wp-block-column-is-layout-flow\">\n<figure class=\"wp-block-image alignfull size-full\"><a href=\"https:\/\/serveiseducatius.xtec.cat\/pladelestany\/wp-content\/uploads\/usu771\/2025\/05\/pfz_pt.png\"><img loading=\"lazy\" decoding=\"async\" width=\"258\" height=\"195\" src=\"https:\/\/serveiseducatius.xtec.cat\/pladelestany\/wp-content\/uploads\/usu771\/2025\/05\/pfz_pt.png\" alt=\"\" class=\"wp-image-6918\"\/><\/a><\/figure>\n\n\n\n<hr class=\"wp-block-separator has-text-color has-white-color has-alpha-channel-opacity has-white-background-color has-background\"\/>\n\n\n\n<div class=\"wp-block-buttons has-custom-font-size has-large-font-size is-vertical is-layout-flex wp-container-core-buttons-is-layout-1 wp-block-buttons-is-layout-flex\" style=\"margin-top:0;margin-bottom:0\">\n<div class=\"wp-block-button has-custom-width wp-block-button__width-100 has-custom-font-size is-style-outline has-small-font-size is-style-outline--1\"><a class=\"wp-block-button__link has-white-color has-cyan-bluish-gray-background-color has-text-color has-background has-link-color wp-element-button\" href=\"https:\/\/serveiseducatius.xtec.cat\/pladelestany\/pfz-descripcio\/\"><strong>Descripci\u00f3 i calendari<\/strong><\/a><\/div>\n\n\n\n<div class=\"wp-block-button has-custom-width wp-block-button__width-100 has-custom-font-size is-style-outline has-small-font-size is-style-outline--2\"><a class=\"wp-block-button__link has-white-color has-cyan-bluish-gray-background-color has-text-color has-background has-link-color wp-element-button\" href=\"https:\/\/serveiseducatius.xtec.cat\/pladelestany\/pfz-funcionament\/\"><strong>Funcionament <\/strong><\/a><\/div>\n\n\n\n<div class=\"wp-block-button has-custom-width wp-block-button__width-100 has-custom-font-size is-style-outline has-small-font-size is-style-outline--3\"><a class=\"wp-block-button__link has-white-color has-cyan-bluish-gray-background-color has-text-color has-background has-link-color wp-element-button\" href=\"https:\/\/serveiseducatius.xtec.cat\/pladelestany\/pfz-novaactivitat\/\"><strong>Sol\u00b7licitud d&#8217;activitats<\/strong><\/a><\/div>\n\n\n\n<div class=\"wp-block-button has-custom-width wp-block-button__width-100 has-custom-font-size is-style-outline has-small-font-size is-style-outline--4\"><a class=\"wp-block-button__link has-white-color has-cyan-bluish-gray-background-color has-text-color has-background has-link-color wp-element-button\" href=\"https:\/\/serveiseducatius.xtec.cat\/pladelestany\/pfz-circular\/\"><strong>Circular informativa<\/strong><\/a><\/div>\n\n\n\n<div class=\"wp-block-button has-custom-width wp-block-button__width-100 is-style-outline is-style-outline--5\"><a class=\"wp-block-button__link has-white-color has-cyan-bluish-gray-background-color has-text-color has-background has-link-color wp-element-button\" href=\"https:\/\/serveiseducatius.xtec.cat\/pladelestany\/pfz-modalitats\/\"><strong>Tipus d&#8217;activitats<\/strong><\/a><\/div>\n\n\n\n<div class=\"wp-block-button has-custom-width wp-block-button__width-100 is-style-outline is-style-outline--6\"><a class=\"wp-block-button__link has-white-color has-cyan-bluish-gray-background-color has-text-color has-background has-link-color wp-element-button\" href=\"https:\/\/serveiseducatius.xtec.cat\/pladelestany\/pfz-propostesunitats\/\"><strong>Propostes formatives Departament d&#8217;Ed i FP<\/strong><\/a><\/div>\n<\/div>\n<\/div>\n\n\n\n<div class=\"wp-block-column is-layout-flow wp-block-column-is-layout-flow\" style=\"flex-basis:80%\">\n<div class=\"wp-block-buttons has-custom-font-size has-large-font-size is-layout-flex wp-block-buttons-is-layout-flex\">\n<div class=\"wp-block-button has-custom-font-size has-medium-font-size\"><a class=\"wp-block-button__link wp-element-button\" href=\"https:\/\/serveiseducatius.xtec.cat\/pladelestany\/pfz-activitats\/\"><strong>Activitats curs actual<\/strong><\/a><\/div>\n\n\n\n<div class=\"wp-block-button has-custom-font-size has-medium-font-size\"><a class=\"wp-block-button__link wp-element-button\" href=\"https:\/\/serveiseducatius.xtec.cat\/pladelestany\/formacio\/pfz-assistents\/\"><strong>Espai Assistents<\/strong><\/a><\/div>\n\n\n\n<div class=\"wp-block-button has-custom-font-size has-medium-font-size\"><a class=\"wp-block-button__link wp-element-button\" href=\"https:\/\/serveiseducatius.xtec.cat\/pladelestany\/formacio\/pfz-formadors\/\"><strong>Espai Formadors<\/strong><\/a><\/div>\n<\/div>\n\n\n\n<hr class=\"wp-block-separator has-text-color has-white-color has-alpha-channel-opacity has-white-background-color has-background\"\/>\n\n\n\n<h4 class=\"wp-block-heading\">Comissi\u00f3 PFZ<\/h4>\n\n\n\n<h5 class=\"wp-block-heading\"><strong>Qu\u00e8 \u00e9s?<\/strong><\/h5>\n\n\n\n<p>\u00c9s l\u2019\u00f2rgan encarregat d\u2019<strong>elaborar la proposta<\/strong> d\u2019activitats del PFZ del Pla de l&#8217;Estany, de fer-ne el <strong>seguiment<\/strong> i, finalment, l\u2019<strong>avaluaci\u00f3<\/strong>.<\/p>\n\n\n\n<p>La Secci\u00f3 de Serveis Educatius i Formaci\u00f3 Permanent dels ST analitzar\u00e0 i concretar\u00e0 la proposta de les activitats de territori, en funci\u00f3 de les prioritats i de les demandes no ateses d\u2019alguna zona.<\/p>\n\n\n\n<h5 class=\"wp-block-heading\"><strong>Finalitat<\/strong><\/h5>\n\n\n\n<p>Garantir que la proposta formativa que es desenvolupa a la zona sigui adequada a les necessitats, a la demanda i als recursos; que es prioritzin les actuacions amb criteris objectius, comptant amb la participaci\u00f3 de les persones implicades.<\/p>\n\n\n\n<h5 class=\"wp-block-heading\"><strong>La comissi\u00f3 del PFZ est\u00e0 integrada per<\/strong><\/h5>\n\n\n\n<ul class=\"wp-block-list\">\n<li>L&#8217;inspector\/a d\u2019educaci\u00f3 de la zona que actua com a president\/a.<\/li>\n\n\n\n<li>Una persona t\u00e8cnica docent del centre de recursos pedag\u00f2gics (CRP) que actua com a secretari\/a.<\/li>\n\n\n\n<li>L\u2019equip de la direcci\u00f3 t\u00e8cnica del Servei Educatiu del Pla de l&#8217;Estany.<\/li>\n\n\n\n<li>Una persona de la secci\u00f3 de Serveis Educatius i Formaci\u00f3 Permanent dels ST.<\/li>\n\n\n\n<li>Representants dels centres educatius de la zona amb representaci\u00f3 de les diferents etapes educatives i sectors (p\u00fablic i concertat) i amb una proporcionalitat adequada al nombre de centres.<\/li>\n\n\n\n<li>Un o una representant de l\u2019ICE.<\/li>\n<\/ul>\n\n\n\n<h5 class=\"wp-block-heading\"><strong>Qui organitza la formaci\u00f3?<\/strong><\/h5>\n\n\n\n<p>Les activitats de formaci\u00f3 s\u00f3n organitzades pel Servei Educatiu del Pla de l&#8217;Estany, per les diferents unitats del Departament d\u2019Ensenyament i les institucions col\u00b7laboradores, especialment l&#8217;ICE de la UdG.<\/p>\n\n\n\n<p>El <a href=\"http:\/\/serveiseducatius.xtec.cat\/pladelestany\/el-servei-educatiu\/equip\/crp\/\" target=\"_blank\" rel=\"noreferrer noopener\">Centre de Recursos Pedag\u00f2gics<\/a>&nbsp;organitza i coordina l\u2019execuci\u00f3 i el seguiment de les <a href=\"http:\/\/serveiseducatius.xtec.cat\/pladelestany\/formacio\/activitats\/\">activitats del PFZ<\/a>.<\/p>\n<\/div>\n<\/div>\n","protected":false},"excerpt":{"rendered":"<p>Comissi\u00f3 PFZ Qu\u00e8 \u00e9s? \u00c9s l\u2019\u00f2rgan encarregat d\u2019elaborar la proposta d\u2019activitats del PFZ del Pla de l&#8217;Estany, de fer-ne el [&hellip;]<\/p>\n","protected":false},"author":1,"featured_media":0,"parent":0,"menu_order":0,"comment_status":"closed","ping_status":"closed","template":"","meta":{"site-sidebar-layout":"default","site-content-layout":"","ast-site-content-layout":"default","site-content-style":"default","site-sidebar-style":"default","ast-global-header-display":"","ast-banner-title-visibility":"","ast-main-header-display":"","ast-hfb-above-header-display":"","ast-hfb-below-header-display":"","ast-hfb-mobile-header-display":"","site-post-title":"","ast-breadcrumbs-content":"","ast-featured-img":"","footer-sml-layout":"","theme-transparent-header-meta":"","adv-header-id-meta":"","stick-header-meta":"","header-above-stick-meta":"","header-main-stick-meta":"","header-below-stick-meta":"","astra-migrate-meta-layouts":"set","ast-page-background-enabled":"default","ast-page-background-meta":{"desktop":{"background-color":"var(--ast-global-color-4)","background-image":"","background-repeat":"repeat","background-position":"center center","background-size":"auto","background-attachment":"scroll","background-type":"","background-media":"","overlay-type":"","overlay-color":"","overlay-opacity":"","overlay-gradient":""},"tablet":{"background-color":"","background-image":"","background-repeat":"repeat","background-position":"center center","background-size":"auto","background-attachment":"scroll","background-type":"","background-media":"","overlay-type":"","overlay-color":"","overlay-opacity":"","overlay-gradient":""},"mobile":{"background-color":"","background-image":"","background-repeat":"repeat","background-position":"center center","background-size":"auto","background-attachment":"scroll","background-type":"","background-media":"","overlay-type":"","overlay-color":"","overlay-opacity":"","overlay-gradient":""}},"ast-content-background-meta":{"desktop":{"background-color":"var(--ast-global-color-5)","background-image":"","background-repeat":"repeat","background-position":"center center","background-size":"auto","background-attachment":"scroll","background-type":"","background-media":"","overlay-type":"","overlay-color":"","overlay-opacity":"","overlay-gradient":""},"tablet":{"background-color":"var(--ast-global-color-5)","background-image":"","background-repeat":"repeat","background-position":"center center","background-size":"auto","background-attachment":"scroll","background-type":"","background-media":"","overlay-type":"","overlay-color":"","overlay-opacity":"","overlay-gradient":""},"mobile":{"background-color":"var(--ast-global-color-5)","background-image":"","background-repeat":"repeat","background-position":"center center","background-size":"auto","background-attachment":"scroll","background-type":"","background-media":"","overlay-type":"","overlay-color":"","overlay-opacity":"","overlay-gradient":""}},"footnotes":""},"class_list":["post-6923","page","type-page","status-publish","hentry"],"post_mailing_queue_ids":[],"_links":{"self":[{"href":"https:\/\/serveiseducatius.xtec.cat\/pladelestany\/wp-json\/wp\/v2\/pages\/6923","targetHints":{"allow":["GET"]}}],"collection":[{"href":"https:\/\/serveiseducatius.xtec.cat\/pladelestany\/wp-json\/wp\/v2\/pages"}],"about":[{"href":"https:\/\/serveiseducatius.xtec.cat\/pladelestany\/wp-json\/wp\/v2\/types\/page"}],"author":[{"embeddable":true,"href":"https:\/\/serveiseducatius.xtec.cat\/pladelestany\/wp-json\/wp\/v2\/users\/1"}],"replies":[{"embeddable":true,"href":"https:\/\/serveiseducatius.xtec.cat\/pladelestany\/wp-json\/wp\/v2\/comments?post=6923"}],"version-history":[{"count":6,"href":"https:\/\/serveiseducatius.xtec.cat\/pladelestany\/wp-json\/wp\/v2\/pages\/6923\/revisions"}],"predecessor-version":[{"id":9089,"href":"https:\/\/serveiseducatius.xtec.cat\/pladelestany\/wp-json\/wp\/v2\/pages\/6923\/revisions\/9089"}],"wp:attachment":[{"href":"https:\/\/serveiseducatius.xtec.cat\/pladelestany\/wp-json\/wp\/v2\/media?parent=6923"}],"curies":[{"name":"wp","href":"https:\/\/api.w.org\/{rel}","templated":true}]}}

Pla de formació de zona (PFZ)

<div class="wp-block-columns has-4-columns is-layout-flex wp-container-core-columns-is-layout-1 wp-block-columns-is-layout-flex">
<div class="wp-block-column is-layout-flow wp-block-column-is-layout-flow">
<figure class="wp-block-image alignfull size-full"><a href="https://serveiseducatius.xtec.cat/pladelestany/wp-content/uploads/usu771/2025/05/pfz_pt.png"><img loading="lazy" decoding="async" width="258" height="195" src="https://serveiseducatius.xtec.cat/pladelestany/wp-content/uploads/usu771/2025/05/pfz_pt.png" alt="" class="wp-image-6918"/></a></figure>



<hr class="wp-block-separator has-text-color has-white-color has-alpha-channel-opacity has-white-background-color has-background"/>



<div class="wp-block-buttons has-custom-font-size has-large-font-size is-vertical is-layout-flex wp-container-core-buttons-is-layout-1 wp-block-buttons-is-layout-flex" style="margin-top:0;margin-bottom:0">
<div class="wp-block-button has-custom-width wp-block-button__width-100 has-custom-font-size is-style-outline has-small-font-size is-style-outline--1"><a class="wp-block-button__link has-white-color has-cyan-bluish-gray-background-color has-text-color has-background has-link-color wp-element-button" href="https://serveiseducatius.xtec.cat/pladelestany/pfz-descripcio/"><strong>Descripció i calendari</strong></a></div>



<div class="wp-block-button has-custom-width wp-block-button__width-100 has-custom-font-size is-style-outline has-small-font-size is-style-outline--2"><a class="wp-block-button__link has-white-color has-cyan-bluish-gray-background-color has-text-color has-background has-link-color wp-element-button" href="https://serveiseducatius.xtec.cat/pladelestany/pfz-funcionament/"><strong>Funcionament </strong></a></div>



<div class="wp-block-button has-custom-width wp-block-button__width-100 has-custom-font-size is-style-outline has-small-font-size is-style-outline--3"><a class="wp-block-button__link has-white-color has-cyan-bluish-gray-background-color has-text-color has-background has-link-color wp-element-button" href="https://serveiseducatius.xtec.cat/pladelestany/pfz-novaactivitat/"><strong>Sol·licitud d&#8217;activitats</strong></a></div>



<div class="wp-block-button has-custom-width wp-block-button__width-100 has-custom-font-size is-style-outline has-small-font-size is-style-outline--4"><a class="wp-block-button__link has-white-color has-cyan-bluish-gray-background-color has-text-color has-background has-link-color wp-element-button" href="https://serveiseducatius.xtec.cat/pladelestany/pfz-circular/"><strong>Circular informativa</strong></a></div>



<div class="wp-block-button has-custom-width wp-block-button__width-100 is-style-outline is-style-outline--5"><a class="wp-block-button__link has-white-color has-cyan-bluish-gray-background-color has-text-color has-background has-link-color wp-element-button" href="https://serveiseducatius.xtec.cat/pladelestany/pfz-modalitats/"><strong>Tipus d&#8217;activitats</strong></a></div>



<div class="wp-block-button has-custom-width wp-block-button__width-100 is-style-outline is-style-outline--6"><a class="wp-block-button__link has-white-color has-cyan-bluish-gray-background-color has-text-color has-background has-link-color wp-element-button" href="https://serveiseducatius.xtec.cat/pladelestany/pfz-propostesunitats/"><strong>Propostes formatives Departament d&#8217;Ed i FP</strong></a></div>
</div>
</div>



<div class="wp-block-column is-layout-flow wp-block-column-is-layout-flow" style="flex-basis:80%">
<div class="wp-block-buttons has-custom-font-size has-large-font-size is-layout-flex wp-block-buttons-is-layout-flex">
<div class="wp-block-button has-custom-font-size has-medium-font-size"><a class="wp-block-button__link wp-element-button" href="https://serveiseducatius.xtec.cat/pladelestany/pfz-activitats/"><strong>Activitats curs actual</strong></a></div>



<div class="wp-block-button has-custom-font-size has-medium-font-size"><a class="wp-block-button__link wp-element-button" href="https://serveiseducatius.xtec.cat/pladelestany/formacio/pfz-assistents/"><strong>Espai Assistents</strong></a></div>



<div class="wp-block-button has-custom-font-size has-medium-font-size"><a class="wp-block-button__link wp-element-button" href="https://serveiseducatius.xtec.cat/pladelestany/formacio/pfz-formadors/"><strong>Espai Formadors</strong></a></div>
</div>



<hr class="wp-block-separator has-text-color has-white-color has-alpha-channel-opacity has-white-background-color has-background"/>



<h4 class="wp-block-heading">Comissió PFZ</h4>



<h5 class="wp-block-heading"><strong>Què és?</strong></h5>



<p>És l’òrgan encarregat d’<strong>elaborar la proposta</strong> d’activitats del PFZ del Pla de l&#8217;Estany, de fer-ne el <strong>seguiment</strong> i, finalment, l’<strong>avaluació</strong>.</p>



<p>La Secció de Serveis Educatius i Formació Permanent dels ST analitzarà i concretarà la proposta de les activitats de territori, en funció de les prioritats i de les demandes no ateses d’alguna zona.</p>



<h5 class="wp-block-heading"><strong>Finalitat</strong></h5>



<p>Garantir que la proposta formativa que es desenvolupa a la zona sigui adequada a les necessitats, a la demanda i als recursos; que es prioritzin les actuacions amb criteris objectius, comptant amb la participació de les persones implicades.</p>



<h5 class="wp-block-heading"><strong>La comissió del PFZ està integrada per</strong></h5>



<ul class="wp-block-list">
<li>L&#8217;inspector/a d’educació de la zona que actua com a president/a.</li>



<li>Una persona tècnica docent del centre de recursos pedagògics (CRP) que actua com a secretari/a.</li>



<li>L’equip de la direcció tècnica del Servei Educatiu del Pla de l&#8217;Estany.</li>



<li>Una persona de la secció de Serveis Educatius i Formació Permanent dels ST.</li>



<li>Representants dels centres educatius de la zona amb representació de les diferents etapes educatives i sectors (públic i concertat) i amb una proporcionalitat adequada al nombre de centres.</li>



<li>Un o una representant de l’ICE.</li>
</ul>



<h5 class="wp-block-heading"><strong>Qui organitza la formació?</strong></h5>



<p>Les activitats de formació són organitzades pel Servei Educatiu del Pla de l&#8217;Estany, per les diferents unitats del Departament d’Ensenyament i les institucions col·laboradores, especialment l&#8217;ICE de la UdG.</p>



<p>El <a href="http://serveiseducatius.xtec.cat/pladelestany/el-servei-educatiu/equip/crp/" target="_blank" rel="noreferrer noopener">Centre de Recursos Pedagògics</a>&nbsp;organitza i coordina l’execució i el seguiment de les <a href="http://serveiseducatius.xtec.cat/pladelestany/formacio/activitats/">activitats del PFZ</a>.</p>
</div>
</div>

<p>Comissió PFZ Què és? És l’òrgan encarregat d’elaborar la proposta d’activitats del PFZ del Pla de l&#8217;Estany, de fer-ne el [&hellip;]</p>
