{"id":6551,"date":"2025-02-26T11:22:15","date_gmt":"2025-02-26T10:22:15","guid":{"rendered":"https:\/\/serveiseducatius.xtec.cat\/pladelestany\/?page_id=6551"},"modified":"2026-04-13T14:09:52","modified_gmt":"2026-04-13T12:09:52","slug":"projectes-i-convenis","status":"publish","type":"page","link":"https:\/\/serveiseducatius.xtec.cat\/pladelestany\/entorn\/servei-comunitari\/projectes-i-convenis\/","title":{"rendered":"Projectes i convenis"},"content":{"rendered":"\n<figure class=\"wp-block-image aligncenter size-large\"><img loading=\"lazy\" decoding=\"async\" width=\"1024\" height=\"256\" src=\"https:\/\/serveiseducatius.xtec.cat\/pladelestany\/wp-content\/uploads\/usu771\/2025\/02\/8-2-1024x256.png\" alt=\"\" class=\"wp-image-6552\" srcset=\"https:\/\/serveiseducatius.xtec.cat\/pladelestany\/wp-content\/uploads\/usu771\/2025\/02\/8-2-1024x256.png 1024w, https:\/\/serveiseducatius.xtec.cat\/pladelestany\/wp-content\/uploads\/usu771\/2025\/02\/8-2-300x75.png 300w, https:\/\/serveiseducatius.xtec.cat\/pladelestany\/wp-content\/uploads\/usu771\/2025\/02\/8-2-768x192.png 768w, https:\/\/serveiseducatius.xtec.cat\/pladelestany\/wp-content\/uploads\/usu771\/2025\/02\/8-2-1536x384.png 1536w, https:\/\/serveiseducatius.xtec.cat\/pladelestany\/wp-content\/uploads\/usu771\/2025\/02\/8-2.png 1920w\" sizes=\"auto, (max-width: 1024px) 100vw, 1024px\" \/><\/figure>\n\n\n\n<p>Vetllem per qu\u00e8 els projectes que realitzem tinguin impacte social i tamb\u00e9 per qu\u00e8 all\u00f2 que treballem serveixi per millorar la feina curricular de l&#8217;aula (millorar en lleng\u00fces, en matem\u00e0tiques, en compet\u00e8ncia social i ciutadana&#8230;).&nbsp;<\/p>\n\n\n\n<p>Cal incidir en el valor afegit dels projectes, en la part pedag\u00f2gica on l&#8217;alumnat aporta idees, solucions o canvis a les necessitats que ha detectat, abans, durant i despr\u00e9s del Servei, amb all\u00f2 que ha apr\u00e8s a l&#8217;aula.<\/p>\n\n\n\n<p>Cal vincular&nbsp;cada Servei Comunitari amb un Objectiu de Desenvolupament Sostenible (ODS), en funci\u00f3 del seu \u00e0mbit d&#8217;actuaci\u00f3.<\/p>\n\n\n\n<figure class=\"wp-block-image aligncenter size-large is-resized\"><img loading=\"lazy\" decoding=\"async\" width=\"1024\" height=\"618\" src=\"https:\/\/serveiseducatius.xtec.cat\/pladelestany\/wp-content\/uploads\/usu771\/2025\/02\/ODS_Objectius_Desenvolupament_Sostenible-1024x618.jpg\" alt=\"\" class=\"wp-image-6381\" style=\"width:524px;height:auto\" srcset=\"https:\/\/serveiseducatius.xtec.cat\/pladelestany\/wp-content\/uploads\/usu771\/2025\/02\/ODS_Objectius_Desenvolupament_Sostenible-1024x618.jpg 1024w, https:\/\/serveiseducatius.xtec.cat\/pladelestany\/wp-content\/uploads\/usu771\/2025\/02\/ODS_Objectius_Desenvolupament_Sostenible-300x181.jpg 300w, https:\/\/serveiseducatius.xtec.cat\/pladelestany\/wp-content\/uploads\/usu771\/2025\/02\/ODS_Objectius_Desenvolupament_Sostenible-768x463.jpg 768w, https:\/\/serveiseducatius.xtec.cat\/pladelestany\/wp-content\/uploads\/usu771\/2025\/02\/ODS_Objectius_Desenvolupament_Sostenible.jpg 1280w\" sizes=\"auto, (max-width: 1024px) 100vw, 1024px\" \/><\/figure>\n\n\n\n<p><\/p>\n\n\n\n<p>Cal gestionar la<strong>&nbsp;renovaci\u00f3 de tots els convenis de Servei Comunitari<\/strong>&nbsp;(inclosos els que&nbsp;encara s\u00f3n vigents aquest&nbsp;curs 2025-2026),&nbsp;at\u00e8s que&nbsp;ha deixat de ser vigent\u200b&nbsp;el model de conveni al qual estaven vinculats.<\/p>\n\n\n\n<p>Aquest model s&#8217;ha d&#8217;utilitzar per formalitzar els convenis entre la Generalitat de Catalunya, mitjan\u00e7ant el Departament d&#8217;Educaci\u00f3 i Formaci\u00f3 Professional, i l&#8217;entitat, l&#8217;ajuntament, el consell comarcal o l&#8217;ens local que participi en el projecte.\u200b<\/p>\n\n\n\n<ul class=\"wp-block-list\">\n<li>Els&nbsp;<strong>serveis&nbsp;territorials<\/strong>:&nbsp;s&#8217;encarregaran\u200b&nbsp;d&#8217;emplena\u200br&nbsp;el&nbsp;model&nbsp;de&nbsp;conveni&nbsp;amb&nbsp;les&nbsp;dades corresponents del centre educatiu i de l&#8217;entitat col\u00b7laboradora i gestionar-lo.<\/li>\n\n\n\n<li>Els&nbsp;<strong>directors i directores&nbsp;<\/strong>de centres del Departament han de signar els convenis en virtut de la&nbsp;<a href=\"https:\/\/dogc.gencat.cat\/ca\/pdogc_canals_interns\/pdogc_resultats_fitxa\/?action=fitxa&amp;documentId=874346&amp;language=ca_ES\" target=\"_blank\" rel=\"noreferrer noopener\">Resoluci\u00f3 EDU\/1189\/2020<\/a>,&nbsp;de 28 de maig, d&#8217;avocaci\u00f3 i delegaci\u00f3 de compet\u00e8ncies de la persona titular del Departament d&#8217;Educaci\u00f3.&nbsp;\u200b<\/li>\n<\/ul>\n\n\n\n<p class=\"has-background has-medium-font-size\" style=\"background-color:#7bab9f\">\u200b\u200bEl protocol a seguir ser\u00e0 el seg\u00fcent:<\/p>\n\n\n\n<ul class=\"wp-block-list\">\n<li>L\u2019Ajuntament, Consell Comarcal, Ens o Organisme aut\u00f2nom o Entitat hauran d\u2019omplir aquest <a href=\"https:\/\/forms.gle\/G7djhFGktvU3oDrX8\" target=\"_blank\" rel=\"noreferrer noopener\">formulari<\/a> que des del centre els fareu arribar.<\/li>\n<\/ul>\n\n\n\n<ul class=\"wp-block-list\">\n<li>Per poder omplir el formulari necessitaran que els faciliteu les seg\u00fcents dades:\n<ul class=\"wp-block-list\">\n<li>Codi del centre, Nom del centre, Poblaci\u00f3 del centre i Nom i cognoms del director\/a del centre educatiu (tal com surt al DNI), que s\u00f3n les dades que ells no disposen.<\/li>\n<\/ul>\n<\/li>\n\n\n\n<li>Una vegada que hagin emplenat i enviat el formulari, amb les dades aportades generarem, des dels ST de Girona, el document que haureu de signar.<\/li>\n<\/ul>\n\n\n\n<ul class=\"wp-block-list\">\n<li>Us enviarem el document, al centre, perqu\u00e8 el signeu les 2 parts.<\/li>\n<\/ul>\n\n\n\n<ul class=\"wp-block-list\">\n<li>Primer l\u2019envieu a&nbsp;l\u2019Ajuntament, Consell Comarcal, Ens o Organisme aut\u00f2nom o Entitat perqu\u00e8 ho signi electr\u00f2nicament cal que els indiqueu que, en cas de signar amb DNIe es faci servir el certificat de signatura (SIG) i no el d\u2019autenticaci\u00f3 (AUT), que no bloquegi el document despr\u00e9s de la signatura i que l\u2019entitat, ajuntament&#8230; un cop signat, no ho transformi en c\u00f2pia aut\u00e8ntica (es far\u00e0 al final, quan tothom hagi signat).<\/li>\n\n\n\n<li>Quan el retorni signat, signa el\/la director\/a del centre, seguint els consells del punt anterior i, ens el reenvieu a la mateixa adre\u00e7a de correu que us l\u2019ha fet arribar.<\/li>\n<\/ul>\n\n\n\n<ul class=\"wp-block-list\">\n<li>Amb el document ja signat per les dues parts, procedirem a la seva publicaci\u00f3 al portal de transpar\u00e8ncia.<\/li>\n<\/ul>\n\n\n\n<p>Com sempre podeu disposar de l\u2019ajuda del vostre referent del CRP.<\/p>\n\n\n\n<p>Els centres dels municipis que formen part del&nbsp;<strong>Pla Educatiu d\u2019Entorn<\/strong>&nbsp;(PEE) no fa falta que signin el conveni de Servei Comunitari amb les&nbsp;entitats municipals.<\/p>\n\n\n\n<p style=\"padding-top:0;padding-bottom:0\"><\/p>\n\n\n\n<p><\/p>\n\n\n<p><iframe loading=\"lazy\" width=\"1280\" height=\"600\" src=\"https:\/\/docs.google.com\/spreadsheets\/d\/e\/2PACX-1vTkH_FpsfItPjqzujC7HlIOkhQO4JO7pQLVLPKa2whL-3g3GZHd8rAusgw62OK6JOZ7X7R4VRJMfU6y\/pubhtml?widget=true&amp;headers=false\"><\/iframe><\/p>\n\n\n\n<div class=\"wp-block-buttons is-layout-flex wp-block-buttons-is-layout-flex\">\n<div class=\"wp-block-button is-style-fill\"><a class=\"wp-block-button__link wp-element-button\" href=\"https:\/\/docs.google.com\/spreadsheets\/d\/1sZ5wO5vVS_eroWxY5RK1KzkdLyMrTYyGWf0JDOgYXws\/edit?usp=drive_link\" target=\"_blank\" rel=\"noreferrer noopener\">Edici\u00f3 AQU\u00cd<\/a><\/div>\n<\/div>\n\n\n\n<p>Redacci\u00f3 dels projectes de centre que s&#8217;han dut a terme: <strong><a href=\"https:\/\/docs.google.com\/forms\/d\/e\/1FAIpQLScJYCbWKFEomKEazx4Y4oBGqLep4DfEEI5-FhJnZb_X1N3ccw\/viewform\" target=\"_blank\" rel=\"noreferrer noopener\">FORMULARI<\/a><\/strong><\/p>\n\n\n\n<div class=\"wp-block-columns is-layout-flex wp-container-core-columns-is-layout-1 wp-block-columns-is-layout-flex\">\n<div class=\"wp-block-column is-layout-flow wp-block-column-is-layout-flow\">\n<figure class=\"wp-block-image aligncenter size-large is-resized\"><a href=\"https:\/\/docs.google.com\/spreadsheets\/d\/1f33PDmRbHfarDNEP8bCBE0_4oN4Msxc0\/edit?gid=285239001#gid=285239001\" target=\"_blank\" rel=\"noreferrer noopener\"><img loading=\"lazy\" decoding=\"async\" width=\"1024\" height=\"1024\" src=\"https:\/\/serveiseducatius.xtec.cat\/pladelestany\/wp-content\/uploads\/usu771\/2025\/02\/12-1024x1024.png\" alt=\"\" class=\"wp-image-6564\" style=\"width:177px;height:auto\" srcset=\"https:\/\/serveiseducatius.xtec.cat\/pladelestany\/wp-content\/uploads\/usu771\/2025\/02\/12-1024x1024.png 1024w, https:\/\/serveiseducatius.xtec.cat\/pladelestany\/wp-content\/uploads\/usu771\/2025\/02\/12-300x300.png 300w, https:\/\/serveiseducatius.xtec.cat\/pladelestany\/wp-content\/uploads\/usu771\/2025\/02\/12-150x150.png 150w, https:\/\/serveiseducatius.xtec.cat\/pladelestany\/wp-content\/uploads\/usu771\/2025\/02\/12-768x768.png 768w, https:\/\/serveiseducatius.xtec.cat\/pladelestany\/wp-content\/uploads\/usu771\/2025\/02\/12.png 1080w\" sizes=\"auto, (max-width: 1024px) 100vw, 1024px\" \/><\/a><\/figure>\n<\/div>\n\n\n\n<div class=\"wp-block-column is-layout-flow wp-block-column-is-layout-flow\">\n<figure class=\"wp-block-image aligncenter size-large is-resized\"><a href=\"https:\/\/docs.google.com\/spreadsheets\/d\/1xmq5RF0sKvuPLXVjmzDMlIsatb83Xmu3\/edit?gid=285239001#gid=285239001\" target=\"_blank\" rel=\"noreferrer noopener\"><img loading=\"lazy\" decoding=\"async\" width=\"1024\" height=\"1024\" src=\"https:\/\/serveiseducatius.xtec.cat\/pladelestany\/wp-content\/uploads\/usu771\/2025\/02\/13-1024x1024.png\" alt=\"\" class=\"wp-image-6565\" style=\"width:181px;height:auto\" srcset=\"https:\/\/serveiseducatius.xtec.cat\/pladelestany\/wp-content\/uploads\/usu771\/2025\/02\/13-1024x1024.png 1024w, https:\/\/serveiseducatius.xtec.cat\/pladelestany\/wp-content\/uploads\/usu771\/2025\/02\/13-300x300.png 300w, https:\/\/serveiseducatius.xtec.cat\/pladelestany\/wp-content\/uploads\/usu771\/2025\/02\/13-150x150.png 150w, https:\/\/serveiseducatius.xtec.cat\/pladelestany\/wp-content\/uploads\/usu771\/2025\/02\/13-768x768.png 768w, https:\/\/serveiseducatius.xtec.cat\/pladelestany\/wp-content\/uploads\/usu771\/2025\/02\/13.png 1080w\" sizes=\"auto, (max-width: 1024px) 100vw, 1024px\" \/><\/a><\/figure>\n<\/div>\n\n\n\n<div class=\"wp-block-column is-layout-flow wp-block-column-is-layout-flow\">\n<figure class=\"wp-block-image aligncenter size-large is-resized\"><a href=\"https:\/\/docs.google.com\/spreadsheets\/d\/18Z5eyY3gZ9wVofj3WuyFT08KV9RS9IoajZngsumIAMs\/edit?gid=0#gid=0\" target=\"_blank\" rel=\"noreferrer noopener\"><img loading=\"lazy\" decoding=\"async\" width=\"1024\" height=\"1024\" src=\"https:\/\/serveiseducatius.xtec.cat\/pladelestany\/wp-content\/uploads\/usu771\/2025\/02\/14-1024x1024.png\" alt=\"\" class=\"wp-image-6566\" style=\"width:184px;height:auto\" srcset=\"https:\/\/serveiseducatius.xtec.cat\/pladelestany\/wp-content\/uploads\/usu771\/2025\/02\/14-1024x1024.png 1024w, https:\/\/serveiseducatius.xtec.cat\/pladelestany\/wp-content\/uploads\/usu771\/2025\/02\/14-300x300.png 300w, https:\/\/serveiseducatius.xtec.cat\/pladelestany\/wp-content\/uploads\/usu771\/2025\/02\/14-150x150.png 150w, https:\/\/serveiseducatius.xtec.cat\/pladelestany\/wp-content\/uploads\/usu771\/2025\/02\/14-768x768.png 768w, https:\/\/serveiseducatius.xtec.cat\/pladelestany\/wp-content\/uploads\/usu771\/2025\/02\/14.png 1080w\" sizes=\"auto, (max-width: 1024px) 100vw, 1024px\" \/><\/a><\/figure>\n<\/div>\n\n\n\n<div class=\"wp-block-column is-layout-flow wp-block-column-is-layout-flow\">\n<figure class=\"wp-block-image aligncenter size-large is-resized\"><a href=\"https:\/\/docs.google.com\/spreadsheets\/d\/1OK8kQDgceXx3kAltyWf-GQDG3pioQ9AA6-Ll2dsn600\/edit?gid=0#gid=0\" target=\"_blank\" rel=\"noreferrer noopener\"><img loading=\"lazy\" decoding=\"async\" width=\"1024\" height=\"1024\" src=\"https:\/\/serveiseducatius.xtec.cat\/pladelestany\/wp-content\/uploads\/usu771\/2025\/02\/15-1024x1024.png\" alt=\"\" class=\"wp-image-6568\" style=\"width:189px;height:auto\" srcset=\"https:\/\/serveiseducatius.xtec.cat\/pladelestany\/wp-content\/uploads\/usu771\/2025\/02\/15-1024x1024.png 1024w, https:\/\/serveiseducatius.xtec.cat\/pladelestany\/wp-content\/uploads\/usu771\/2025\/02\/15-300x300.png 300w, https:\/\/serveiseducatius.xtec.cat\/pladelestany\/wp-content\/uploads\/usu771\/2025\/02\/15-150x150.png 150w, https:\/\/serveiseducatius.xtec.cat\/pladelestany\/wp-content\/uploads\/usu771\/2025\/02\/15-768x768.png 768w, https:\/\/serveiseducatius.xtec.cat\/pladelestany\/wp-content\/uploads\/usu771\/2025\/02\/15.png 1080w\" sizes=\"auto, (max-width: 1024px) 100vw, 1024px\" \/><\/a><\/figure>\n<\/div>\n\n\n\n<div class=\"wp-block-column is-layout-flow wp-block-column-is-layout-flow\">\n<figure class=\"wp-block-image aligncenter size-large is-resized\"><a href=\"https:\/\/docs.google.com\/spreadsheets\/d\/e\/2PACX-1vT0Es6CBmRNyaNt7WFAY9JP1h6Npm6lMIgMe0sy8kH3wWHl2wQ0_WVUwFxiAIHvoQYKzW2H8ovke65_\/pubhtml?headers=false&amp;widget=true\" target=\"_blank\" rel=\"noreferrer noopener\"><img loading=\"lazy\" decoding=\"async\" width=\"1024\" height=\"1024\" src=\"https:\/\/serveiseducatius.xtec.cat\/pladelestany\/wp-content\/uploads\/usu771\/2025\/02\/Icones-SITES-Servei-comunitari-9-1024x1024.png\" alt=\"\" class=\"wp-image-6569\" style=\"width:192px;height:auto\" srcset=\"https:\/\/serveiseducatius.xtec.cat\/pladelestany\/wp-content\/uploads\/usu771\/2025\/02\/Icones-SITES-Servei-comunitari-9-1024x1024.png 1024w, https:\/\/serveiseducatius.xtec.cat\/pladelestany\/wp-content\/uploads\/usu771\/2025\/02\/Icones-SITES-Servei-comunitari-9-300x300.png 300w, https:\/\/serveiseducatius.xtec.cat\/pladelestany\/wp-content\/uploads\/usu771\/2025\/02\/Icones-SITES-Servei-comunitari-9-150x150.png 150w, https:\/\/serveiseducatius.xtec.cat\/pladelestany\/wp-content\/uploads\/usu771\/2025\/02\/Icones-SITES-Servei-comunitari-9-768x768.png 768w, https:\/\/serveiseducatius.xtec.cat\/pladelestany\/wp-content\/uploads\/usu771\/2025\/02\/Icones-SITES-Servei-comunitari-9.png 1080w\" sizes=\"auto, (max-width: 1024px) 100vw, 1024px\" \/><\/a><\/figure>\n<\/div>\n<\/div>\n\n\n\n<figure class=\"wp-block-image alignright size-large is-resized\"><a href=\"https:\/\/serveiseducatius.xtec.cat\/pladelestany\/entorn\/servei-comunitari\/\"><img loading=\"lazy\" decoding=\"async\" width=\"1024\" height=\"1024\" src=\"https:\/\/serveiseducatius.xtec.cat\/pladelestany\/wp-content\/uploads\/usu771\/2025\/02\/11-1-1024x1024.png\" alt=\"\" class=\"wp-image-6543\" style=\"width:141px;height:auto\" srcset=\"https:\/\/serveiseducatius.xtec.cat\/pladelestany\/wp-content\/uploads\/usu771\/2025\/02\/11-1-1024x1024.png 1024w, https:\/\/serveiseducatius.xtec.cat\/pladelestany\/wp-content\/uploads\/usu771\/2025\/02\/11-1-300x300.png 300w, https:\/\/serveiseducatius.xtec.cat\/pladelestany\/wp-content\/uploads\/usu771\/2025\/02\/11-1-150x150.png 150w, https:\/\/serveiseducatius.xtec.cat\/pladelestany\/wp-content\/uploads\/usu771\/2025\/02\/11-1-768x768.png 768w, https:\/\/serveiseducatius.xtec.cat\/pladelestany\/wp-content\/uploads\/usu771\/2025\/02\/11-1.png 1080w\" sizes=\"auto, (max-width: 1024px) 100vw, 1024px\" \/><\/a><\/figure>\n\n\n\n<p><\/p>\n\n\n\n<p><\/p>\n\n\n\n<p><\/p>\n\n\n\n<p><\/p>\n\n\n\n<p>.<\/p>\n","protected":false},"excerpt":{"rendered":"<p>Vetllem per qu\u00e8 els projectes que realitzem tinguin impacte social i tamb\u00e9 per qu\u00e8 all\u00f2 que treballem serveixi per millorar [&hellip;]<\/p>\n","protected":false},"author":5,"featured_media":0,"parent":6514,"menu_order":2,"comment_status":"closed","ping_status":"close","template":"","meta":{"site-sidebar-layout":"default","site-content-layout":"","ast-site-content-layout":"default","site-content-style":"default","site-sidebar-style":"default","ast-global-header-display":"","ast-banner-title-visibility":"","ast-main-header-display":"","ast-hfb-above-header-display":"","ast-hfb-below-header-display":"","ast-hfb-mobile-header-display":"","site-post-title":"disabled","ast-breadcrumbs-content":"","ast-featured-img":"","footer-sml-layout":"","theme-transparent-header-meta":"","adv-header-id-meta":"","stick-header-meta":"","header-above-stick-meta":"","header-main-stick-meta":"","header-below-stick-meta":"","astra-migrate-meta-layouts":"set","ast-page-background-enabled":"default","ast-page-background-meta":{"desktop":{"background-color":"var(--ast-global-color-4)","background-image":"","background-repeat":"repeat","background-position":"center center","background-size":"auto","background-attachment":"scroll","background-type":"","background-media":"","overlay-type":"","overlay-color":"","overlay-opacity":"","overlay-gradient":""},"tablet":{"background-color":"","background-image":"","background-repeat":"repeat","background-position":"center center","background-size":"auto","background-attachment":"scroll","background-type":"","background-media":"","overlay-type":"","overlay-color":"","overlay-opacity":"","overlay-gradient":""},"mobile":{"background-color":"","background-image":"","background-repeat":"repeat","background-position":"center center","background-size":"auto","background-attachment":"scroll","background-type":"","background-media":"","overlay-type":"","overlay-color":"","overlay-opacity":"","overlay-gradient":""}},"ast-content-background-meta":{"desktop":{"background-color":"var(--ast-global-color-5)","background-image":"","background-repeat":"repeat","background-position":"center center","background-size":"auto","background-attachment":"scroll","background-type":"","background-media":"","overlay-type":"","overlay-color":"","overlay-opacity":"","overlay-gradient":""},"tablet":{"background-color":"var(--ast-global-color-5)","background-image":"","background-repeat":"repeat","background-position":"center center","background-size":"auto","background-attachment":"scroll","background-type":"","background-media":"","overlay-type":"","overlay-color":"","overlay-opacity":"","overlay-gradient":""},"mobile":{"background-color":"var(--ast-global-color-5)","background-image":"","background-repeat":"repeat","background-position":"center center","background-size":"auto","background-attachment":"scroll","background-type":"","background-media":"","overlay-type":"","overlay-color":"","overlay-opacity":"","overlay-gradient":""}},"footnotes":""},"class_list":["post-6551","page","type-page","status-publish","hentry"],"post_mailing_queue_ids":[],"_links":{"self":[{"href":"https:\/\/serveiseducatius.xtec.cat\/pladelestany\/wp-json\/wp\/v2\/pages\/6551","targetHints":{"allow":["GET"]}}],"collection":[{"href":"https:\/\/serveiseducatius.xtec.cat\/pladelestany\/wp-json\/wp\/v2\/pages"}],"about":[{"href":"https:\/\/serveiseducatius.xtec.cat\/pladelestany\/wp-json\/wp\/v2\/types\/page"}],"author":[{"embeddable":true,"href":"https:\/\/serveiseducatius.xtec.cat\/pladelestany\/wp-json\/wp\/v2\/users\/5"}],"replies":[{"embeddable":true,"href":"https:\/\/serveiseducatius.xtec.cat\/pladelestany\/wp-json\/wp\/v2\/comments?post=6551"}],"version-history":[{"count":6,"href":"https:\/\/serveiseducatius.xtec.cat\/pladelestany\/wp-json\/wp\/v2\/pages\/6551\/revisions"}],"predecessor-version":[{"id":9057,"href":"https:\/\/serveiseducatius.xtec.cat\/pladelestany\/wp-json\/wp\/v2\/pages\/6551\/revisions\/9057"}],"up":[{"embeddable":true,"href":"https:\/\/serveiseducatius.xtec.cat\/pladelestany\/wp-json\/wp\/v2\/pages\/6514"}],"wp:attachment":[{"href":"https:\/\/serveiseducatius.xtec.cat\/pladelestany\/wp-json\/wp\/v2\/media?parent=6551"}],"curies":[{"name":"wp","href":"https:\/\/api.w.org\/{rel}","templated":true}]}}