{"id":2680,"date":"2020-05-09T16:53:50","date_gmt":"2020-05-09T14:53:50","guid":{"rendered":"http:\/\/serveiseducatius.xtec.cat\/pladelestany\/?page_id=2680"},"modified":"2025-12-10T10:43:56","modified_gmt":"2025-12-10T09:43:56","slug":"disortografia","status":"publish","type":"page","link":"https:\/\/serveiseducatius.xtec.cat\/pladelestany\/escola-inclusiva\/necessitats-educatives-que-condicionen-laprenentatge\/disortografia\/","title":{"rendered":"Disortografia"},"content":{"rendered":"\n<div class=\"wp-block-getwid-tabs\" data-active-tab=\"0\"><ul class=\"wp-block-getwid-tabs__nav-links\"><\/ul>\n<div class=\"wp-block-getwid-tabs__nav-link\"><span class=\"wp-block-getwid-tabs__title-wrapper\"><a href=\"#\"><span class=\"wp-block-getwid-tabs__title\"><strong>Definici\u00f3<\/strong><\/span><\/a><\/span><\/div><div class=\"wp-block-getwid-tabs__tab-content-wrapper\"><div class=\"wp-block-getwid-tabs__tab-content\">\n<div class=\"wp-block-columns is-layout-flex wp-container-core-columns-is-layout-1 wp-block-columns-is-layout-flex\">\n<div class=\"wp-block-column is-layout-flow wp-block-column-is-layout-flow\" style=\"flex-basis:33.33%\">\n<figure class=\"wp-block-image aligncenter size-large is-resized\"><a href=\"https:\/\/serveiseducatius.xtec.cat\/pladelestany\/wp-content\/uploads\/usu771\/2020\/05\/disortografia.png\"><img decoding=\"async\" src=\"https:\/\/serveiseducatius.xtec.cat\/pladelestany\/wp-content\/uploads\/usu771\/2020\/05\/disortografia.png\" alt=\"\" style=\"width:293px;height:auto\"\/><\/a><\/figure>\n<\/div>\n\n\n\n<div class=\"wp-block-column is-layout-flow wp-block-column-is-layout-flow\" style=\"flex-basis:66.66%\">\n<p class=\"has-medium-font-size\">\u00c9s un trastorn del neurodesenvolupament, de possible base gen\u00e8tica, que afecta a les habilitats neurobiol\u00f2giques que possibiliten poder escriure correctament, interferint l\u2019aprenentatge de l&#8217;escriptura, provocant que el proc\u00e9s escriptor es desenvolupi amb dificultats persistents en el temps.<\/p>\n\n\n\n<p class=\"has-medium-font-size\">Es tracta de dificultats per realitzar processos d&#8217;escriptura correctes, consolidats i automatitzats, que afecten \u00a0a l&#8217;escriptura fonol\u00f2gica, \u00a0a l&#8217;escriptura ortogr\u00e0fica, a la construcci\u00f3 de la frase i\/o a la planificaci\u00f3 de textos escrits (afectant a la seva coher\u00e8ncia).<\/p>\n<\/div>\n<\/div>\n\n\n\n<p class=\"has-medium-font-size\">\u00c9s una dificultat espec\u00edfica que es presenta sense que existeixin causes neurol\u00f2giques, cognitives, sensorials, situacions emocionals greus ni inadequats processos d\u2019aprenentatge.<\/p>\n\n\n\n<p class=\"has-medium-font-size\">Les dificultats de lectura i escriptura poden coexistir formant un perfil de Disl\u00e8xia-Disortografia per\u00f2 tamb\u00e9 es pot presentar el trastorn lector amb una escriptura normalitzada i al rev\u00e9s.<\/p>\n\n\n\n<p class=\"has-medium-font-size\">Es recomana fer el diagn\u00f2stic a partir dels 9 anys, tot i que cal intervenir en les dificultats des del moment que es detecten.<\/p>\n<\/div><\/div>\n\n\n\n<div class=\"wp-block-getwid-tabs__nav-link\"><span class=\"wp-block-getwid-tabs__title-wrapper\"><a href=\"#\"><span class=\"wp-block-getwid-tabs__title\"><strong>Signes d&#8217;alerta<\/strong><\/span><\/a><\/span><\/div><div class=\"wp-block-getwid-tabs__tab-content-wrapper\"><div class=\"wp-block-getwid-tabs__tab-content\">\n<ul class=\"wp-block-list\">\n<li><\/li>\n<\/ul>\n<\/div><\/div>\n\n\n\n<div class=\"wp-block-getwid-tabs__nav-link\"><span class=\"wp-block-getwid-tabs__title-wrapper\"><a href=\"#\"><span class=\"wp-block-getwid-tabs__title\"><strong>Orientacions<\/strong><\/span><\/a><\/span><\/div><div class=\"wp-block-getwid-tabs__tab-content-wrapper\"><div class=\"wp-block-getwid-tabs__tab-content\">\n<div class=\"wp-block-getwid-accordion has-icon-left\" data-active-element=\"none\">\n<div class=\"wp-block-getwid-accordion__header-wrapper\"><span class=\"wp-block-getwid-accordion__header\"><a href=\"#\"><span class=\"wp-block-getwid-accordion__header-title\">Metodologia<\/span><span class=\"wp-block-getwid-accordion__icon is-active\"><i class=\"fas fa-plus\"><\/i><\/span><span class=\"wp-block-getwid-accordion__icon is-passive\"><i class=\"fas fa-minus\"><\/i><\/span><\/a><\/span><\/div><div class=\"wp-block-getwid-accordion__content-wrapper\"><div class=\"wp-block-getwid-accordion__content\">\n<ul class=\"wp-block-list\">\n<li>Evitar, sempre que sigui possible, escriure al dictat (per ex. Prendre apunts), ja que automatitza els propis errors.<\/li>\n\n\n\n<li>Estudiar preferiblement a partir de mapes conceptuals o petits resums, millor que de textos llargs.<\/li>\n\n\n\n<li>Afavorir que l&#8217;alumne elabori un inventari dels errors comesos, a partir de copiar en una llibreta l&#8217;error ortogr\u00e0fic que fa en els seus escrits i al costat escriure la paraula correctament. Aquest llistat li pot servir per memoritzar paraules, consultar paraules que dubta,&#8230;<\/li>\n\n\n\n<li>Permetre l\u2019\u00fas de l\u2019ordinador i del corrector ortogr\u00e0fic a l\u2019aula ordin\u00e0ria.<\/li>\n\n\n\n<li>Poder entregar feines amb ordinador.<\/li>\n\n\n\n<li>DICTATS :\n<ul class=\"wp-block-list\">\n<li>Donar- los anticipadament<\/li>\n\n\n\n<li>corregir \u00fanicament les faltes d\u2019ortografia que s\u2019estiguin treballant a classe o les pr\u00e8viament pactades amb l\u2019alumne\/a<\/li>\n\n\n\n<li>no fer copiar les faltes d\u00b4ortografia perqu\u00e8 no li \u00e9s \u00fatil<\/li>\n<\/ul>\n<\/li>\n\n\n\n<li>Motivar, valorar l\u2019esfor\u00e7 i refor\u00e7ar all\u00f2 que fa b\u00e9 per afavorir la seva autoestima i autoconcepte.<\/li>\n\n\n\n<li>Pot ser interessant recomanar l\u2019alumne el material de D.Gabarr\u00f3 per treballar l\u00b4ortografia de manera visual.<\/li>\n<\/ul>\n<\/div><\/div>\n\n\n\n<div class=\"wp-block-getwid-accordion__header-wrapper\"><span class=\"wp-block-getwid-accordion__header\"><a href=\"#\"><span class=\"wp-block-getwid-accordion__header-title\">Deures<\/span><span class=\"wp-block-getwid-accordion__icon is-active\"><i class=\"fas fa-plus\"><\/i><\/span><span class=\"wp-block-getwid-accordion__icon is-passive\"><i class=\"fas fa-minus\"><\/i><\/span><\/a><\/span><\/div><div class=\"wp-block-getwid-accordion__content-wrapper\"><div class=\"wp-block-getwid-accordion__content\">\n<ul class=\"wp-block-list\">\n<li>Evitar copiar els enunciats.<\/li>\n\n\n\n<li>Adaptar el temps i la quantitat de tasques encomanades.<\/li>\n\n\n\n<li>Ajustar el contingut dels deures de manera que siguin f\u00e0cils de realitzar per l\u00b4alumne.<\/li>\n\n\n\n<li>Permetre l\u2019\u00fas de l\u2019ordinador i del corrector ortogr\u00e0fic a casa.<\/li>\n\n\n\n<li>Poder entregar feines amb ordinador.<\/li>\n<\/ul>\n<\/div><\/div>\n\n\n\n<div class=\"wp-block-getwid-accordion__header-wrapper\"><span class=\"wp-block-getwid-accordion__header\"><a href=\"#\"><span class=\"wp-block-getwid-accordion__header-title\">Proves escrites<\/span><span class=\"wp-block-getwid-accordion__icon is-active\"><i class=\"fas fa-plus\"><\/i><\/span><span class=\"wp-block-getwid-accordion__icon is-passive\"><i class=\"fas fa-minus\"><\/i><\/span><\/a><\/span><\/div><div class=\"wp-block-getwid-accordion__content-wrapper\"><div class=\"wp-block-getwid-accordion__content\">\n<ul class=\"wp-block-list\">\n<li>Demanar respostes breus.<\/li>\n\n\n\n<li>Permetre respostes orals quan sigui necessari per la complexitat dels raonaments<\/li>\n\n\n\n<li>Donar un temps extra.<\/li>\n\n\n\n<li>Donar m\u00e9s import\u00e0ncia al contingut del que es vol expressar que a la forma (ortografia i planificaci\u00f3 escrita), reduint el nivell d\u00b4exig\u00e8ncia i oferint la possibilitat de completar o aclarir les respostes a nivell oral, despr\u00e9s de la prova o durant la seva revisi\u00f3.<\/li>\n\n\n\n<li>Adaptar els criteris de correcci\u00f3: Evitar que les faltes d\u2019ortografia ens els ex\u00e0mens i avaluacions li baixin la nota final o b\u00e9 que siguin motiu de suspens.<\/li>\n<\/ul>\n<\/div><\/div>\n\n\n\n<div class=\"wp-block-getwid-accordion__header-wrapper\"><span class=\"wp-block-getwid-accordion__header\"><a href=\"#\"><span class=\"wp-block-getwid-accordion__header-title\">Altres adaptacions generals que li poden anar b\u00e9<\/span><span class=\"wp-block-getwid-accordion__icon is-active\"><i class=\"fas fa-plus\"><\/i><\/span><span class=\"wp-block-getwid-accordion__icon is-passive\"><i class=\"fas fa-minus\"><\/i><\/span><\/a><\/span><\/div><div class=\"wp-block-getwid-accordion__content-wrapper\"><div class=\"wp-block-getwid-accordion__content\">\n<ul class=\"wp-block-list\">\n<li>Seure a primera fila per afavorir el seguiment de les classes.<\/li>\n\n\n\n<li>Disposar de m\u00e9s temps per entregar les tasques escolars.<\/li>\n\n\n\n<li>Disposar anticipadament de la informaci\u00f3 que es treballar\u00e0 per poden anticipar l\u00b4estudi.<\/li>\n\n\n\n<li>Seguiment tutorial per assegurar la comprensi\u00f3 i bon aprenentatge dels continguts escolars.<\/li>\n\n\n\n<li>Flexibilitat en l\u00b4entrega de treballs.<\/li>\n\n\n\n<li>Permetre l\u2019\u00fas de colors i m\u00e9s espai gr\u00e0fic per la realitzaci\u00f3 de les tasques i proves.<\/li>\n<\/ul>\n<\/div><\/div>\n<\/div>\n<\/div><\/div>\n\n\n\n<div class=\"wp-block-getwid-tabs__nav-link\"><span class=\"wp-block-getwid-tabs__title-wrapper\"><a href=\"#\"><span class=\"wp-block-getwid-tabs__title\"><strong>Intervenci\u00f3 en Disortografia<\/strong><\/span><\/a><\/span><\/div><div class=\"wp-block-getwid-tabs__tab-content-wrapper\"><div class=\"wp-block-getwid-tabs__tab-content\">\n<p><\/p>\n\n\n\n<div class=\"wp-block-getwid-accordion has-icon-left\" data-active-element=\"none\">\n<div class=\"wp-block-getwid-accordion__header-wrapper\"><span class=\"wp-block-getwid-accordion__header\"><a href=\"#\"><span class=\"wp-block-getwid-accordion__header-title\">Intervenci\u00f3 sobre els factors associats<\/span><span class=\"wp-block-getwid-accordion__icon is-active\"><i class=\"fas fa-plus\"><\/i><\/span><span class=\"wp-block-getwid-accordion__icon is-passive\"><i class=\"fas fa-minus\"><\/i><\/span><\/a><\/span><\/div><div class=\"wp-block-getwid-accordion__content-wrapper\"><div class=\"wp-block-getwid-accordion__content\">\n<div class=\"wp-block-getwid-accordion has-icon-left\" data-active-element=\"none\">\n<div class=\"wp-block-getwid-accordion__header-wrapper\"><span class=\"wp-block-getwid-accordion__header\"><a href=\"#\"><span class=\"wp-block-getwid-accordion__header-title\">Percepci\u00f3, discriminaci\u00f3 i mem\u00f2ria auditiva:<\/span><span class=\"wp-block-getwid-accordion__icon is-active\"><i class=\"fas fa-plus\"><\/i><\/span><span class=\"wp-block-getwid-accordion__icon is-passive\"><i class=\"fas fa-minus\"><\/i><\/span><\/a><\/span><\/div><div class=\"wp-block-getwid-accordion__content-wrapper\"><div class=\"wp-block-getwid-accordion__content\">\n<ul class=\"wp-block-list\">\n<li>Exercicis de discriminaci\u00f3 de sons i onomatopeies.<\/li>\n\n\n\n<li>Exercicis de reconeixement i memoritzaci\u00f3 de ritmes, tons i melodies.<\/li>\n\n\n\n<li>Exercicis de percepci\u00f3 tonal.<\/li>\n<\/ul>\n<\/div><\/div>\n\n\n\n<div class=\"wp-block-getwid-accordion__header-wrapper\"><span class=\"wp-block-getwid-accordion__header\"><a href=\"#\"><span class=\"wp-block-getwid-accordion__header-title\">Percepci\u00f3, discriminaci\u00f3 i mem\u00f2ria visual<\/span><span class=\"wp-block-getwid-accordion__icon is-active\"><i class=\"fas fa-plus\"><\/i><\/span><span class=\"wp-block-getwid-accordion__icon is-passive\"><i class=\"fas fa-minus\"><\/i><\/span><\/a><\/span><\/div><div class=\"wp-block-getwid-accordion__content-wrapper\"><div class=\"wp-block-getwid-accordion__content\">\n<ul class=\"wp-block-list\">\n<li>Exercicis de discriminaci\u00f3 visual: reconeixement de formes gr\u00e0fiques (figures i lletres)<\/li>\n\n\n\n<li>Exercicis d\u00b4identificaci\u00f3 d\u00b4errors i diferencies entre pares o series de figures<\/li>\n\n\n\n<li>Exercicis de percepci\u00f3 figura-fons<\/li>\n\n\n\n<li>Exercicis de mem\u00f2ria visual<\/li>\n<\/ul>\n<\/div><\/div>\n\n\n\n<div class=\"wp-block-getwid-accordion__header-wrapper\"><span class=\"wp-block-getwid-accordion__header\"><a href=\"#\"><span class=\"wp-block-getwid-accordion__header-title\">Organitzaci\u00f3 i estructuraci\u00f3 espacial<\/span><span class=\"wp-block-getwid-accordion__icon is-active\"><i class=\"fas fa-plus\"><\/i><\/span><span class=\"wp-block-getwid-accordion__icon is-passive\"><i class=\"fas fa-minus\"><\/i><\/span><\/a><\/span><\/div><div class=\"wp-block-getwid-accordion__content-wrapper\"><div class=\"wp-block-getwid-accordion__content\">\n<ul class=\"wp-block-list\">\n<li>Exercicis de percepci\u00f3 i estructuraci\u00f3 espacial<\/li>\n<\/ul>\n<\/div><\/div>\n\n\n\n<div class=\"wp-block-getwid-accordion__header-wrapper\"><span class=\"wp-block-getwid-accordion__header\"><a href=\"#\"><span class=\"wp-block-getwid-accordion__header-title\">Percepci\u00f3 ling\u00fc\u00edstic-auditiva<\/span><span class=\"wp-block-getwid-accordion__icon is-active\"><i class=\"fas fa-plus\"><\/i><\/span><span class=\"wp-block-getwid-accordion__icon is-passive\"><i class=\"fas fa-minus\"><\/i><\/span><\/a><\/span><\/div><div class=\"wp-block-getwid-accordion__content-wrapper\"><div class=\"wp-block-getwid-accordion__content\">\n<ul class=\"wp-block-list\">\n<li>Exercicis de conscienciaci\u00f3 del fonema a\u00efllat, de la s\u00edl\u00b7laba<\/li>\n\n\n\n<li>Exercicis de lletrejar<\/li>\n\n\n\n<li>Exercicis de reconeixement i repetici\u00f3 de paraules amb dificultat, longitud i abstracci\u00f3 creixents.<\/li>\n\n\n\n<li>Exercicis de formaci\u00f3 de fam\u00edlies de paraules<\/li>\n\n\n\n<li>Exercicis de repetici\u00f3 de paraules funcionals dins la frase<\/li>\n\n\n\n<li>Exercicis d\u2019an\u00e0lisi de la frase<\/li>\n<\/ul>\n<\/div><\/div>\n\n\n\n<div class=\"wp-block-getwid-accordion__header-wrapper\"><span class=\"wp-block-getwid-accordion__header\"><a href=\"#\"><span class=\"wp-block-getwid-accordion__header-title\">L\u00e8xic i vocabulari<\/span><span class=\"wp-block-getwid-accordion__icon is-active\"><i class=\"fas fa-plus\"><\/i><\/span><span class=\"wp-block-getwid-accordion__icon is-passive\"><i class=\"fas fa-minus\"><\/i><\/span><\/a><\/span><\/div><div class=\"wp-block-getwid-accordion__content-wrapper\"><div class=\"wp-block-getwid-accordion__content\">\n<ul class=\"wp-block-list\">\n<li>Enriquir el vocabulari a partir de llistes de vocabulari<\/li>\n<\/ul>\n<\/div><\/div>\n<\/div>\n<\/div><\/div>\n\n\n\n<div class=\"wp-block-getwid-accordion__header-wrapper\"><span class=\"wp-block-getwid-accordion__header\"><a href=\"#\"><span class=\"wp-block-getwid-accordion__header-title\">Intervenci\u00f3 espec\u00edfica sobre els errors ortogr\u00e0fics<\/span><span class=\"wp-block-getwid-accordion__icon is-active\"><i class=\"fas fa-plus\"><\/i><\/span><span class=\"wp-block-getwid-accordion__icon is-passive\"><i class=\"fas fa-minus\"><\/i><\/span><\/a><\/span><\/div><div class=\"wp-block-getwid-accordion__content-wrapper\"><div class=\"wp-block-getwid-accordion__content\">\n<div class=\"wp-block-getwid-accordion has-icon-left\" data-active-element=\"none\">\n<div class=\"wp-block-getwid-accordion__header-wrapper\"><span class=\"wp-block-getwid-accordion__header\"><a href=\"#\"><span class=\"wp-block-getwid-accordion__header-title\">Intervenci\u00f3 sobre els errors d\u00b4ortografia natural:<\/span><span class=\"wp-block-getwid-accordion__icon is-active\"><i class=\"fas fa-plus\"><\/i><\/span><span class=\"wp-block-getwid-accordion__icon is-passive\"><i class=\"fas fa-minus\"><\/i><\/span><\/a><\/span><\/div><div class=\"wp-block-getwid-accordion__content-wrapper\"><div class=\"wp-block-getwid-accordion__content\">\n<ul class=\"wp-block-list\">\n<li>Discriminaci\u00f3 de fonemes.<\/li>\n\n\n\n<li>Comparaci\u00f3 de lletres que es confonen a nivell oral.<\/li>\n\n\n\n<li>Manipulaci\u00f3 i vivenciaci\u00f3 de les lletres: retallar, picar, pintar,&#8230;<\/li>\n\n\n\n<li>Identificaci\u00f3 i reconeixement de les lletres en un conjunt, en paraules i frases<\/li>\n\n\n\n<li>Identificaci\u00f3 i reconeixement dels fonemes corresponents a cadascuna de les lletres que es confonen<\/li>\n\n\n\n<li>Lectura de les lletres que es confonen: de forma a\u00efllada, en s\u00edl\u00b7labes, en paraules i en frases i textos.<\/li>\n\n\n\n<li>Escriptura de lletres en copia, en dictat i en producci\u00f3 per part del nen.<\/li>\n\n\n\n<li>Generalitzaci\u00f3 de les lletres en l\u00b4escriptura de paraules i frases.<\/li>\n\n\n\n<li>Identificaci\u00f3 i reconeixement visual de les lletres que s\u00b4ometen o afegeixen.<\/li>\n\n\n\n<li>Identificaci\u00f3 i reconeixement auditiu de les lletres que s\u2019ometen o afegeixen.<\/li>\n\n\n\n<li>Lectura de lletres i s\u00edl\u00b7labes que s\u00b4ometen: de forma a\u00efllada, en paraules i frases.<\/li>\n\n\n\n<li>Escriptura de lletres i s\u00edl\u00b7labes que s\u00b4ometen: de forma a\u00efllada, en paraules i frases (copia, dictat i escriptura espont\u00e0nia).<\/li>\n\n\n\n<li>Exercicis de rep\u00e0s de lectura de s\u00edl\u00b7labes.<\/li>\n\n\n\n<li>Exercicis d\u00b4escolta de sons i an\u00e0lisi conscient de l\u00b4ordre en que es produeixen.<\/li>\n\n\n\n<li>Exercicis de diferenciaci\u00f3 i reconeixement visual de paraules o s\u00edl\u00b7labes que s\u00b4inverteixen.<\/li>\n\n\n\n<li>Exercicis de diferenciaci\u00f3 i reconeixement auditiu de paraules o s\u00edl\u00b7labes que s\u00b4inverteixen.<\/li>\n\n\n\n<li>Lectura de s\u00edl\u00b7labes i paraules que se solen invertir.<\/li>\n\n\n\n<li>Escriptura de s\u00edl\u00b7labes i paraules que s\u00b4inverteixen amb freq\u00fc\u00e8ncia.<\/li>\n\n\n\n<li>Exercicis d\u2019an\u00e0lisi r\u00edtmic.<\/li>\n\n\n\n<li>Exercicis d\u00b4estructuraci\u00f3 dels components gramaticals.<\/li>\n\n\n\n<li>Exercicis de contingut l\u00e8xic.<\/li>\n<\/ul>\n<\/div><\/div>\n\n\n\n<div class=\"wp-block-getwid-accordion__header-wrapper\"><span class=\"wp-block-getwid-accordion__header\"><a href=\"#\"><span class=\"wp-block-getwid-accordion__header-title\">Intervenci\u00f3 sobre els errors d\u00b4ortografia visual:<\/span><span class=\"wp-block-getwid-accordion__icon is-active\"><i class=\"fas fa-plus\"><\/i><\/span><span class=\"wp-block-getwid-accordion__icon is-passive\"><i class=\"fas fa-minus\"><\/i><\/span><\/a><\/span><\/div><div class=\"wp-block-getwid-accordion__content-wrapper\"><div class=\"wp-block-getwid-accordion__content\">\n<ul class=\"wp-block-list\">\n<li>Exercicis cacogr\u00e0fics: llistats cacogr\u00e0fics.<\/li>\n\n\n\n<li>Exercicis de refor\u00e7 de l\u2019aprenentatge.<\/li>\n\n\n\n<li>Exercicis de diferenciaci\u00f3 de series de s\u00edl\u00b7labes.<\/li>\n\n\n\n<li>Exercicis de memoritzaci\u00f3 de les seq\u00fcencies de s\u00edl\u00b7labes amb peculiaritats ortogr\u00e0fiques.<\/li>\n\n\n\n<li>Exercicis amb fitxes calcogr\u00e0fiques.<\/li>\n<\/ul>\n<\/div><\/div>\n\n\n\n<div class=\"wp-block-getwid-accordion__header-wrapper\"><span class=\"wp-block-getwid-accordion__header\"><a href=\"#\"><span class=\"wp-block-getwid-accordion__header-title\">Intervenci\u00f3 sobre els errors d\u00b4ortografia de regles:<\/span><span class=\"wp-block-getwid-accordion__icon is-active\"><i class=\"fas fa-plus\"><\/i><\/span><span class=\"wp-block-getwid-accordion__icon is-passive\"><i class=\"fas fa-minus\"><\/i><\/span><\/a><\/span><\/div><div class=\"wp-block-getwid-accordion__content-wrapper\"><div class=\"wp-block-getwid-accordion__content\">\n<ul class=\"wp-block-list\">\n<li>Escriptures de noms propis.<\/li>\n\n\n\n<li>Formaci\u00f3 de gentilicis derivats.<\/li>\n\n\n\n<li>Detecci\u00f3 d\u2019errors i treball per la correcci\u00f3.<\/li>\n\n\n\n<li>Exercicis de memoritzaci\u00f3 de regles.<\/li>\n\n\n\n<li>Exercicis de completament de paraules en que faltin lletres de la norma.<\/li>\n\n\n\n<li>Exercicis de formaci\u00f3 de paraules que continguin el grup de la norma.<\/li>\n\n\n\n<li>Exercicis de discriminaci\u00f3.<\/li>\n\n\n\n<li>Comparaci\u00f3 de paraules.<\/li>\n<\/ul>\n<\/div><\/div>\n<\/div>\n<\/div><\/div>\n<\/div>\n<\/div><\/div>\n<\/div>\n\n\n\n<p class=\"has-white-color has-text-color has-link-color wp-elements-7e4ac651328708ea719ac0894fa30934\">.<\/p>\n\n\n\n<p>Document elaborat a partir de:<\/p>\n\n\n\n<ul class=\"wp-block-list\">\n<li>P\u00e9rez P\u00e9rez, E (2018): <em>Diagn\u00f3stico e intervenci\u00f3n en la disl\u00e8xia, la disortografia y la disgrafia<\/em>.Ed. Lebon.<\/li>\n\n\n\n<li>Rivas, Rosa M (2001): <em>Dislexia, disortografia y disgrafia<\/em>. Ed. Pir\u00e0mide.<\/li>\n<\/ul>\n","protected":false},"excerpt":{"rendered":"<p>. Document elaborat a partir de:<\/p>\n","protected":false},"author":5,"featured_media":0,"parent":1860,"menu_order":0,"comment_status":"closed","ping_status":"closed","template":"","meta":{"site-sidebar-layout":"default","site-content-layout":"","ast-site-content-layout":"default","site-content-style":"default","site-sidebar-style":"default","ast-global-header-display":"","ast-banner-title-visibility":"","ast-main-header-display":"","ast-hfb-above-header-display":"","ast-hfb-below-header-display":"","ast-hfb-mobile-header-display":"","site-post-title":"","ast-breadcrumbs-content":"","ast-featured-img":"","footer-sml-layout":"","theme-transparent-header-meta":"","adv-header-id-meta":"","stick-header-meta":"","header-above-stick-meta":"","header-main-stick-meta":"","header-below-stick-meta":"","astra-migrate-meta-layouts":"set","ast-page-background-enabled":"default","ast-page-background-meta":{"desktop":{"background-color":"var(--ast-global-color-4)","background-image":"","background-repeat":"repeat","background-position":"center center","background-size":"auto","background-attachment":"scroll","background-type":"","background-media":"","overlay-type":"","overlay-color":"","overlay-opacity":"","overlay-gradient":""},"tablet":{"background-color":"","background-image":"","background-repeat":"repeat","background-position":"center center","background-size":"auto","background-attachment":"scroll","background-type":"","background-media":"","overlay-type":"","overlay-color":"","overlay-opacity":"","overlay-gradient":""},"mobile":{"background-color":"","background-image":"","background-repeat":"repeat","background-position":"center center","background-size":"auto","background-attachment":"scroll","background-type":"","background-media":"","overlay-type":"","overlay-color":"","overlay-opacity":"","overlay-gradient":""}},"ast-content-background-meta":{"desktop":{"background-color":"var(--ast-global-color-5)","background-image":"","background-repeat":"repeat","background-position":"center center","background-size":"auto","background-attachment":"scroll","background-type":"","background-media":"","overlay-type":"","overlay-color":"","overlay-opacity":"","overlay-gradient":""},"tablet":{"background-color":"var(--ast-global-color-5)","background-image":"","background-repeat":"repeat","background-position":"center center","background-size":"auto","background-attachment":"scroll","background-type":"","background-media":"","overlay-type":"","overlay-color":"","overlay-opacity":"","overlay-gradient":""},"mobile":{"background-color":"var(--ast-global-color-5)","background-image":"","background-repeat":"repeat","background-position":"center center","background-size":"auto","background-attachment":"scroll","background-type":"","background-media":"","overlay-type":"","overlay-color":"","overlay-opacity":"","overlay-gradient":""}},"footnotes":""},"class_list":["post-2680","page","type-page","status-publish","hentry"],"post_mailing_queue_ids":[],"_links":{"self":[{"href":"https:\/\/serveiseducatius.xtec.cat\/pladelestany\/wp-json\/wp\/v2\/pages\/2680","targetHints":{"allow":["GET"]}}],"collection":[{"href":"https:\/\/serveiseducatius.xtec.cat\/pladelestany\/wp-json\/wp\/v2\/pages"}],"about":[{"href":"https:\/\/serveiseducatius.xtec.cat\/pladelestany\/wp-json\/wp\/v2\/types\/page"}],"author":[{"embeddable":true,"href":"https:\/\/serveiseducatius.xtec.cat\/pladelestany\/wp-json\/wp\/v2\/users\/5"}],"replies":[{"embeddable":true,"href":"https:\/\/serveiseducatius.xtec.cat\/pladelestany\/wp-json\/wp\/v2\/comments?post=2680"}],"version-history":[{"count":5,"href":"https:\/\/serveiseducatius.xtec.cat\/pladelestany\/wp-json\/wp\/v2\/pages\/2680\/revisions"}],"predecessor-version":[{"id":8375,"href":"https:\/\/serveiseducatius.xtec.cat\/pladelestany\/wp-json\/wp\/v2\/pages\/2680\/revisions\/8375"}],"up":[{"embeddable":true,"href":"https:\/\/serveiseducatius.xtec.cat\/pladelestany\/wp-json\/wp\/v2\/pages\/1860"}],"wp:attachment":[{"href":"https:\/\/serveiseducatius.xtec.cat\/pladelestany\/wp-json\/wp\/v2\/media?parent=2680"}],"curies":[{"name":"wp","href":"https:\/\/api.w.org\/{rel}","templated":true}]}}