{"id":9319,"date":"2018-01-22T13:42:55","date_gmt":"2018-01-22T12:42:55","guid":{"rendered":"http:\/\/serveiseducatius.xtec.cat\/pallars\/?page_id=9319"},"modified":"2024-04-30T10:48:36","modified_gmt":"2024-04-30T08:48:36","slug":"expocisio-fotografiem-lemprenedoria","status":"publish","type":"page","link":"https:\/\/serveiseducatius.xtec.cat\/pallars\/dinamitzacio\/pallars-educar-i-emprendre\/expocisio-fotografiem-lemprenedoria\/","title":{"rendered":"Exposici\u00f3, Fotografia l&#8217;emprenedoria"},"content":{"rendered":"<p><a href=\"https:\/\/serveiseducatius.xtec.cat\/pallars\/wp-content\/uploads\/usu1099\/2023\/12\/Concurs_fotografiem_emprenedoria_2023-logo-diferentspdf-scaled.jpg\"><img loading=\"lazy\" decoding=\"async\" class=\"wp-image-22323 alignright\" src=\"https:\/\/serveiseducatius.xtec.cat\/pallars\/wp-content\/uploads\/usu1099\/2023\/12\/Concurs_fotografiem_emprenedoria_2023-logo-diferentspdf-scaled.jpg\" alt=\"\" width=\"229\" height=\"324\" srcset=\"https:\/\/serveiseducatius.xtec.cat\/pallars\/wp-content\/uploads\/usu1099\/2023\/12\/Concurs_fotografiem_emprenedoria_2023-logo-diferentspdf-scaled.jpg 1810w, https:\/\/serveiseducatius.xtec.cat\/pallars\/wp-content\/uploads\/usu1099\/2023\/12\/Concurs_fotografiem_emprenedoria_2023-logo-diferentspdf-212x300.jpg 212w, https:\/\/serveiseducatius.xtec.cat\/pallars\/wp-content\/uploads\/usu1099\/2023\/12\/Concurs_fotografiem_emprenedoria_2023-logo-diferentspdf-724x1024.jpg 724w, https:\/\/serveiseducatius.xtec.cat\/pallars\/wp-content\/uploads\/usu1099\/2023\/12\/Concurs_fotografiem_emprenedoria_2023-logo-diferentspdf-768x1086.jpg 768w, https:\/\/serveiseducatius.xtec.cat\/pallars\/wp-content\/uploads\/usu1099\/2023\/12\/Concurs_fotografiem_emprenedoria_2023-logo-diferentspdf-1086x1536.jpg 1086w, https:\/\/serveiseducatius.xtec.cat\/pallars\/wp-content\/uploads\/usu1099\/2023\/12\/Concurs_fotografiem_emprenedoria_2023-logo-diferentspdf-1448x2048.jpg 1448w\" sizes=\"auto, (max-width: 229px) 100vw, 229px\" \/><\/a>L\u2019exposici\u00f3 vol deixar const\u00e0ncia dels treballs realitzats per l\u2019alumnat al concurs d\u2019Instagram\u00a0 <em>Fotografia l\u2019emprenedoria. <\/em>L\u2019exhibici\u00f3 estar\u00e0 composta per les 25 fotografies seleccionades d\u2019entre totes les que hi participin.<\/p>\n<p>Aquesta mostra es presentar\u00e0 en el marc de la jornada <em>Talent emprenedor<\/em> i, posteriorment, itinerar\u00e0 pels centres de secund\u00e0ria i per les institucions del Pallars Juss\u00e0 i Sobir\u00e0 que ho sol\u00b7licitin.<\/p>\n<p>&nbsp;<\/p>\n<p>&nbsp;<\/p>\n<p>&nbsp;<\/p>\n","protected":false},"excerpt":{"rendered":"<p>L\u2019exposici\u00f3 vol deixar const\u00e0ncia dels treballs realitzats per l\u2019alumnat al concurs d\u2019Instagram\u00a0 Fotografia l\u2019emprenedoria. L\u2019exhibici\u00f3 estar\u00e0 composta per les 25 [&hellip;]<\/p>\n","protected":false},"author":1,"featured_media":0,"parent":20437,"menu_order":0,"comment_status":"closed","ping_status":"closed","template":"","meta":{"_bbp_topic_count":0,"_bbp_reply_count":0,"_bbp_total_topic_count":0,"_bbp_total_reply_count":0,"_bbp_voice_count":0,"_bbp_anonymous_reply_count":0,"_bbp_topic_count_hidden":0,"_bbp_reply_count_hidden":0,"_bbp_forum_subforum_count":0,"site-sidebar-layout":"default","site-content-layout":"","ast-site-content-layout":"","site-content-style":"default","site-sidebar-style":"default","ast-global-header-display":"","ast-banner-title-visibility":"","ast-main-header-display":"","ast-hfb-above-header-display":"","ast-hfb-below-header-display":"","ast-hfb-mobile-header-display":"","site-post-title":"","ast-breadcrumbs-content":"","ast-featured-img":"","footer-sml-layout":"","theme-transparent-header-meta":"","adv-header-id-meta":"","stick-header-meta":"","header-above-stick-meta":"","header-main-stick-meta":"","header-below-stick-meta":"","astra-migrate-meta-layouts":"default","ast-page-background-enabled":"default","ast-page-background-meta":{"desktop":{"background-color":"var(--ast-global-color-4)","background-image":"","background-repeat":"repeat","background-position":"center center","background-size":"auto","background-attachment":"scroll","background-type":"","background-media":"","overlay-type":"","overlay-color":"","overlay-opacity":"","overlay-gradient":""},"tablet":{"background-color":"","background-image":"","background-repeat":"repeat","background-position":"center center","background-size":"auto","background-attachment":"scroll","background-type":"","background-media":"","overlay-type":"","overlay-color":"","overlay-opacity":"","overlay-gradient":""},"mobile":{"background-color":"","background-image":"","background-repeat":"repeat","background-position":"center center","background-size":"auto","background-attachment":"scroll","background-type":"","background-media":"","overlay-type":"","overlay-color":"","overlay-opacity":"","overlay-gradient":""}},"ast-content-background-meta":{"desktop":{"background-color":"var(--ast-global-color-5)","background-image":"","background-repeat":"repeat","background-position":"center center","background-size":"auto","background-attachment":"scroll","background-type":"","background-media":"","overlay-type":"","overlay-color":"","overlay-opacity":"","overlay-gradient":""},"tablet":{"background-color":"var(--ast-global-color-5)","background-image":"","background-repeat":"repeat","background-position":"center center","background-size":"auto","background-attachment":"scroll","background-type":"","background-media":"","overlay-type":"","overlay-color":"","overlay-opacity":"","overlay-gradient":""},"mobile":{"background-color":"var(--ast-global-color-5)","background-image":"","background-repeat":"repeat","background-position":"center center","background-size":"auto","background-attachment":"scroll","background-type":"","background-media":"","overlay-type":"","overlay-color":"","overlay-opacity":"","overlay-gradient":""}},"footnotes":""},"class_list":["post-9319","page","type-page","status-publish","hentry"],"post_mailing_queue_ids":[],"_links":{"self":[{"href":"https:\/\/serveiseducatius.xtec.cat\/pallars\/wp-json\/wp\/v2\/pages\/9319","targetHints":{"allow":["GET"]}}],"collection":[{"href":"https:\/\/serveiseducatius.xtec.cat\/pallars\/wp-json\/wp\/v2\/pages"}],"about":[{"href":"https:\/\/serveiseducatius.xtec.cat\/pallars\/wp-json\/wp\/v2\/types\/page"}],"author":[{"embeddable":true,"href":"https:\/\/serveiseducatius.xtec.cat\/pallars\/wp-json\/wp\/v2\/users\/1"}],"replies":[{"embeddable":true,"href":"https:\/\/serveiseducatius.xtec.cat\/pallars\/wp-json\/wp\/v2\/comments?post=9319"}],"version-history":[{"count":7,"href":"https:\/\/serveiseducatius.xtec.cat\/pallars\/wp-json\/wp\/v2\/pages\/9319\/revisions"}],"predecessor-version":[{"id":23091,"href":"https:\/\/serveiseducatius.xtec.cat\/pallars\/wp-json\/wp\/v2\/pages\/9319\/revisions\/23091"}],"up":[{"embeddable":true,"href":"https:\/\/serveiseducatius.xtec.cat\/pallars\/wp-json\/wp\/v2\/pages\/20437"}],"wp:attachment":[{"href":"https:\/\/serveiseducatius.xtec.cat\/pallars\/wp-json\/wp\/v2\/media?parent=9319"}],"curies":[{"name":"wp","href":"https:\/\/api.w.org\/{rel}","templated":true}]}}