{"id":9021,"date":"2017-07-05T12:57:37","date_gmt":"2017-07-05T10:57:37","guid":{"rendered":"http:\/\/serveiseducatius.xtec.cat\/pallars\/?page_id=9021"},"modified":"2023-06-19T10:37:40","modified_gmt":"2023-06-19T08:37:40","slug":"educacio-infantil-i-primaria-pallars-sobira","status":"publish","type":"page","link":"https:\/\/serveiseducatius.xtec.cat\/pallars\/comunitat\/centres-educatius\/educacio-infantil-i-primaria-pallars-sobira\/","title":{"rendered":"Educaci\u00f3 infantil i prim\u00e0ria | Pallars Sobir\u00e0"},"content":{"rendered":"<p><iframe loading=\"lazy\" src=\"https:\/\/www.instamaps.cat\/instavisor\/54944361\/1189bdaca968667ddaa85ea653868863\/EDUCACIO_INFANTIL_I_PRIMARIA_SOBIRA.html?3D=false&amp;embed=1\" width=\"640\" height=\"480\" frameborder=\"0\" marginwidth=\"0\" marginheight=\"0\" scrolling=\"no\"><span data-mce-type=\"bookmark\" style=\"display: inline-block; width: 0px; overflow: hidden; line-height: 0;\" class=\"mce_SELRES_start\">\ufeff<\/span><span data-mce-type=\"bookmark\" style=\"display: inline-block; width: 0px; overflow: hidden; line-height: 0;\" class=\"mce_SELRES_start\">\ufeff<\/span><\/iframe><\/p>\n<table style=\"border-collapse: collapse; width: 84.151%;\">\n<tbody>\n<tr>\n<td style=\"width: 27.5423%; text-align: center;\"><strong><span style=\"font-family: arial, helvetica, sans-serif; color: #ff0000; font-size: 20px;\">ESC \u00c0ngel Seraf\u00ed Casanovas<\/span><br \/>\n<\/strong>C. Sant Ot, s\/n<br \/>\n25560 SORT<br \/>\nTel. 973\u00a0620 222<br \/>\nCorreu electr\u00f2nic:\u00a0\u00a0c5005144@xtec.cat<br \/>\nWeb:<a href=\"https:\/\/agora.xtec.cat\/ceip-angel-serafi-casanovas\/\"> https:\/\/agora.xtec.cat\/ceip-angel-serafi-casanovas\/<\/a><\/td>\n<td style=\"width: 30.2934%; text-align: center;\"><strong><span style=\"font-family: arial, helvetica, sans-serif; font-size: 20px; color: #ff0000;\">ESC\u00a0La Closa<\/span><br \/>\n<\/strong>Pla\u00e7a la Closa, 7<br \/>\n25580 ESTERRI D&#8217;\u00c0NEU<br \/>\nTel. 973 626 048<br \/>\nCorreu electr\u00f2nic: c5001539@xtec.catWeb: <a href=\"http:\/\/agora.xtec.cat\/escolalaclosa\/\">http:\/\/agora.xtec.cat\/escolalaclosa\/<\/a><\/td>\n<td style=\"width: 26.6115%; text-align: center;\"><strong><span style=\"font-family: arial, helvetica, sans-serif; font-size: 20px; color: #ff0000;\">ESC Alins<\/span><br \/>\n<\/strong>Carretera, \u00a0s\/n<br \/>\n25574 ALINS<br \/>\nTel. 973\u00a0624 407<br \/>\nCorreu electr\u00f2nic:\u00a0c5000316@xtec.cat<span style=\"font-family: inherit; font-size: 1em;\">Web: <\/span><a style=\"font-family: inherit; font-size: 1em;\" href=\"https:\/\/agora.xtec.cat\/ceipalins\/\">https:\/\/agora.xtec.cat\/ceipalins\/\u00a0<\/a><\/td>\n<\/tr>\n<tr>\n<td style=\"width: 27.5423%; text-align: center;\"><span style=\"font-family: arial, helvetica, sans-serif; font-size: 20px; color: #ff0000;\"><strong>ESC Llavors\u00ed<\/strong><\/span><strong><br \/>\n<\/strong>Av. de la Vall d&#8217;\u00c0ran, 13<br \/>\n25595 LLAVOROS\u00cd<br \/>\nTel. 973\u00a0622 125<br \/>\nCorreu electr\u00f2nic: c5003032@xtec.cat<br \/>\nWeb:\u00a0<a href=\"https:\/\/agora.xtec.cat\/ceipllavorsi\/\">https:\/\/agora.xtec.cat\/ceipllavorsi\/<\/a><\/td>\n<td style=\"width: 30.2934%; text-align: center;\"><strong><span style=\"font-family: arial, helvetica, sans-serif; color: #ff0000; font-size: 20px;\">ESC Montsent de Pallars<\/span><br \/>\n<\/strong>Av. del Riu, 1<br \/>\n25594 RIALP<br \/>\nTel.973 620 861<br \/>\nCorreu electr\u00f2nic: c5003871@xtec.cat<br \/>\nWeb:\u00a0<a href=\"http:\/\/agora.xtec.cat\/escolamontsentdepallars\/\">http:\/\/agora.xtec.cat\/escolamontsentdepallars\/<\/a><\/td>\n<td style=\"width: 26.6115%;\">\n<p style=\"text-align: center;\"><strong><span style=\"font-family: arial, helvetica, sans-serif; font-size: 20px; color: #ff0000;\">ESC\u00a0Els Minairons<\/span><br \/>\n<\/strong>Av. Hug Roger III, s\/n<br \/>\n25570 VALL DE CARD\u00d3S<br \/>\nTel.973 623 093<br \/>\nCorreu electr\u00f2nic: c5003895<span class=\"atwho-query\">@xtec.cat<\/span><span style=\"font-family: inherit; font-size: 1em;\">Web: <\/span><a style=\"font-family: inherit; font-size: 1em;\" href=\"https:\/\/agora.xtec.cat\/escolaelsminairons\/\">https:\/\/agora.xtec.cat\/escolaelsminairons\/<\/a><\/p>\n<\/td>\n<\/tr>\n<tr>\n<td style=\"width: 27.5423%;\"><\/td>\n<td style=\"width: 30.2934%; text-align: center;\"><strong><span style=\"font-family: arial, helvetica, sans-serif; font-size: 20px; color: #ff0000;\">ESC de T\u00edrvia<\/span><br \/>\n<\/strong>C. Afores, s\/n<br \/>\n25595 TIRVIA<br \/>\nTel.\u00a0973 622 077<br \/>\nCorreu electr\u00f2nic: c5004577@xtec.cat<br \/>\nWeb:<a href=\"https:\/\/agora.xtec.cat\/escoladetirvia\/\">https:\/\/agora.xtec.cat\/escoladetirvia\/<\/a><\/td>\n<td style=\"width: 26.6115%;\"><\/td>\n<\/tr>\n<\/tbody>\n<\/table>\n<p>&nbsp;<\/p>\n","protected":false},"excerpt":{"rendered":"<p>\ufeff\ufeff ESC \u00c0ngel Seraf\u00ed Casanovas C. Sant Ot, s\/n 25560 SORT Tel. 973\u00a0620 222 Correu electr\u00f2nic:\u00a0\u00a0c5005144@xtec.cat Web: https:\/\/agora.xtec.cat\/ceip-angel-serafi-casanovas\/ ESC\u00a0La Closa [&hellip;]<\/p>\n","protected":false},"author":1,"featured_media":0,"parent":338,"menu_order":50,"comment_status":"closed","ping_status":"closed","template":"page-templates\/side-menu.php","meta":{"_bbp_topic_count":0,"_bbp_reply_count":0,"_bbp_total_topic_count":0,"_bbp_total_reply_count":0,"_bbp_voice_count":0,"_bbp_anonymous_reply_count":0,"_bbp_topic_count_hidden":0,"_bbp_reply_count_hidden":0,"_bbp_forum_subforum_count":0,"site-sidebar-layout":"default","site-content-layout":"","ast-site-content-layout":"","site-content-style":"default","site-sidebar-style":"default","ast-global-header-display":"","ast-banner-title-visibility":"","ast-main-header-display":"","ast-hfb-above-header-display":"","ast-hfb-below-header-display":"","ast-hfb-mobile-header-display":"","site-post-title":"","ast-breadcrumbs-content":"","ast-featured-img":"","footer-sml-layout":"","theme-transparent-header-meta":"","adv-header-id-meta":"","stick-header-meta":"","header-above-stick-meta":"","header-main-stick-meta":"","header-below-stick-meta":"","astra-migrate-meta-layouts":"default","ast-page-background-enabled":"default","ast-page-background-meta":{"desktop":{"background-color":"var(--ast-global-color-4)","background-image":"","background-repeat":"repeat","background-position":"center center","background-size":"auto","background-attachment":"scroll","background-type":"","background-media":"","overlay-type":"","overlay-color":"","overlay-opacity":"","overlay-gradient":""},"tablet":{"background-color":"","background-image":"","background-repeat":"repeat","background-position":"center center","background-size":"auto","background-attachment":"scroll","background-type":"","background-media":"","overlay-type":"","overlay-color":"","overlay-opacity":"","overlay-gradient":""},"mobile":{"background-color":"","background-image":"","background-repeat":"repeat","background-position":"center center","background-size":"auto","background-attachment":"scroll","background-type":"","background-media":"","overlay-type":"","overlay-color":"","overlay-opacity":"","overlay-gradient":""}},"ast-content-background-meta":{"desktop":{"background-color":"var(--ast-global-color-5)","background-image":"","background-repeat":"repeat","background-position":"center center","background-size":"auto","background-attachment":"scroll","background-type":"","background-media":"","overlay-type":"","overlay-color":"","overlay-opacity":"","overlay-gradient":""},"tablet":{"background-color":"var(--ast-global-color-5)","background-image":"","background-repeat":"repeat","background-position":"center center","background-size":"auto","background-attachment":"scroll","background-type":"","background-media":"","overlay-type":"","overlay-color":"","overlay-opacity":"","overlay-gradient":""},"mobile":{"background-color":"var(--ast-global-color-5)","background-image":"","background-repeat":"repeat","background-position":"center center","background-size":"auto","background-attachment":"scroll","background-type":"","background-media":"","overlay-type":"","overlay-color":"","overlay-opacity":"","overlay-gradient":""}},"footnotes":""},"class_list":["post-9021","page","type-page","status-publish","hentry"],"post_mailing_queue_ids":[],"_links":{"self":[{"href":"https:\/\/serveiseducatius.xtec.cat\/pallars\/wp-json\/wp\/v2\/pages\/9021","targetHints":{"allow":["GET"]}}],"collection":[{"href":"https:\/\/serveiseducatius.xtec.cat\/pallars\/wp-json\/wp\/v2\/pages"}],"about":[{"href":"https:\/\/serveiseducatius.xtec.cat\/pallars\/wp-json\/wp\/v2\/types\/page"}],"author":[{"embeddable":true,"href":"https:\/\/serveiseducatius.xtec.cat\/pallars\/wp-json\/wp\/v2\/users\/1"}],"replies":[{"embeddable":true,"href":"https:\/\/serveiseducatius.xtec.cat\/pallars\/wp-json\/wp\/v2\/comments?post=9021"}],"version-history":[{"count":4,"href":"https:\/\/serveiseducatius.xtec.cat\/pallars\/wp-json\/wp\/v2\/pages\/9021\/revisions"}],"predecessor-version":[{"id":21377,"href":"https:\/\/serveiseducatius.xtec.cat\/pallars\/wp-json\/wp\/v2\/pages\/9021\/revisions\/21377"}],"up":[{"embeddable":true,"href":"https:\/\/serveiseducatius.xtec.cat\/pallars\/wp-json\/wp\/v2\/pages\/338"}],"wp:attachment":[{"href":"https:\/\/serveiseducatius.xtec.cat\/pallars\/wp-json\/wp\/v2\/media?parent=9021"}],"curies":[{"name":"wp","href":"https:\/\/api.w.org\/{rel}","templated":true}]}}