{"id":8263,"date":"2016-12-20T10:45:22","date_gmt":"2016-12-20T09:45:22","guid":{"rendered":"http:\/\/serveiseducatius.xtec.cat\/pallars\/?page_id=8263"},"modified":"2025-06-11T10:01:30","modified_gmt":"2025-06-11T08:01:30","slug":"modalitats-de-formacio","status":"publish","type":"page","link":"https:\/\/serveiseducatius.xtec.cat\/pallars\/formacio\/modalitats-de-formacio\/","title":{"rendered":"Modalitats de formaci\u00f3"},"content":{"rendered":"\n<p>Les diferents modalitats de formaci\u00f3 han de respondre a la finalitat de l&#8217;acci\u00f3 formativa i impliquen una din\u00e0mica espec\u00edfica de treball del professorat participant.<\/p>\n\n\n\n<p>Les activitats de formaci\u00f3 es poden classificar en les modalitats seg\u00fcents:<\/p>\n\n\n\n<figure class=\"wp-block-table is-style-regular\"><table class=\"has-fixed-layout\" style=\"border-width:4px\"><tbody><tr><td>Professorat d&#8217;un centre<\/td><td>&#8211; Assessorament<br>&#8211; Taller a centre<br>&#8211; Formaci\u00f3 interna de centre (FIC)<br>&#8211; Taller a centre<br>&#8211; Visita formativa a centre<\/td><td>Formaci\u00f3 en centre<\/td><\/tr><tr><td>Professorat de diferents centres<\/td><td>&#8211; Seminari de coordinaci\u00f3<br>&#8211; Curs\/seminari d&#8217;equips de centre<br>&#8211; Taller d&#8217;equips de centre<\/td><td>Formaci\u00f3 per a centres<\/td><\/tr><tr><td>Professorat de diferents centres<\/td><td>&#8211; Taller<br>&#8211; Curs<br>&#8211; Seminari<br>&#8211; Grup de treball<br>&#8211; Confer\u00e8ncia, taula rodona. Trobada pedag\u00f2gica, intercanvi d&#8217;experi\u00e8ncies, jornades i cicle de confer\u00e8ncies<br>&#8211; Estada formativa a l&#8217;empresa<br>&#8211; Estada formativa a l&#8217;estranger<\/td><td>Formaci\u00f3 individual<\/td><\/tr><\/tbody><\/table><\/figure>\n\n\n\n<p>Les activitats de formaci\u00f3 es poden organitzar en tres formats:<\/p>\n\n\n\n<ul class=\"wp-block-list\">\n<li><strong>Presencials: <\/strong>totes les sessions s\u00f3n presencials (en un espai f\u00edsic concret).<\/li>\n\n\n\n<li><strong>Semipresencials:<\/strong> combinaci\u00f3 de sessions presencials i sessions en l\u00ednia.\u00a0 Les sessions en l\u00ednia poden ser s\u00edncrones, as\u00edncrones o mixtes.<\/li>\n\n\n\n<li><strong>En l\u00ednea: <\/strong>les sessions poden ser s\u00edncrons o as\u00edncrons.<\/li>\n<\/ul>\n\n\n\n<p>Trobareu m\u00e9s informaci\u00f3 <em><a href=\"https:\/\/drive.google.com\/file\/d\/1mzT8Tqbzyst4RVpW7I-UPnbNQfh7E6HE\/view?usp=sharing\">Criteris, instruccions i orientacions pel curs 2025-2026<\/a><\/em>.<\/p>\n","protected":false},"excerpt":{"rendered":"<p>Les diferents modalitats de formaci\u00f3 han de respondre a la finalitat de l&#8217;acci\u00f3 formativa i impliquen una din\u00e0mica espec\u00edfica de [&hellip;]<\/p>\n","protected":false},"author":1,"featured_media":0,"parent":416,"menu_order":0,"comment_status":"closed","ping_status":"closed","template":"","meta":{"_bbp_topic_count":0,"_bbp_reply_count":0,"_bbp_total_topic_count":0,"_bbp_total_reply_count":0,"_bbp_voice_count":0,"_bbp_anonymous_reply_count":0,"_bbp_topic_count_hidden":0,"_bbp_reply_count_hidden":0,"_bbp_forum_subforum_count":0,"site-sidebar-layout":"default","site-content-layout":"","ast-site-content-layout":"default","site-content-style":"default","site-sidebar-style":"default","ast-global-header-display":"","ast-banner-title-visibility":"","ast-main-header-display":"","ast-hfb-above-header-display":"","ast-hfb-below-header-display":"","ast-hfb-mobile-header-display":"","site-post-title":"","ast-breadcrumbs-content":"","ast-featured-img":"","footer-sml-layout":"","theme-transparent-header-meta":"","adv-header-id-meta":"","stick-header-meta":"","header-above-stick-meta":"","header-main-stick-meta":"","header-below-stick-meta":"","astra-migrate-meta-layouts":"set","ast-page-background-enabled":"default","ast-page-background-meta":{"desktop":{"background-color":"var(--ast-global-color-4)","background-image":"","background-repeat":"repeat","background-position":"center center","background-size":"auto","background-attachment":"scroll","background-type":"","background-media":"","overlay-type":"","overlay-color":"","overlay-opacity":"","overlay-gradient":""},"tablet":{"background-color":"","background-image":"","background-repeat":"repeat","background-position":"center center","background-size":"auto","background-attachment":"scroll","background-type":"","background-media":"","overlay-type":"","overlay-color":"","overlay-opacity":"","overlay-gradient":""},"mobile":{"background-color":"","background-image":"","background-repeat":"repeat","background-position":"center center","background-size":"auto","background-attachment":"scroll","background-type":"","background-media":"","overlay-type":"","overlay-color":"","overlay-opacity":"","overlay-gradient":""}},"ast-content-background-meta":{"desktop":{"background-color":"var(--ast-global-color-5)","background-image":"","background-repeat":"repeat","background-position":"center center","background-size":"auto","background-attachment":"scroll","background-type":"","background-media":"","overlay-type":"","overlay-color":"","overlay-opacity":"","overlay-gradient":""},"tablet":{"background-color":"var(--ast-global-color-5)","background-image":"","background-repeat":"repeat","background-position":"center center","background-size":"auto","background-attachment":"scroll","background-type":"","background-media":"","overlay-type":"","overlay-color":"","overlay-opacity":"","overlay-gradient":""},"mobile":{"background-color":"var(--ast-global-color-5)","background-image":"","background-repeat":"repeat","background-position":"center center","background-size":"auto","background-attachment":"scroll","background-type":"","background-media":"","overlay-type":"","overlay-color":"","overlay-opacity":"","overlay-gradient":""}},"footnotes":""},"class_list":["post-8263","page","type-page","status-publish","hentry"],"post_mailing_queue_ids":[],"_links":{"self":[{"href":"https:\/\/serveiseducatius.xtec.cat\/pallars\/wp-json\/wp\/v2\/pages\/8263","targetHints":{"allow":["GET"]}}],"collection":[{"href":"https:\/\/serveiseducatius.xtec.cat\/pallars\/wp-json\/wp\/v2\/pages"}],"about":[{"href":"https:\/\/serveiseducatius.xtec.cat\/pallars\/wp-json\/wp\/v2\/types\/page"}],"author":[{"embeddable":true,"href":"https:\/\/serveiseducatius.xtec.cat\/pallars\/wp-json\/wp\/v2\/users\/1"}],"replies":[{"embeddable":true,"href":"https:\/\/serveiseducatius.xtec.cat\/pallars\/wp-json\/wp\/v2\/comments?post=8263"}],"version-history":[{"count":5,"href":"https:\/\/serveiseducatius.xtec.cat\/pallars\/wp-json\/wp\/v2\/pages\/8263\/revisions"}],"predecessor-version":[{"id":25871,"href":"https:\/\/serveiseducatius.xtec.cat\/pallars\/wp-json\/wp\/v2\/pages\/8263\/revisions\/25871"}],"up":[{"embeddable":true,"href":"https:\/\/serveiseducatius.xtec.cat\/pallars\/wp-json\/wp\/v2\/pages\/416"}],"wp:attachment":[{"href":"https:\/\/serveiseducatius.xtec.cat\/pallars\/wp-json\/wp\/v2\/media?parent=8263"}],"curies":[{"name":"wp","href":"https:\/\/api.w.org\/{rel}","templated":true}]}}