{"id":24222,"date":"2024-11-14T10:29:51","date_gmt":"2024-11-14T09:29:51","guid":{"rendered":"https:\/\/serveiseducatius.xtec.cat\/pallars\/?page_id=24222"},"modified":"2025-12-18T13:38:06","modified_gmt":"2025-12-18T12:38:06","slug":"cangur","status":"publish","type":"page","link":"https:\/\/serveiseducatius.xtec.cat\/pallars\/dinamitzacio\/steam\/cangur\/","title":{"rendered":"Cangur"},"content":{"rendered":"\n<p>La Societat Catalana de Matem\u00e0tiques \u00e9s una societat filial de l\u2019<a href=\"https:\/\/www.iec.cat\/\" target=\"_blank\" rel=\"noopener\"><strong>Institut d\u2019Estudis Catalans<\/strong><\/a> per al conreu de les ci\u00e8ncies matem\u00e0tiques a totes les terres de llengua i cultura catalanes. Aquesta organitza diferents concursos uns de car\u00e0cter individual i uns altres per equips.<\/p>\n\n\n\n<figure class=\"wp-block-table\"><table class=\"has-fixed-layout\"><tbody><tr><td>\n<h3 style=\"text-align: center;\"><strong><a href=\"https:\/\/serveiseducatius.xtec.cat\/pallars\/wp-content\/uploads\/usu1099\/2024\/11\/prova-cangur-2025-retallada.jpg\"><img loading=\"lazy\" decoding=\"async\" class=\"wp-image-24227 aligncenter\" src=\"https:\/\/serveiseducatius.xtec.cat\/pallars\/wp-content\/uploads\/usu1099\/2024\/11\/prova-cangur-2025-retallada.jpg\" alt=\"\" width=\"454\" height=\"259\" srcset=\"https:\/\/serveiseducatius.xtec.cat\/pallars\/wp-content\/uploads\/usu1099\/2024\/11\/prova-cangur-2025-retallada.jpg 724w, https:\/\/serveiseducatius.xtec.cat\/pallars\/wp-content\/uploads\/usu1099\/2024\/11\/prova-cangur-2025-retallada-300x171.jpg 300w\" sizes=\"auto, (max-width: 454px) 100vw, 454px\" \/><\/a><\/strong><\/h3>\n<\/td><td>\n<h3 style=\"text-align: center;\"><strong><a href=\"https:\/\/serveiseducatius.xtec.cat\/pallars\/wp-content\/uploads\/usu1099\/2024\/11\/copa-cangur2025.jpg\"><img loading=\"lazy\" decoding=\"async\" class=\"alignleft wp-image-24228\" src=\"https:\/\/serveiseducatius.xtec.cat\/pallars\/wp-content\/uploads\/usu1099\/2024\/11\/copa-cangur2025.jpg\" alt=\"\" width=\"704\" height=\"233\" srcset=\"https:\/\/serveiseducatius.xtec.cat\/pallars\/wp-content\/uploads\/usu1099\/2024\/11\/copa-cangur2025.jpg 900w, https:\/\/serveiseducatius.xtec.cat\/pallars\/wp-content\/uploads\/usu1099\/2024\/11\/copa-cangur2025-300x99.jpg 300w, https:\/\/serveiseducatius.xtec.cat\/pallars\/wp-content\/uploads\/usu1099\/2024\/11\/copa-cangur2025-768x254.jpg 768w\" sizes=\"auto, (max-width: 704px) 100vw, 704px\" \/><\/a><\/strong><\/h3>\n<\/td><\/tr><tr><td>\n<h3 style=\"text-align: center;\"><strong>PROVA CANGUR<\/strong><\/h3>\n<\/td><td>\n<h3 style=\"text-align: center;\"><strong>COPA CANGUR<\/strong><\/h3>\n<\/td><\/tr><tr><td><strong>Descripci\u00f3<\/strong>\n<p>La prova Cangur \u00e9s una activitat matem\u00e0tica anual, amb el format de concurs individual, promoguda per l\u2019associaci\u00f3 internacional&nbsp;<a href=\"https:\/\/www.aksf.org\/\" target=\"_blank\" rel=\"noopener\"><strong>Le Kangourou sans Fronti\u00e8res<\/strong><\/a>, que es marca com a objectiu la promoci\u00f3 de les matem\u00e0tiques entre la gent jove i la mainada, mitjan\u00e7ant una participaci\u00f3 massiva en una activitat cient\u00edfica, sense intentar fer cap selecci\u00f3 ni comparaci\u00f3 entre centres ni entre zones geogr\u00e0fiques.<\/p>\n<\/td><td><strong>Descripci\u00f3<\/strong>\n<p>La Copa Cangur \u00e9s un concurs presencial de resoluci\u00f3 de problemes de matem\u00e0tiques per a equips de centre, organitzat per la Societat Catalana de Matem\u00e0tiques.<\/p>\n<p>En el concurs es presenten 12 problemes i 60 minuts de temps per fer-ne els m\u00e0xims possibles (primera fase). \u00c9s una cursa contra rellotge on la puntuaci\u00f3 obtinguda per cada problema va variant durant el concurs, i per tant l&#8217;estrat\u00e8gia d\u2019equip \u00e9s molt important! A m\u00e9s, durant el desenvolupament de la prova els equips poden seguir en directe l\u2019estat del concurs, tant la puntuaci\u00f3 i la classificaci\u00f3 com els encerts i errors que porten acumulats cadascun dels participants. Aix\u00f2 el fa un joc emocionant i divertit, amb les matem\u00e0tiques com a protagonistes.<\/p>\n<p>La primera fase del concurs se celebra en diverses seus locals repartides arreu del territori. El primer equip classificat de cada seu (o els primers, dep\u00e8n del nombre de seus que hi hagi), juntament amb els campions de l\u2019any anterior, es classifiquen per a la gran final nacional.<\/p>\n<\/td><\/tr><tr><td><strong>Adre\u00e7at<\/strong>\n<p>alumnat de CS de prim\u00e0ria, ESO, Batxillerat i Cicles Formatius<\/p>\n<\/td><td><strong>Adre\u00e7at<\/strong>\n<p>alumnat d&#8217;ESO<\/p>\n<\/td><\/tr><tr><td><strong>Inscripcions<\/strong><br>A partir del 10 de gener <\/td><td><strong>Inscripcions<\/strong><br>A partir de finals de novembre<\/td><\/tr><tr><td><strong>Data<\/strong> <br>19 de mar\u00e7 de 2026<\/td><td><strong>Data<\/strong> <br>28 de gener de 2026 a Tremp<\/td><\/tr><tr><td><strong>Instruccions<\/strong> <ul><li><a href=\"https:\/\/scm.iec.cat\/wp-content\/uploads\/2024\/10\/cangur2025-prim-eso.pdf\"><strong>Educaci\u00f3 Prim\u00e0ria i ESO<\/strong><\/a><\/li><br><li><strong><a href=\"https:\/\/scm.iec.cat\/wp-content\/uploads\/2024\/10\/cangur2025-grans.pdf\">Batxillerats i Cicles Formatius<\/a><\/strong><\/li><br><\/ul><\/td><td><strong>Instruccions<\/strong>\n<p><a href=\"https:\/\/isotropic.cat\/wp-content\/uploads\/2023\/12\/Reglament%20Copa%20Cangur%20des23.pdf\"><strong>Reglament de la Copa Cangur<\/strong><\/a><\/p>\n<\/td><\/tr><tr><td>Podeu practicar aquest tipus de problemes a partir de proves d\u2019anys anteriors que trobareu fent clic en els seg\u00fcents anys:<\/td><td>Podeu practicar aquest tipus de problemes a partir de proves d\u2019anys anteriors que trobareu fent clic en els seg\u00fcents anys:<\/td><\/tr><tr><td><br><a class=\"button normal\" style=\"padding: 1em; font-weight: 400; margin: 0.1em; color: white !important; background-color: #3c7c80;\" href=\"https:\/\/scm.iec.cat\/concurs-presencial\/cangur\/\" rel=\"noopener noreferrer\">2024<\/a><a class=\"button normal\" style=\"padding: 1em; font-weight: 400; margin: 0.1em; color: white !important; background-color: #3c7c80;\" href=\"https:\/\/www.cangur.org\/cang2023\/enusol\/index.php\" rel=\"noopener noreferrer\">2023<\/a><a class=\"button normal\" style=\"padding: 1em; font-weight: 400; margin: 0.1em; color: white !important; background-color: #3c7c80;\" href=\"https:\/\/www.cangur.org\/cang2022\/enusol\/\" rel=\"noopener noreferrer\">2022<\/a><a class=\"button normal\" style=\"padding: 1em; font-weight: 400; margin: 0.1em; color: white !important; background-color: #3c7c80;\" href=\"https:\/\/www.cangur.org\/cang2021\/\" rel=\"noopener noreferrer\">2021<\/a><a class=\"button normal\" style=\"padding: 1em; font-weight: 400; margin: 0.1em; color: white !important; background-color: #3c7c80;\" href=\"https:\/\/www.cangur.org\/cangur\/anteriors\/\" rel=\"noopener noreferrer\">2020<\/a><br><br><a class=\"button normal\" style=\"padding: 1em; font-weight: 400; margin: 0.1em; color: white !important; background-color: #3c7c80;\" href=\"https:\/\/www.cangur.org\/cangur\/cang2019\/informacions\/enusol\/\" rel=\"noopener noreferrer\">2019<\/a><a class=\"button normal\" style=\"padding: 1em; font-weight: 400; margin: 0.1em; color: white !important; background-color: #3c7c80;\" href=\"https:\/\/www.cangur.org\/cangur\/cang2018\/informacions\/\" rel=\"noopener noreferrer\">2018<\/a><a class=\"button normal\" style=\"padding: 1em; font-weight: 400; margin: 0.1em; color: white !important; background-color: #3c7c80;\" href=\"https:\/\/www.cangur.org\/cangur\/cang2017\/enusol\/\" rel=\"noopener noreferrer\">2017<\/a><a class=\"button normal\" style=\"padding: 1em; font-weight: 400; margin: 0.1em; color: white !important; background-color: #3c7c80;\" href=\"https:\/\/www.cangur.org\/cangur\/cang2016\/enunciats2016.php\" rel=\"noopener noreferrer\">2016<\/a><a class=\"button normal\" style=\"padding: 1em; font-weight: 400; margin: 0.1em; color: white !important; background-color: #3c7c80;\" href=\"https:\/\/www.cangur.org\/cangur\/cang2015\/enusol\/index.php\" rel=\"noopener noreferrer\">2015<\/a><br><br><br><strong><a href=\"https:\/\/scm.iec.cat\/concurs-presencial\/cangur\/\">M\u00e9s enunciats<\/a><\/strong><\/td><td><a class=\"button normal\" style=\"padding: 1em; font-weight: 400; margin: 0.1em; color: white !important; background-color: #3c7c80;\" href=\"https:\/\/drive.google.com\/file\/d\/1pu7zxYuKTyVNbcpqTSTXiu2TucRoQ5UF\/view?usp=drive_link\" target=\"_blank\" rel=\"noopener noreferrer\">2024 Cadet<\/a><a class=\"button normal\" style=\"padding: 1em; font-weight: 400; margin: 0.1em; color: white !important; background-color: #3c7c80;\" href=\"https:\/\/drive.google.com\/file\/d\/1dsJu76g9ZG6ua-TaTT9FsA9OYDVv_fs5\/view?usp=drive_link\" target=\"_blank\" rel=\"noopener noreferrer\">2024 Junior<\/a><a class=\"button normal\" style=\"padding: 1em; font-weight: 400; margin: 0.1em; color: white !important; background-color: #3c7c80;\" href=\"https:\/\/drive.google.com\/file\/d\/1ea3SEcRMd-5ZBC7N3IGvDXjNp6TDfO31\/view?usp=drive_link\" target=\"_blank\" rel=\"noopener noreferrer\">2023 Cadet<\/a><a class=\"button normal\" style=\"padding: 1em; font-weight: 400; margin: 0.1em; color: white !important; background-color: #3c7c80;\" href=\"https:\/\/drive.google.com\/file\/d\/1Et2aYlmnpNg2IHSQRnzqy40PkFui9QOh\/view?usp=drive_link\" target=\"_blank\" rel=\"noopener noreferrer\">2023 Junior<\/a><br><br><a class=\"button normal\" style=\"padding: 1em; font-weight: 400; margin: 0.1em; color: white !important; background-color: #3c7c80;\" href=\"https:\/\/drive.google.com\/file\/d\/1WkI_w0C8LIsUWseVJD1gJLFepaGk-QxX\/view?usp=drive_link\" target=\"_blank\" rel=\"noopener noreferrer\">2022<\/a><a class=\"button normal\" style=\"padding: 1em; font-weight: 400; margin: 0.1em; color: white !important; background-color: #3c7c80;\" href=\"https:\/\/drive.google.com\/file\/d\/1ZgKL16TjVHxwZGntvnuqLW0uHuXGVQpd\/view?usp=drive_link\" target=\"_blank\" rel=\"noopener noreferrer\">2020<\/a><a class=\"button normal\" style=\"padding: 1em; font-weight: 400; margin: 0.1em; color: white !important; background-color: #3c7c80;\" href=\"https:\/\/drive.google.com\/file\/d\/1UfT6fK_u_nCwFp2RZnHZU3GxEeyUiVDC\/view?usp=drive_link\" target=\"_blank\" rel=\"noopener noreferrer\">2019<\/a><a class=\"button normal\" style=\"padding: 1em; font-weight: 400; margin: 0.1em; color: white !important; background-color: #3c7c80;\" href=\"https:\/\/drive.google.com\/file\/d\/1J01cnLTRBf8jeJA46F_Cn_xWeugqMSuR\/view?usp=drive_link\" target=\"_blank\" rel=\"noopener noreferrer\">2018<\/a><a class=\"button normal\" style=\"padding: 1em; font-weight: 400; margin: 0.1em; color: white !important; background-color: #3c7c80;\" href=\"https:\/\/drive.google.com\/file\/d\/1ib6Tf2CzSCeLS0Ug9bbSMsKxpLPqjZPu\/view?usp=drive_link\" target=\"_blank\" rel=\"noopener noreferrer\">2017<\/a><br><br><a class=\"button normal\" style=\"padding: 1em; font-weight: 400; margin: 0.1em; color: white !important; background-color: #3c7c80;\" href=\"https:\/\/drive.google.com\/file\/d\/1w7w2S-R01SNeOfW8UusBb7AFCnRE9brx\/view?usp=drive_link\" target=\"_blank\" rel=\"noopener noreferrer\">2016<\/a><a class=\"button normal\" style=\"padding: 1em; font-weight: 400; margin: 0.1em; color: white !important; background-color: #3c7c80;\" href=\"https:\/\/drive.google.com\/file\/d\/1W7YzspstzGW3LYhlMGjSvei9u3yXOWMe\/view?usp=drive_link\" target=\"_blank\" rel=\"noopener noreferrer\">2015<\/a><a class=\"button normal\" style=\"padding: 1em; font-weight: 400; margin: 0.1em; color: white !important; background-color: #3c7c80;\" href=\"https:\/\/drive.google.com\/file\/d\/1QTjYiRu9PJlbKugQtWEXJ2IOyU629GTb\/view?usp=drive_link\" target=\"_blank\" rel=\"noopener noreferrer\">2014<\/a><br><br><strong><a href=\"https:\/\/scm.iec.cat\/concurs-presencial\/copa-cangur-enunciats\/\">M\u00e9s enunciats<\/a><\/strong><br><\/td><\/tr><tr><td>\n<h4><a href=\"https:\/\/scm.iec.cat\/concurs-presencial\/cangur\/\">M\u00e9s informaci\u00f3<\/a><\/h4>\n<\/td><td>\n<h4><a href=\"https:\/\/isotropic.cat\/copacangur\/\">M\u00e9s informaci\u00f3<\/a><\/h4>\n<\/td><\/tr><\/tbody><\/table><\/figure>\n\n\n\n<p><\/p>\n\n\n\n<p><\/p>\n","protected":false},"excerpt":{"rendered":"<p>La Societat Catalana de Matem\u00e0tiques \u00e9s una societat filial de l\u2019Institut d\u2019Estudis Catalans per al conreu de les ci\u00e8ncies matem\u00e0tiques [&hellip;]<\/p>\n","protected":false},"author":1,"featured_media":0,"parent":20404,"menu_order":40,"comment_status":"closed","ping_status":"closed","template":"","meta":{"_bbp_topic_count":0,"_bbp_reply_count":0,"_bbp_total_topic_count":0,"_bbp_total_reply_count":0,"_bbp_voice_count":0,"_bbp_anonymous_reply_count":0,"_bbp_topic_count_hidden":0,"_bbp_reply_count_hidden":0,"_bbp_forum_subforum_count":0,"site-sidebar-layout":"default","site-content-layout":"","ast-site-content-layout":"default","site-content-style":"default","site-sidebar-style":"default","ast-global-header-display":"","ast-banner-title-visibility":"","ast-main-header-display":"","ast-hfb-above-header-display":"","ast-hfb-below-header-display":"","ast-hfb-mobile-header-display":"","site-post-title":"","ast-breadcrumbs-content":"","ast-featured-img":"","footer-sml-layout":"","theme-transparent-header-meta":"","adv-header-id-meta":"","stick-header-meta":"","header-above-stick-meta":"","header-main-stick-meta":"","header-below-stick-meta":"","astra-migrate-meta-layouts":"set","ast-page-background-enabled":"default","ast-page-background-meta":{"desktop":{"background-color":"var(--ast-global-color-4)","background-image":"","background-repeat":"repeat","background-position":"center center","background-size":"auto","background-attachment":"scroll","background-type":"","background-media":"","overlay-type":"","overlay-color":"","overlay-opacity":"","overlay-gradient":""},"tablet":{"background-color":"","background-image":"","background-repeat":"repeat","background-position":"center center","background-size":"auto","background-attachment":"scroll","background-type":"","background-media":"","overlay-type":"","overlay-color":"","overlay-opacity":"","overlay-gradient":""},"mobile":{"background-color":"","background-image":"","background-repeat":"repeat","background-position":"center center","background-size":"auto","background-attachment":"scroll","background-type":"","background-media":"","overlay-type":"","overlay-color":"","overlay-opacity":"","overlay-gradient":""}},"ast-content-background-meta":{"desktop":{"background-color":"var(--ast-global-color-5)","background-image":"","background-repeat":"repeat","background-position":"center center","background-size":"auto","background-attachment":"scroll","background-type":"","background-media":"","overlay-type":"","overlay-color":"","overlay-opacity":"","overlay-gradient":""},"tablet":{"background-color":"var(--ast-global-color-5)","background-image":"","background-repeat":"repeat","background-position":"center center","background-size":"auto","background-attachment":"scroll","background-type":"","background-media":"","overlay-type":"","overlay-color":"","overlay-opacity":"","overlay-gradient":""},"mobile":{"background-color":"var(--ast-global-color-5)","background-image":"","background-repeat":"repeat","background-position":"center center","background-size":"auto","background-attachment":"scroll","background-type":"","background-media":"","overlay-type":"","overlay-color":"","overlay-opacity":"","overlay-gradient":""}},"footnotes":""},"class_list":["post-24222","page","type-page","status-publish","hentry"],"post_mailing_queue_ids":[],"_links":{"self":[{"href":"https:\/\/serveiseducatius.xtec.cat\/pallars\/wp-json\/wp\/v2\/pages\/24222","targetHints":{"allow":["GET"]}}],"collection":[{"href":"https:\/\/serveiseducatius.xtec.cat\/pallars\/wp-json\/wp\/v2\/pages"}],"about":[{"href":"https:\/\/serveiseducatius.xtec.cat\/pallars\/wp-json\/wp\/v2\/types\/page"}],"author":[{"embeddable":true,"href":"https:\/\/serveiseducatius.xtec.cat\/pallars\/wp-json\/wp\/v2\/users\/1"}],"replies":[{"embeddable":true,"href":"https:\/\/serveiseducatius.xtec.cat\/pallars\/wp-json\/wp\/v2\/comments?post=24222"}],"version-history":[{"count":6,"href":"https:\/\/serveiseducatius.xtec.cat\/pallars\/wp-json\/wp\/v2\/pages\/24222\/revisions"}],"predecessor-version":[{"id":26623,"href":"https:\/\/serveiseducatius.xtec.cat\/pallars\/wp-json\/wp\/v2\/pages\/24222\/revisions\/26623"}],"up":[{"embeddable":true,"href":"https:\/\/serveiseducatius.xtec.cat\/pallars\/wp-json\/wp\/v2\/pages\/20404"}],"wp:attachment":[{"href":"https:\/\/serveiseducatius.xtec.cat\/pallars\/wp-json\/wp\/v2\/media?parent=24222"}],"curies":[{"name":"wp","href":"https:\/\/api.w.org\/{rel}","templated":true}]}}