{"id":20590,"date":"2023-02-06T15:42:14","date_gmt":"2023-02-06T14:42:14","guid":{"rendered":"https:\/\/serveiseducatius.xtec.cat\/pallars\/?page_id=20590"},"modified":"2025-01-17T15:00:31","modified_gmt":"2025-01-17T14:00:31","slug":"radio-a-lescola","status":"publish","type":"page","link":"https:\/\/serveiseducatius.xtec.cat\/pallars\/dinamitzacio\/llengua\/radio-a-lescola\/","title":{"rendered":"R\u00e0dio a l&#8217;escola"},"content":{"rendered":"<p><a href=\"https:\/\/serveiseducatius.xtec.cat\/pallars\/wp-content\/uploads\/usu1099\/2018\/11\/Radio.jpg\"><img loading=\"lazy\" decoding=\"async\" class=\"wp-image-10683 alignleft\" src=\"https:\/\/serveiseducatius.xtec.cat\/pallars\/wp-content\/uploads\/usu1099\/2018\/11\/Radio.jpg\" alt=\"\" width=\"246\" height=\"168\" srcset=\"https:\/\/serveiseducatius.xtec.cat\/pallars\/wp-content\/uploads\/usu1099\/2018\/11\/Radio.jpg 799w, https:\/\/serveiseducatius.xtec.cat\/pallars\/wp-content\/uploads\/usu1099\/2018\/11\/Radio-300x205.jpg 300w, https:\/\/serveiseducatius.xtec.cat\/pallars\/wp-content\/uploads\/usu1099\/2018\/11\/Radio-768x524.jpg 768w\" sizes=\"auto, (max-width: 246px) 100vw, 246px\" \/><\/a>El curs 2018-19 es va iniciar el projecte<strong><em> La r\u00e0dio a l&#8217;escola<\/em><\/strong>. Adre\u00e7at a alumnat de cicle superior i ESO dels centres educatius de Tremp.<br \/>\nLa r\u00e0dio \u00e9s un mitj\u00e0 de comunicaci\u00f3 d\u2019un gran valor educatiu. Promou la comunicaci\u00f3, facilita la lectura i la comprensi\u00f3 dels textos i agilitza les tasques de redacci\u00f3 dels alumnes&#8230; El treball radiof\u00f2nic \u00e9s estimulant i motivador per les activitats escolar.<\/p>\n<p>Aquest projecte t\u00e9 com a objectius:<\/p>\n<ul style=\"list-style-type: disc;\">\n<li>Identificar els valors de la r\u00e0dio com a mitj\u00e0 de comunicaci\u00f3 i d\u2019aprenentatge<\/li>\n<li>Potenciar la capacitat ling\u00fc\u00edstica especialment l\u2019expressi\u00f3 oral.<\/li>\n<li>Afavorir la creativitat i el treball en equip<\/li>\n<li>Fomentar el debat i l&#8217;aprofundiment dels temes.<\/li>\n<li>Difondre activitats dels propis centres<\/li>\n<\/ul>\n<table style=\"width: 600px; height: 176px;\">\n<tbody>\n<tr style=\"height: 52px;\">\n<td style=\"width: 518px; height: 52px;\" colspan=\"2\">\n<h5 style=\"text-align: center;\"><strong>Taller de r\u00e0dio<br \/>\n<\/strong><\/h5>\n<\/td>\n<\/tr>\n<tr style=\"height: 36px;\">\n<td style=\"width: 144.417px; height: 36px;\"><strong>Nivell<\/strong><\/td>\n<td style=\"width: 371.583px; height: 36px;\">cicle mitj\u00e0 i cicle superior de prim\u00e0ria<\/td>\n<\/tr>\n<tr style=\"height: 107px;\">\n<td style=\"width: 144.417px; height: 107px;\"><strong>Enlla\u00e7os a materials<br \/>\n<\/strong><\/td>\n<td style=\"width: 371.583px; height: 107px;\">Cicle mitj\u00e0: <a href=\"https:\/\/drive.google.com\/open?id=1gM2zoSF7cIA8L7_08nLItUaw0vqMQl92\">Unitat did\u00e0ctica,<\/a> <a href=\"https:\/\/drive.google.com\/open?id=1JtdAJm9swad67ntvv8WOQGmdKuSHOSne47IOz6arjS0\">Power Point<\/a>\u00a0 i\u00a0<a href=\"https:\/\/drive.google.com\/open?id=1a6md-p9ewHV8w7g1cIGWnVWolx1SOsLA\">material pel professorat<\/a><\/p>\n<p>Cicle superior: <a href=\"https:\/\/drive.google.com\/open?id=157J0TfCWtGlccy0RfTWT0OLrK5K263P6\">Unitat did\u00e0ctica<\/a>, <a href=\"https:\/\/drive.google.com\/open?id=1CjCBj4ou40CRb6sLLO54meLQpjsdGupcIQBVu2okwKY\">Power Point<\/a>\u00a0 i <a href=\"https:\/\/drive.google.com\/open?id=13rX8GqWVDwyFKKxEq3gTvP_4osfXwgir\">material pel professorat<\/a><\/p>\n<p><a href=\"https:\/\/drive.google.com\/open?id=1okTBaec4Nah2mOz03f01xLEPGodzjPVb\">R\u00fabrica<\/a><\/td>\n<\/tr>\n<\/tbody>\n<\/table>\n<p>&nbsp;<\/p>\n","protected":false},"excerpt":{"rendered":"<p>El curs 2018-19 es va iniciar el projecte La r\u00e0dio a l&#8217;escola. Adre\u00e7at a alumnat de cicle superior i ESO [&hellip;]<\/p>\n","protected":false},"author":1,"featured_media":0,"parent":20561,"menu_order":10,"comment_status":"closed","ping_status":"closed","template":"page-templates\/side-menu.php","meta":{"_bbp_topic_count":0,"_bbp_reply_count":0,"_bbp_total_topic_count":0,"_bbp_total_reply_count":0,"_bbp_voice_count":0,"_bbp_anonymous_reply_count":0,"_bbp_topic_count_hidden":0,"_bbp_reply_count_hidden":0,"_bbp_forum_subforum_count":0,"site-sidebar-layout":"default","site-content-layout":"","ast-site-content-layout":"","site-content-style":"default","site-sidebar-style":"default","ast-global-header-display":"","ast-banner-title-visibility":"","ast-main-header-display":"","ast-hfb-above-header-display":"","ast-hfb-below-header-display":"","ast-hfb-mobile-header-display":"","site-post-title":"","ast-breadcrumbs-content":"","ast-featured-img":"","footer-sml-layout":"","theme-transparent-header-meta":"","adv-header-id-meta":"","stick-header-meta":"","header-above-stick-meta":"","header-main-stick-meta":"","header-below-stick-meta":"","astra-migrate-meta-layouts":"default","ast-page-background-enabled":"default","ast-page-background-meta":{"desktop":{"background-color":"var(--ast-global-color-4)","background-image":"","background-repeat":"repeat","background-position":"center center","background-size":"auto","background-attachment":"scroll","background-type":"","background-media":"","overlay-type":"","overlay-color":"","overlay-opacity":"","overlay-gradient":""},"tablet":{"background-color":"","background-image":"","background-repeat":"repeat","background-position":"center center","background-size":"auto","background-attachment":"scroll","background-type":"","background-media":"","overlay-type":"","overlay-color":"","overlay-opacity":"","overlay-gradient":""},"mobile":{"background-color":"","background-image":"","background-repeat":"repeat","background-position":"center center","background-size":"auto","background-attachment":"scroll","background-type":"","background-media":"","overlay-type":"","overlay-color":"","overlay-opacity":"","overlay-gradient":""}},"ast-content-background-meta":{"desktop":{"background-color":"var(--ast-global-color-5)","background-image":"","background-repeat":"repeat","background-position":"center center","background-size":"auto","background-attachment":"scroll","background-type":"","background-media":"","overlay-type":"","overlay-color":"","overlay-opacity":"","overlay-gradient":""},"tablet":{"background-color":"var(--ast-global-color-5)","background-image":"","background-repeat":"repeat","background-position":"center center","background-size":"auto","background-attachment":"scroll","background-type":"","background-media":"","overlay-type":"","overlay-color":"","overlay-opacity":"","overlay-gradient":""},"mobile":{"background-color":"var(--ast-global-color-5)","background-image":"","background-repeat":"repeat","background-position":"center center","background-size":"auto","background-attachment":"scroll","background-type":"","background-media":"","overlay-type":"","overlay-color":"","overlay-opacity":"","overlay-gradient":""}},"footnotes":""},"class_list":["post-20590","page","type-page","status-publish","hentry"],"post_mailing_queue_ids":[],"_links":{"self":[{"href":"https:\/\/serveiseducatius.xtec.cat\/pallars\/wp-json\/wp\/v2\/pages\/20590","targetHints":{"allow":["GET"]}}],"collection":[{"href":"https:\/\/serveiseducatius.xtec.cat\/pallars\/wp-json\/wp\/v2\/pages"}],"about":[{"href":"https:\/\/serveiseducatius.xtec.cat\/pallars\/wp-json\/wp\/v2\/types\/page"}],"author":[{"embeddable":true,"href":"https:\/\/serveiseducatius.xtec.cat\/pallars\/wp-json\/wp\/v2\/users\/1"}],"replies":[{"embeddable":true,"href":"https:\/\/serveiseducatius.xtec.cat\/pallars\/wp-json\/wp\/v2\/comments?post=20590"}],"version-history":[{"count":3,"href":"https:\/\/serveiseducatius.xtec.cat\/pallars\/wp-json\/wp\/v2\/pages\/20590\/revisions"}],"predecessor-version":[{"id":24491,"href":"https:\/\/serveiseducatius.xtec.cat\/pallars\/wp-json\/wp\/v2\/pages\/20590\/revisions\/24491"}],"up":[{"embeddable":true,"href":"https:\/\/serveiseducatius.xtec.cat\/pallars\/wp-json\/wp\/v2\/pages\/20561"}],"wp:attachment":[{"href":"https:\/\/serveiseducatius.xtec.cat\/pallars\/wp-json\/wp\/v2\/media?parent=20590"}],"curies":[{"name":"wp","href":"https:\/\/api.w.org\/{rel}","templated":true}]}}