{"id":20442,"date":"2023-02-06T09:57:52","date_gmt":"2023-02-06T08:57:52","guid":{"rendered":"https:\/\/serveiseducatius.xtec.cat\/pallars\/?page_id=20442"},"modified":"2023-06-16T09:00:46","modified_gmt":"2023-06-16T07:00:46","slug":"mathpallars","status":"publish","type":"page","link":"https:\/\/serveiseducatius.xtec.cat\/pallars\/dinamitzacio\/steam\/mathpallars\/","title":{"rendered":"MathPallars"},"content":{"rendered":"<p><a href=\"https:\/\/sites.google.com\/xtec.cat\/matpallars\/inici?authuser=0\"><img loading=\"lazy\" decoding=\"async\" class=\"size-full wp-image-11865 alignleft\" src=\"https:\/\/serveiseducatius.xtec.cat\/pallars\/wp-content\/uploads\/usu1099\/2019\/10\/Sin-t\u00edtulo-1.png\" alt=\"\" width=\"225\" height=\"122\" \/><\/a>MathsPallars, \u00e9s un projecte que proposa desenvolupar un seguit d&#8217;activitats relacionades amb la compet\u00e8ncia matem\u00e0tica, tenint en compte el treball de les matem\u00e0tiques a nivell m\u00e9s manipulatiu.<\/p>\n<p><a href=\"https:\/\/sites.google.com\/xtec.cat\/matpallars\/inici?authuser=0\">Enlla\u00e7 a la <strong>P\u00c0GINA WEB<\/strong><\/a><\/p>\n<table style=\"height: 409px; width: 94.7348%; border-style: none;\">\n<tbody>\n<tr style=\"height: 35px;\">\n<td style=\"width: 25.9036%; height: 24px; border-style: none; text-align: left;\"><span style=\"color: #3c7c80;\"><strong><strong><span style=\"font-size: 20px;\">Maleta numeraci\u00f3<\/span><\/strong><\/strong><\/span><br \/>\n<span style=\"color: #008080;\"><a style=\"color: #008080;\" href=\"https:\/\/serveiseducatius.xtec.cat\/pallars\/wp-content\/uploads\/usu1099\/2020\/03\/linea.png\"><img loading=\"lazy\" decoding=\"async\" class=\"alignleft size-full wp-image-19030\" src=\"https:\/\/serveiseducatius.xtec.cat\/pallars\/wp-content\/uploads\/usu1099\/2022\/07\/linea.png\" alt=\"\" width=\"290\" height=\"2\" srcset=\"https:\/\/serveiseducatius.xtec.cat\/pallars\/wp-content\/uploads\/usu1099\/2022\/07\/linea.png 290w, https:\/\/serveiseducatius.xtec.cat\/pallars\/wp-content\/uploads\/usu1099\/2022\/07\/linea-150x2.png 150w, https:\/\/serveiseducatius.xtec.cat\/pallars\/wp-content\/uploads\/usu1099\/2022\/07\/linea-200x2.png 200w\" sizes=\"auto, (max-width: 290px) 100vw, 290px\" \/><\/a><\/span><\/td>\n<td style=\"width: 27.1084%; height: 24px; border-style: none; text-align: left;\"><span style=\"color: #ba1c00;\"><strong><strong><span style=\"font-size: 20px;\"><span style=\"color: #3c7c80;\">Maleta geometria<span style=\"color: #008080;\"><a style=\"color: #008080;\" href=\"https:\/\/serveiseducatius.xtec.cat\/pallars\/wp-content\/uploads\/usu1099\/2020\/03\/linea.png\"><img loading=\"lazy\" decoding=\"async\" class=\"alignleft size-full wp-image-19030\" src=\"https:\/\/serveiseducatius.xtec.cat\/pallars\/wp-content\/uploads\/usu1099\/2022\/07\/linea.png\" alt=\"\" width=\"290\" height=\"2\" srcset=\"https:\/\/serveiseducatius.xtec.cat\/pallars\/wp-content\/uploads\/usu1099\/2022\/07\/linea.png 290w, https:\/\/serveiseducatius.xtec.cat\/pallars\/wp-content\/uploads\/usu1099\/2022\/07\/linea-150x2.png 150w, https:\/\/serveiseducatius.xtec.cat\/pallars\/wp-content\/uploads\/usu1099\/2022\/07\/linea-200x2.png 200w\" sizes=\"auto, (max-width: 290px) 100vw, 290px\" \/><\/a><\/span><\/span><br \/>\n<\/span><\/strong><\/strong><\/span><\/td>\n<td style=\"width: 23.2358%; height: 24px; border-style: none; text-align: left;\"><span style=\"color: #ba1c00;\"><strong><span style=\"font-size: 20px;\"><span style=\"color: #3c7c80;\">Maleta mesura<span style=\"color: #008080;\"><a style=\"color: #008080;\" href=\"https:\/\/serveiseducatius.xtec.cat\/pallars\/wp-content\/uploads\/usu1099\/2020\/03\/linea.png\"><img loading=\"lazy\" decoding=\"async\" class=\"alignleft size-full wp-image-19030\" src=\"https:\/\/serveiseducatius.xtec.cat\/pallars\/wp-content\/uploads\/usu1099\/2022\/07\/linea.png\" alt=\"\" width=\"290\" height=\"2\" srcset=\"https:\/\/serveiseducatius.xtec.cat\/pallars\/wp-content\/uploads\/usu1099\/2022\/07\/linea.png 290w, https:\/\/serveiseducatius.xtec.cat\/pallars\/wp-content\/uploads\/usu1099\/2022\/07\/linea-150x2.png 150w, https:\/\/serveiseducatius.xtec.cat\/pallars\/wp-content\/uploads\/usu1099\/2022\/07\/linea-200x2.png 200w\" sizes=\"auto, (max-width: 290px) 100vw, 290px\" \/><\/a><\/span><\/span><\/span><\/strong><\/span><\/td>\n<td style=\"width: 52.8399%; height: 24px; border-style: none; text-align: left;\"><span style=\"color: #ba1c00;\"><strong><span style=\"font-size: 20px;\"><span style=\"color: #3c7c80;\">Maleta estad\u00edstica i probabilitat<span style=\"color: #008080;\"><a style=\"color: #008080;\" href=\"https:\/\/serveiseducatius.xtec.cat\/pallars\/wp-content\/uploads\/usu1099\/2020\/03\/linea.png\"><img loading=\"lazy\" decoding=\"async\" class=\"alignleft size-full wp-image-19030\" src=\"https:\/\/serveiseducatius.xtec.cat\/pallars\/wp-content\/uploads\/usu1099\/2022\/07\/linea.png\" alt=\"\" width=\"290\" height=\"2\" srcset=\"https:\/\/serveiseducatius.xtec.cat\/pallars\/wp-content\/uploads\/usu1099\/2022\/07\/linea.png 290w, https:\/\/serveiseducatius.xtec.cat\/pallars\/wp-content\/uploads\/usu1099\/2022\/07\/linea-150x2.png 150w, https:\/\/serveiseducatius.xtec.cat\/pallars\/wp-content\/uploads\/usu1099\/2022\/07\/linea-200x2.png 200w\" sizes=\"auto, (max-width: 290px) 100vw, 290px\" \/><\/a><\/span><\/span><\/span><\/strong><\/span><\/td>\n<\/tr>\n<tr style=\"height: 156px;\">\n<td style=\"width: 25.9036%; height: 156px; border-style: none;\"><a href=\"https:\/\/serveiseducatius.xtec.cat\/pallars\/wp-content\/uploads\/usu1099\/2020\/03\/numeracio_1.jpg\"><img loading=\"lazy\" decoding=\"async\" class=\"size-full wp-image-12645 aligncenter\" src=\"https:\/\/serveiseducatius.xtec.cat\/pallars\/wp-content\/uploads\/usu1099\/2020\/03\/numeracio_1.jpg\" alt=\"\" width=\"203\" height=\"203\" srcset=\"https:\/\/serveiseducatius.xtec.cat\/pallars\/wp-content\/uploads\/usu1099\/2020\/03\/numeracio_1.jpg 203w, https:\/\/serveiseducatius.xtec.cat\/pallars\/wp-content\/uploads\/usu1099\/2020\/03\/numeracio_1-150x150.jpg 150w\" sizes=\"auto, (max-width: 203px) 100vw, 203px\" \/><\/a><\/td>\n<td style=\"width: 27.1084%; height: 156px; border-style: none; text-align: center;\"><a href=\"https:\/\/serveiseducatius.xtec.cat\/pallars\/wp-content\/uploads\/usu1099\/2020\/03\/geometria.jpg\"><img loading=\"lazy\" decoding=\"async\" class=\"alignnone wp-image-12646\" src=\"https:\/\/serveiseducatius.xtec.cat\/pallars\/wp-content\/uploads\/usu1099\/2020\/03\/geometria.jpg\" alt=\"\" width=\"199\" height=\"203\" \/><\/a><\/td>\n<td style=\"width: 23.2358%; height: 156px; border-style: none; text-align: center;\"><a href=\"https:\/\/serveiseducatius.xtec.cat\/pallars\/wp-content\/uploads\/usu1099\/2020\/03\/mesura.jpg\"><img loading=\"lazy\" decoding=\"async\" class=\"alignnone wp-image-12647\" src=\"https:\/\/serveiseducatius.xtec.cat\/pallars\/wp-content\/uploads\/usu1099\/2020\/03\/mesura.jpg\" alt=\"\" width=\"217\" height=\"201\" \/><\/a><\/td>\n<td style=\"width: 52.8399%; height: 156px; border-style: none; text-align: center;\"><a href=\"https:\/\/serveiseducatius.xtec.cat\/pallars\/wp-content\/uploads\/usu1099\/2020\/03\/estad\u00edsitca.jpg\"><img loading=\"lazy\" decoding=\"async\" class=\"alignnone size-full wp-image-12648\" src=\"https:\/\/serveiseducatius.xtec.cat\/pallars\/wp-content\/uploads\/usu1099\/2020\/03\/estad\u00edsitca.jpg\" alt=\"\" width=\"221\" height=\"221\" srcset=\"https:\/\/serveiseducatius.xtec.cat\/pallars\/wp-content\/uploads\/usu1099\/2020\/03\/estad\u00edsitca.jpg 221w, https:\/\/serveiseducatius.xtec.cat\/pallars\/wp-content\/uploads\/usu1099\/2020\/03\/estad\u00edsitca-150x150.jpg 150w\" sizes=\"auto, (max-width: 221px) 100vw, 221px\" \/><\/a><\/td>\n<\/tr>\n<tr style=\"height: 33px;\">\n<td style=\"width: 25.9036%; height: 33px; border-style: none; text-align: left;\"><strong>Educaci\u00f3 infantil, prim\u00e0ria i ESO<\/strong><\/td>\n<td style=\"width: 27.1084%; height: 33px; border-style: none; text-align: left;\"><strong>Educaci\u00f3 infantil, prim\u00e0ria i ESO<\/strong><\/td>\n<td style=\"text-align: center; width: 23.2358%; height: 33px; border-style: none;\"><strong>Educaci\u00f3 infantil i prim\u00e0ria i ESO<br \/>\n<\/strong><\/td>\n<td style=\"text-align: center; width: 52.8399%; height: 33px; border-style: none;\"><strong>Cicle superior de prim\u00e0ria i secund\u00e0ria<\/strong><\/td>\n<\/tr>\n<tr style=\"height: 33px;\">\n<td style=\"width: 25.9036%; height: 33px; border-style: none; text-align: left;\"><a href=\"https:\/\/serveiseducatius.xtec.cat\/pallars\/recursos\/maletes-pedagogiques\/mathpallars-maleta-numeracio\/\"><strong>M\u00e9s informaci\u00f3<\/strong><\/a><\/td>\n<td style=\"width: 27.1084%; height: 33px; border-style: none; text-align: left;\"><a href=\"https:\/\/serveiseducatius.xtec.cat\/pallars\/general\/maleta-de-matematiques-en-construccio\/\"><strong>M\u00e9s informaci\u00f3<\/strong><\/a><\/td>\n<td style=\"width: 23.2358%; height: 33px; border-style: none; text-align: left;\"><a href=\"https:\/\/serveiseducatius.xtec.cat\/pallars\/recursos\/maletes-pedagogiques\/mathpallars-maleta-mesura\/\"><strong>M\u00e9s informaci\u00f3<\/strong><\/a><\/td>\n<td style=\"width: 52.8399%; height: 33px; border-style: none; text-align: left;\"><strong>M\u00e9s informaci\u00f3<\/strong><\/td>\n<\/tr>\n<tr style=\"height: 33px;\">\n<td style=\"width: 25.9036%; height: 33px; border-style: none;\"><\/td>\n<td style=\"width: 27.1084%; height: 33px; border-style: none;\"><\/td>\n<td style=\"width: 23.2358%; height: 33px; border-style: none;\"><\/td>\n<td style=\"width: 52.8399%; height: 33px; border-style: none;\"><\/td>\n<\/tr>\n<tr style=\"height: 33px;\">\n<td style=\"width: 25.9036%; height: 33px; border-style: none; text-align: left;\"><span style=\"font-size: 20px; color: #3c7c80;\"><strong>Maleta enginy<span style=\"color: #008080;\"><img loading=\"lazy\" decoding=\"async\" class=\"alignleft size-full wp-image-19030\" src=\"https:\/\/serveiseducatius.xtec.cat\/pallars\/wp-content\/uploads\/usu1099\/2022\/07\/linea.png\" alt=\"\" width=\"290\" height=\"2\" srcset=\"https:\/\/serveiseducatius.xtec.cat\/pallars\/wp-content\/uploads\/usu1099\/2022\/07\/linea.png 290w, https:\/\/serveiseducatius.xtec.cat\/pallars\/wp-content\/uploads\/usu1099\/2022\/07\/linea-150x2.png 150w, https:\/\/serveiseducatius.xtec.cat\/pallars\/wp-content\/uploads\/usu1099\/2022\/07\/linea-200x2.png 200w\" sizes=\"auto, (max-width: 290px) 100vw, 290px\" \/><\/span><\/strong><\/span><\/td>\n<td style=\"width: 27.1084%; height: 33px; border-style: none; text-align: left;\"><span style=\"font-size: 20px; color: #3c7c80;\"><strong>Maleta MMACA<br \/>\n<span style=\"color: #008080;\"><a style=\"color: #008080;\" href=\"https:\/\/serveiseducatius.xtec.cat\/pallars\/wp-content\/uploads\/usu1099\/2020\/03\/linea.png\"><img loading=\"lazy\" decoding=\"async\" class=\"alignleft size-full wp-image-19030\" src=\"https:\/\/serveiseducatius.xtec.cat\/pallars\/wp-content\/uploads\/usu1099\/2022\/07\/linea.png\" alt=\"\" width=\"290\" height=\"2\" srcset=\"https:\/\/serveiseducatius.xtec.cat\/pallars\/wp-content\/uploads\/usu1099\/2022\/07\/linea.png 290w, https:\/\/serveiseducatius.xtec.cat\/pallars\/wp-content\/uploads\/usu1099\/2022\/07\/linea-150x2.png 150w, https:\/\/serveiseducatius.xtec.cat\/pallars\/wp-content\/uploads\/usu1099\/2022\/07\/linea-200x2.png 200w\" sizes=\"auto, (max-width: 290px) 100vw, 290px\" \/><\/a><\/span><br \/>\n<\/strong><\/span><\/td>\n<td style=\"width: 23.2358%; border-style: none;\"><span style=\"font-size: 20px; color: #3c7c80;\"><strong>Maleta de lectures matem\u00e0tiques<span style=\"color: #008080;\"><a style=\"color: #008080;\" href=\"https:\/\/serveiseducatius.xtec.cat\/pallars\/wp-content\/uploads\/usu1099\/2020\/03\/linea.png\"><img loading=\"lazy\" decoding=\"async\" class=\"alignleft size-full wp-image-19030\" src=\"https:\/\/serveiseducatius.xtec.cat\/pallars\/wp-content\/uploads\/usu1099\/2022\/07\/linea.png\" alt=\"\" width=\"290\" height=\"2\" srcset=\"https:\/\/serveiseducatius.xtec.cat\/pallars\/wp-content\/uploads\/usu1099\/2022\/07\/linea.png 290w, https:\/\/serveiseducatius.xtec.cat\/pallars\/wp-content\/uploads\/usu1099\/2022\/07\/linea-150x2.png 150w, https:\/\/serveiseducatius.xtec.cat\/pallars\/wp-content\/uploads\/usu1099\/2022\/07\/linea-200x2.png 200w\" sizes=\"auto, (max-width: 290px) 100vw, 290px\" \/><\/a><\/span><\/strong><\/span><\/td>\n<td style=\"width: 52.8399%; border-style: none;\"><span style=\"font-size: 20px; color: #3c7c80;\"><strong>Laboratori de matem\u00e0tiques<span style=\"color: #008080;\"><a style=\"color: #008080;\" href=\"https:\/\/serveiseducatius.xtec.cat\/pallars\/wp-content\/uploads\/usu1099\/2020\/03\/linea.png\"><img loading=\"lazy\" decoding=\"async\" class=\"alignleft size-full wp-image-19030\" src=\"https:\/\/serveiseducatius.xtec.cat\/pallars\/wp-content\/uploads\/usu1099\/2022\/07\/linea.png\" alt=\"\" width=\"290\" height=\"2\" srcset=\"https:\/\/serveiseducatius.xtec.cat\/pallars\/wp-content\/uploads\/usu1099\/2022\/07\/linea.png 290w, https:\/\/serveiseducatius.xtec.cat\/pallars\/wp-content\/uploads\/usu1099\/2022\/07\/linea-150x2.png 150w, https:\/\/serveiseducatius.xtec.cat\/pallars\/wp-content\/uploads\/usu1099\/2022\/07\/linea-200x2.png 200w\" sizes=\"auto, (max-width: 290px) 100vw, 290px\" \/><\/a><\/span><\/strong><\/span><\/td>\n<\/tr>\n<tr style=\"height: 33px;\">\n<td style=\"width: 25.9036%; height: 33px; border-style: none; text-align: center;\"><a href=\"https:\/\/serveiseducatius.xtec.cat\/pallars\/wp-content\/uploads\/usu1099\/2020\/03\/enginy.jpg\"><img loading=\"lazy\" decoding=\"async\" class=\"alignnone wp-image-12650\" src=\"https:\/\/serveiseducatius.xtec.cat\/pallars\/wp-content\/uploads\/usu1099\/2020\/03\/enginy.jpg\" alt=\"\" width=\"208\" height=\"208\" srcset=\"https:\/\/serveiseducatius.xtec.cat\/pallars\/wp-content\/uploads\/usu1099\/2020\/03\/enginy.jpg 223w, https:\/\/serveiseducatius.xtec.cat\/pallars\/wp-content\/uploads\/usu1099\/2020\/03\/enginy-150x150.jpg 150w\" sizes=\"auto, (max-width: 208px) 100vw, 208px\" \/><\/a><\/td>\n<td style=\"width: 27.1084%; height: 33px; border-style: none; text-align: center;\"><a href=\"https:\/\/serveiseducatius.xtec.cat\/pallars\/wp-content\/uploads\/usu1099\/2020\/03\/G03.png\"><img loading=\"lazy\" decoding=\"async\" class=\"alignnone wp-image-12651\" src=\"https:\/\/serveiseducatius.xtec.cat\/pallars\/wp-content\/uploads\/usu1099\/2020\/03\/G03.png\" alt=\"\" width=\"151\" height=\"212\" \/><\/a><\/td>\n<td style=\"width: 23.2358%; border-style: none;\"><a href=\"https:\/\/serveiseducatius.xtec.cat\/pallars\/general\/nova-maleta-de-lectura-matematica-mathpallars\/\"><img loading=\"lazy\" decoding=\"async\" class=\"alignnone size-full wp-image-14177\" src=\"https:\/\/serveiseducatius.xtec.cat\/pallars\/wp-content\/uploads\/usu1099\/2020\/11\/matematiques.jpg\" alt=\"\" width=\"640\" height=\"427\" srcset=\"https:\/\/serveiseducatius.xtec.cat\/pallars\/wp-content\/uploads\/usu1099\/2020\/11\/matematiques.jpg 640w, https:\/\/serveiseducatius.xtec.cat\/pallars\/wp-content\/uploads\/usu1099\/2020\/11\/matematiques-300x200.jpg 300w\" sizes=\"auto, (max-width: 640px) 100vw, 640px\" \/><\/a><\/td>\n<td style=\"width: 52.8399%; border-style: none;\"><a href=\"https:\/\/serveiseducatius.xtec.cat\/pallars\/wp-content\/uploads\/usu1099\/2020\/03\/laboratori-de-matem\u00e0tiques.png\"><img loading=\"lazy\" decoding=\"async\" class=\"wp-image-14678 aligncenter\" src=\"https:\/\/serveiseducatius.xtec.cat\/pallars\/wp-content\/uploads\/usu1099\/2020\/03\/laboratori-de-matem\u00e0tiques.png\" alt=\"\" width=\"257\" height=\"193\" srcset=\"https:\/\/serveiseducatius.xtec.cat\/pallars\/wp-content\/uploads\/usu1099\/2020\/03\/laboratori-de-matem\u00e0tiques.png 463w, https:\/\/serveiseducatius.xtec.cat\/pallars\/wp-content\/uploads\/usu1099\/2020\/03\/laboratori-de-matem\u00e0tiques-300x225.png 300w, https:\/\/serveiseducatius.xtec.cat\/pallars\/wp-content\/uploads\/usu1099\/2020\/03\/laboratori-de-matem\u00e0tiques-200x150.png 200w\" sizes=\"auto, (max-width: 257px) 100vw, 257px\" \/><\/a><\/td>\n<\/tr>\n<tr style=\"height: 33px;\">\n<td style=\"width: 25.9036%; height: 33px; border-style: none; text-align: left;\"><strong>Educaci\u00f3 secund\u00e0ria<\/strong><\/td>\n<td style=\"width: 27.1084%; height: 33px; border-style: none;\"><strong>Cicle mitj\u00e0 i superior de prim\u00e0ria<\/strong><\/td>\n<td style=\"width: 23.2358%; border-style: none; text-align: left;\"><strong>Cicle superior de prim\u00e0ria i secund\u00e0ria<\/strong><\/td>\n<td style=\"width: 52.8399%; border-style: none; text-align: left;\"><strong>Educaci\u00f3 Infantil, prim\u00e0ria i secund\u00e0ria<br \/>\n<\/strong><\/td>\n<\/tr>\n<tr style=\"height: 31px;\">\n<td style=\"width: 25.9036%; text-align: left; border-style: none; height: 31px;\"><strong>M\u00e9s informaci\u00f3<\/strong><\/td>\n<td style=\"width: 27.1084%; text-align: left; border-style: none; height: 31px;\"><strong>M\u00e9s informaci\u00f3<\/strong><\/td>\n<td style=\"width: 23.2358%; border-style: none;\"><a href=\"https:\/\/serveiseducatius.xtec.cat\/pallars\/general\/nova-maleta-de-lectura-matematica-mathpallars\/\"><strong>M\u00e9s informaci\u00f3<\/strong><\/a><\/td>\n<td style=\"width: 52.8399%; border-style: none;\"><a href=\"https:\/\/serveiseducatius.xtec.cat\/pallars\/general\/laboratori-portatil-de-matematiques\/\"><strong>M\u00e9s informaci\u00f3<\/strong><\/a><\/td>\n<\/tr>\n<tr>\n<td style=\"width: 25.9036%; text-align: left; border-style: none; background-color: #fcfcfc;\"><strong>\u00a0<\/strong><\/td>\n<td style=\"width: 27.1084%; text-align: left; border-style: none; background-color: #fcfcfc;\"><strong>\u00a0<\/strong><\/td>\n<td style=\"width: 23.2358%; text-align: left; border-style: none; background-color: #fcfcfc;\"><strong>\u00a0<\/strong><\/td>\n<td style=\"width: 52.8399%; text-align: left; border-style: none; background-color: #fcfcfc;\"><strong>\u00a0<\/strong><\/td>\n<\/tr>\n<\/tbody>\n<\/table>\n<p>&nbsp;<\/p>\n","protected":false},"excerpt":{"rendered":"<p>MathsPallars, \u00e9s un projecte que proposa desenvolupar un seguit d&#8217;activitats relacionades amb la compet\u00e8ncia matem\u00e0tica, tenint en compte el treball [&hellip;]<\/p>\n","protected":false},"author":1,"featured_media":0,"parent":20404,"menu_order":30,"comment_status":"closed","ping_status":"closed","template":"","meta":{"_bbp_topic_count":0,"_bbp_reply_count":0,"_bbp_total_topic_count":0,"_bbp_total_reply_count":0,"_bbp_voice_count":0,"_bbp_anonymous_reply_count":0,"_bbp_topic_count_hidden":0,"_bbp_reply_count_hidden":0,"_bbp_forum_subforum_count":0,"site-sidebar-layout":"default","site-content-layout":"","ast-site-content-layout":"","site-content-style":"default","site-sidebar-style":"default","ast-global-header-display":"","ast-banner-title-visibility":"","ast-main-header-display":"","ast-hfb-above-header-display":"","ast-hfb-below-header-display":"","ast-hfb-mobile-header-display":"","site-post-title":"","ast-breadcrumbs-content":"","ast-featured-img":"","footer-sml-layout":"","theme-transparent-header-meta":"","adv-header-id-meta":"","stick-header-meta":"","header-above-stick-meta":"","header-main-stick-meta":"","header-below-stick-meta":"","astra-migrate-meta-layouts":"default","ast-page-background-enabled":"default","ast-page-background-meta":{"desktop":{"background-color":"var(--ast-global-color-4)","background-image":"","background-repeat":"repeat","background-position":"center center","background-size":"auto","background-attachment":"scroll","background-type":"","background-media":"","overlay-type":"","overlay-color":"","overlay-opacity":"","overlay-gradient":""},"tablet":{"background-color":"","background-image":"","background-repeat":"repeat","background-position":"center center","background-size":"auto","background-attachment":"scroll","background-type":"","background-media":"","overlay-type":"","overlay-color":"","overlay-opacity":"","overlay-gradient":""},"mobile":{"background-color":"","background-image":"","background-repeat":"repeat","background-position":"center center","background-size":"auto","background-attachment":"scroll","background-type":"","background-media":"","overlay-type":"","overlay-color":"","overlay-opacity":"","overlay-gradient":""}},"ast-content-background-meta":{"desktop":{"background-color":"var(--ast-global-color-5)","background-image":"","background-repeat":"repeat","background-position":"center center","background-size":"auto","background-attachment":"scroll","background-type":"","background-media":"","overlay-type":"","overlay-color":"","overlay-opacity":"","overlay-gradient":""},"tablet":{"background-color":"var(--ast-global-color-5)","background-image":"","background-repeat":"repeat","background-position":"center center","background-size":"auto","background-attachment":"scroll","background-type":"","background-media":"","overlay-type":"","overlay-color":"","overlay-opacity":"","overlay-gradient":""},"mobile":{"background-color":"var(--ast-global-color-5)","background-image":"","background-repeat":"repeat","background-position":"center center","background-size":"auto","background-attachment":"scroll","background-type":"","background-media":"","overlay-type":"","overlay-color":"","overlay-opacity":"","overlay-gradient":""}},"footnotes":""},"class_list":["post-20442","page","type-page","status-publish","hentry"],"post_mailing_queue_ids":[],"_links":{"self":[{"href":"https:\/\/serveiseducatius.xtec.cat\/pallars\/wp-json\/wp\/v2\/pages\/20442","targetHints":{"allow":["GET"]}}],"collection":[{"href":"https:\/\/serveiseducatius.xtec.cat\/pallars\/wp-json\/wp\/v2\/pages"}],"about":[{"href":"https:\/\/serveiseducatius.xtec.cat\/pallars\/wp-json\/wp\/v2\/types\/page"}],"author":[{"embeddable":true,"href":"https:\/\/serveiseducatius.xtec.cat\/pallars\/wp-json\/wp\/v2\/users\/1"}],"replies":[{"embeddable":true,"href":"https:\/\/serveiseducatius.xtec.cat\/pallars\/wp-json\/wp\/v2\/comments?post=20442"}],"version-history":[{"count":3,"href":"https:\/\/serveiseducatius.xtec.cat\/pallars\/wp-json\/wp\/v2\/pages\/20442\/revisions"}],"predecessor-version":[{"id":20546,"href":"https:\/\/serveiseducatius.xtec.cat\/pallars\/wp-json\/wp\/v2\/pages\/20442\/revisions\/20546"}],"up":[{"embeddable":true,"href":"https:\/\/serveiseducatius.xtec.cat\/pallars\/wp-json\/wp\/v2\/pages\/20404"}],"wp:attachment":[{"href":"https:\/\/serveiseducatius.xtec.cat\/pallars\/wp-json\/wp\/v2\/media?parent=20442"}],"curies":[{"name":"wp","href":"https:\/\/api.w.org\/{rel}","templated":true}]}}