{"id":18856,"date":"2022-06-13T12:08:38","date_gmt":"2022-06-13T10:08:38","guid":{"rendered":"https:\/\/serveiseducatius.xtec.cat\/pallars\/?page_id=18856"},"modified":"2023-06-19T10:51:36","modified_gmt":"2023-06-19T08:51:36","slug":"mercat-de-tecnologia-del-pallars-22","status":"publish","type":"page","link":"https:\/\/serveiseducatius.xtec.cat\/pallars\/mercat-de-tecnologia-del-pallars-22\/","title":{"rendered":"Mercat de Tecnologia del Pallars 2022"},"content":{"rendered":"<p>El dia <strong>26 de maig de 2022<\/strong>, es va celebra la segona edici\u00f3 del Mercat de Tecnologia dels Pallars. Aquesta activitat est\u00e0 organitzada per l&#8217; ICE de Lleida i el Servei Educatiu dels Pallars.<\/p>\n<p>En el m\u00f3n actual, la ci\u00e8ncia i la tecnologia sostenen tots els aspectes de la nostra societat, incideixen di\u00e0riament en les nostres vides i conformen el nostre futur,\u00a0 i l\u2019escola no pot donar l\u2019esquena a aquesta realitat.<\/p>\n<p>En aquesta l\u00ednia el Mercat de Tecnologia dels Pallars vol esdevenir una gran exposici\u00f3 de treballs i projectes de tecnologia i ci\u00e8ncia aplicada, que han estat imaginats, realitzats i presentats per l&#8217; alumnat de cicle superior de prim\u00e0ria i d\u2019ESO, amb l\u2019ajut del seu professorat.<\/p>\n<p>S&#8217;ha de permetre que experi\u00e8ncies interessants surtin del marc de l\u2019aula per augmentar la motivaci\u00f3 de l\u2019alumnat i poder explicar i compartir\u00a0 la seva feina. El Mercat vol ser, en definitiva, un model innovador de divulgaci\u00f3 de la ci\u00e8ncia i la tecnologia,\u00a0 i aix\u00ed contribuir a incrementar les vocacions t\u00e8cniques i cient\u00edfiques del nostre estudiantat.<\/p>\n<p>Aquesta activitat tamb\u00e9 vol potenciar el pluriling\u00fcisme dels centres, obrint la porta a la possibilitat de dur a terme presentacions en altres lleng\u00fces que no siguin la vehicular.<\/p>\n<p>El Mercat vol esdevenir una gran exposici\u00f3 de\u00a0<b>treballs i projectes<\/b>\u00a0<strong>de<\/strong>\u00a0<b><span class=\"il\">tecnologia<\/span> i ci\u00e8ncia aplicada,\u00a0<\/b> realitzats per l&#8217; alumnat de cicle superior de prim\u00e0ria, d\u2019ESO i de batxillerat.<\/p>\n<p>Els centres participants van realitzar un <strong>taller pr\u00e0ctic de drons<\/strong> a c\u00e0rrec de <em>Vision-drone.cat .\u00a0<\/em><\/p>\n<p><strong>Data:<\/strong>\u00a026 de maig de 2022<\/p>\n<p><strong>Format:<\/strong>\u00a0Virtual<\/p>\n<p><strong>Organitza:<\/strong> ICE Lleida i SE dels Pallars.<\/p>\n<p><strong>Col\u00b7labora<\/strong>: Ajuntament de La Pobla de Segur, Ajuntament d&#8217;Isona i Conca Dell\u00e0, Ajuntament de Tremp i Ajuntament d&#8217;Esterri d&#8217;\u00c0neu.<\/p>\n<p>&nbsp;<\/p>\n<p><a class=\"button large\" style=\"padding: 1em; font-weight: 400; margin: 0.1em; color: white !important; background-color: #ff4c00;\" href=\"https:\/\/drive.google.com\/file\/d\/170CyggJCO6DPSNQ7KFQvGxcADy_P7pb0\/view\" rel=\"noopener noreferrer\">Cartell<\/a> <a class=\"button large\" style=\"padding: 1em; font-weight: 400; margin: 0.1em; color: white !important; background-color: #c42300;\" href=\"https:\/\/drive.google.com\/file\/d\/1-Fz3MM6Z0u7KoaDs5Fx-IrLSVD7faeqO\/view\" target=\"_blank\" rel=\"noopener noreferrer\">Programa<\/a><\/p>\n","protected":false},"excerpt":{"rendered":"<p>El dia 26 de maig de 2022, es va celebra la segona edici\u00f3 del Mercat de Tecnologia dels Pallars. Aquesta [&hellip;]<\/p>\n","protected":false},"author":1,"featured_media":0,"parent":0,"menu_order":100,"comment_status":"closed","ping_status":"closed","template":"","meta":{"_bbp_topic_count":0,"_bbp_reply_count":0,"_bbp_total_topic_count":0,"_bbp_total_reply_count":0,"_bbp_voice_count":0,"_bbp_anonymous_reply_count":0,"_bbp_topic_count_hidden":0,"_bbp_reply_count_hidden":0,"_bbp_forum_subforum_count":0,"site-sidebar-layout":"default","site-content-layout":"","ast-site-content-layout":"","site-content-style":"default","site-sidebar-style":"default","ast-global-header-display":"","ast-banner-title-visibility":"","ast-main-header-display":"","ast-hfb-above-header-display":"","ast-hfb-below-header-display":"","ast-hfb-mobile-header-display":"","site-post-title":"","ast-breadcrumbs-content":"","ast-featured-img":"","footer-sml-layout":"","theme-transparent-header-meta":"","adv-header-id-meta":"","stick-header-meta":"","header-above-stick-meta":"","header-main-stick-meta":"","header-below-stick-meta":"","astra-migrate-meta-layouts":"default","ast-page-background-enabled":"default","ast-page-background-meta":{"desktop":{"background-color":"var(--ast-global-color-4)","background-image":"","background-repeat":"repeat","background-position":"center center","background-size":"auto","background-attachment":"scroll","background-type":"","background-media":"","overlay-type":"","overlay-color":"","overlay-opacity":"","overlay-gradient":""},"tablet":{"background-color":"","background-image":"","background-repeat":"repeat","background-position":"center center","background-size":"auto","background-attachment":"scroll","background-type":"","background-media":"","overlay-type":"","overlay-color":"","overlay-opacity":"","overlay-gradient":""},"mobile":{"background-color":"","background-image":"","background-repeat":"repeat","background-position":"center center","background-size":"auto","background-attachment":"scroll","background-type":"","background-media":"","overlay-type":"","overlay-color":"","overlay-opacity":"","overlay-gradient":""}},"ast-content-background-meta":{"desktop":{"background-color":"var(--ast-global-color-5)","background-image":"","background-repeat":"repeat","background-position":"center center","background-size":"auto","background-attachment":"scroll","background-type":"","background-media":"","overlay-type":"","overlay-color":"","overlay-opacity":"","overlay-gradient":""},"tablet":{"background-color":"var(--ast-global-color-5)","background-image":"","background-repeat":"repeat","background-position":"center center","background-size":"auto","background-attachment":"scroll","background-type":"","background-media":"","overlay-type":"","overlay-color":"","overlay-opacity":"","overlay-gradient":""},"mobile":{"background-color":"var(--ast-global-color-5)","background-image":"","background-repeat":"repeat","background-position":"center center","background-size":"auto","background-attachment":"scroll","background-type":"","background-media":"","overlay-type":"","overlay-color":"","overlay-opacity":"","overlay-gradient":""}},"footnotes":""},"class_list":["post-18856","page","type-page","status-publish","hentry"],"post_mailing_queue_ids":[],"_links":{"self":[{"href":"https:\/\/serveiseducatius.xtec.cat\/pallars\/wp-json\/wp\/v2\/pages\/18856","targetHints":{"allow":["GET"]}}],"collection":[{"href":"https:\/\/serveiseducatius.xtec.cat\/pallars\/wp-json\/wp\/v2\/pages"}],"about":[{"href":"https:\/\/serveiseducatius.xtec.cat\/pallars\/wp-json\/wp\/v2\/types\/page"}],"author":[{"embeddable":true,"href":"https:\/\/serveiseducatius.xtec.cat\/pallars\/wp-json\/wp\/v2\/users\/1"}],"replies":[{"embeddable":true,"href":"https:\/\/serveiseducatius.xtec.cat\/pallars\/wp-json\/wp\/v2\/comments?post=18856"}],"version-history":[{"count":4,"href":"https:\/\/serveiseducatius.xtec.cat\/pallars\/wp-json\/wp\/v2\/pages\/18856\/revisions"}],"predecessor-version":[{"id":18933,"href":"https:\/\/serveiseducatius.xtec.cat\/pallars\/wp-json\/wp\/v2\/pages\/18856\/revisions\/18933"}],"wp:attachment":[{"href":"https:\/\/serveiseducatius.xtec.cat\/pallars\/wp-json\/wp\/v2\/media?parent=18856"}],"curies":[{"name":"wp","href":"https:\/\/api.w.org\/{rel}","templated":true}]}}