{"id":18542,"date":"2022-05-09T18:01:53","date_gmt":"2022-05-09T16:01:53","guid":{"rendered":"https:\/\/serveiseducatius.xtec.cat\/pallars\/?page_id=18542"},"modified":"2023-01-17T17:12:36","modified_gmt":"2023-01-17T16:12:36","slug":"jornda-talent-emprenedor-2021","status":"publish","type":"page","link":"https:\/\/serveiseducatius.xtec.cat\/pallars\/dinamitzacio\/pallars-educar-i-emprendre\/jornada-talent-emprenedor-3\/jornda-talent-emprenedor-2021\/","title":{"rendered":"Jornada Talent Emprenedor 2021"},"content":{"rendered":"<div class=\"gmail_quote\">\n<div dir=\"ltr\">\n<div dir=\"ltr\">\n<div class=\"gmail_quote\">\n<div dir=\"ltr\">\n<div dir=\"ltr\">\n<div dir=\"ltr\">\n<p><img loading=\"lazy\" decoding=\"async\" class=\"alignleft wp-image-18595\" src=\"https:\/\/serveiseducatius.xtec.cat\/pallars\/wp-content\/uploads\/usu1099\/2022\/05\/Talent-emprenedor-2021.png\" alt=\"\" width=\"464\" height=\"327\" srcset=\"https:\/\/serveiseducatius.xtec.cat\/pallars\/wp-content\/uploads\/usu1099\/2022\/05\/Talent-emprenedor-2021.png 1247w, https:\/\/serveiseducatius.xtec.cat\/pallars\/wp-content\/uploads\/usu1099\/2022\/05\/Talent-emprenedor-2021-300x212.png 300w, https:\/\/serveiseducatius.xtec.cat\/pallars\/wp-content\/uploads\/usu1099\/2022\/05\/Talent-emprenedor-2021-1024x723.png 1024w, https:\/\/serveiseducatius.xtec.cat\/pallars\/wp-content\/uploads\/usu1099\/2022\/05\/Talent-emprenedor-2021-768x542.png 768w\" sizes=\"auto, (max-width: 464px) 100vw, 464px\" \/>L\u2019Ateneu Cooperatiu de L\u2019Alt Pirineu i Aran (ACAPA), les Oficines Joves del Pallars Juss\u00e0 i Sobir\u00e0\u00a0 i el Servei Educatiu del Pallars van organitzar la <b>Jornada Virtual\u00a0<span class=\"il\">Talent<\/span>\u00a0<span class=\"il\">emprenedor<\/span> <\/b>que va estar adre\u00e7ada a alumnat de\u00a0 2n cicle d\u2019ESO, batxillerat i cicles formatius. Va comptar amb la col\u00b7laboraci\u00f3 de Global Lleida.<\/p>\n<p>Un dels objectius de la jornada de <em>Talent Emprenedor<\/em> \u00e9s difondre els treballs i projectes sobre emprenedoria que es realitzen en els centres educatius dels Pallars i tamb\u00e9 presentar experi\u00e8ncies empresarials de rellev\u00e0ncia.<\/p>\n<p>Aquesta Jornada virtual va tenir lloc el dia <b>20 de maig de 2021<\/b><\/p>\n<p><a class=\"button large\" style=\"padding: 1em; font-weight: 400; margin: 0.1em; color: white !important; background-color: #ff4c00bf;\" href=\"https:\/\/drive.google.com\/file\/d\/197ho6io_1Ie4bam9oAeP06hcugipKqfO\/view?usp=sharing\" rel=\"noopener noreferrer\">Programa<\/a><\/p>\n<\/div>\n<\/div>\n<\/div>\n<\/div>\n<\/div>\n<\/div>\n<\/div>\n","protected":false},"excerpt":{"rendered":"<p>L\u2019Ateneu Cooperatiu de L\u2019Alt Pirineu i Aran (ACAPA), les Oficines Joves del Pallars Juss\u00e0 i Sobir\u00e0\u00a0 i el Servei Educatiu [&hellip;]<\/p>\n","protected":false},"author":1,"featured_media":0,"parent":19991,"menu_order":0,"comment_status":"closed","ping_status":"closed","template":"page-templates\/side-menu.php","meta":{"_bbp_topic_count":0,"_bbp_reply_count":0,"_bbp_total_topic_count":0,"_bbp_total_reply_count":0,"_bbp_voice_count":0,"_bbp_anonymous_reply_count":0,"_bbp_topic_count_hidden":0,"_bbp_reply_count_hidden":0,"_bbp_forum_subforum_count":0,"site-sidebar-layout":"default","site-content-layout":"","ast-site-content-layout":"","site-content-style":"default","site-sidebar-style":"default","ast-global-header-display":"","ast-banner-title-visibility":"","ast-main-header-display":"","ast-hfb-above-header-display":"","ast-hfb-below-header-display":"","ast-hfb-mobile-header-display":"","site-post-title":"","ast-breadcrumbs-content":"","ast-featured-img":"","footer-sml-layout":"","theme-transparent-header-meta":"","adv-header-id-meta":"","stick-header-meta":"","header-above-stick-meta":"","header-main-stick-meta":"","header-below-stick-meta":"","astra-migrate-meta-layouts":"default","ast-page-background-enabled":"default","ast-page-background-meta":{"desktop":{"background-color":"var(--ast-global-color-4)","background-image":"","background-repeat":"repeat","background-position":"center center","background-size":"auto","background-attachment":"scroll","background-type":"","background-media":"","overlay-type":"","overlay-color":"","overlay-opacity":"","overlay-gradient":""},"tablet":{"background-color":"","background-image":"","background-repeat":"repeat","background-position":"center center","background-size":"auto","background-attachment":"scroll","background-type":"","background-media":"","overlay-type":"","overlay-color":"","overlay-opacity":"","overlay-gradient":""},"mobile":{"background-color":"","background-image":"","background-repeat":"repeat","background-position":"center center","background-size":"auto","background-attachment":"scroll","background-type":"","background-media":"","overlay-type":"","overlay-color":"","overlay-opacity":"","overlay-gradient":""}},"ast-content-background-meta":{"desktop":{"background-color":"var(--ast-global-color-5)","background-image":"","background-repeat":"repeat","background-position":"center center","background-size":"auto","background-attachment":"scroll","background-type":"","background-media":"","overlay-type":"","overlay-color":"","overlay-opacity":"","overlay-gradient":""},"tablet":{"background-color":"var(--ast-global-color-5)","background-image":"","background-repeat":"repeat","background-position":"center center","background-size":"auto","background-attachment":"scroll","background-type":"","background-media":"","overlay-type":"","overlay-color":"","overlay-opacity":"","overlay-gradient":""},"mobile":{"background-color":"var(--ast-global-color-5)","background-image":"","background-repeat":"repeat","background-position":"center center","background-size":"auto","background-attachment":"scroll","background-type":"","background-media":"","overlay-type":"","overlay-color":"","overlay-opacity":"","overlay-gradient":""}},"footnotes":""},"class_list":["post-18542","page","type-page","status-publish","hentry"],"post_mailing_queue_ids":[],"_links":{"self":[{"href":"https:\/\/serveiseducatius.xtec.cat\/pallars\/wp-json\/wp\/v2\/pages\/18542","targetHints":{"allow":["GET"]}}],"collection":[{"href":"https:\/\/serveiseducatius.xtec.cat\/pallars\/wp-json\/wp\/v2\/pages"}],"about":[{"href":"https:\/\/serveiseducatius.xtec.cat\/pallars\/wp-json\/wp\/v2\/types\/page"}],"author":[{"embeddable":true,"href":"https:\/\/serveiseducatius.xtec.cat\/pallars\/wp-json\/wp\/v2\/users\/1"}],"replies":[{"embeddable":true,"href":"https:\/\/serveiseducatius.xtec.cat\/pallars\/wp-json\/wp\/v2\/comments?post=18542"}],"version-history":[{"count":3,"href":"https:\/\/serveiseducatius.xtec.cat\/pallars\/wp-json\/wp\/v2\/pages\/18542\/revisions"}],"predecessor-version":[{"id":19997,"href":"https:\/\/serveiseducatius.xtec.cat\/pallars\/wp-json\/wp\/v2\/pages\/18542\/revisions\/19997"}],"up":[{"embeddable":true,"href":"https:\/\/serveiseducatius.xtec.cat\/pallars\/wp-json\/wp\/v2\/pages\/19991"}],"wp:attachment":[{"href":"https:\/\/serveiseducatius.xtec.cat\/pallars\/wp-json\/wp\/v2\/media?parent=18542"}],"curies":[{"name":"wp","href":"https:\/\/api.w.org\/{rel}","templated":true}]}}

<div class="gmail_quote">
<div dir="ltr">
<div dir="ltr">
<div class="gmail_quote">
<div dir="ltr">
<div dir="ltr">
<div dir="ltr">
<p><img loading="lazy" decoding="async" class="alignleft wp-image-18595" src="https://serveiseducatius.xtec.cat/pallars/wp-content/uploads/usu1099/2022/05/Talent-emprenedor-2021.png" alt="" width="464" height="327" srcset="https://serveiseducatius.xtec.cat/pallars/wp-content/uploads/usu1099/2022/05/Talent-emprenedor-2021.png 1247w, https://serveiseducatius.xtec.cat/pallars/wp-content/uploads/usu1099/2022/05/Talent-emprenedor-2021-300x212.png 300w, https://serveiseducatius.xtec.cat/pallars/wp-content/uploads/usu1099/2022/05/Talent-emprenedor-2021-1024x723.png 1024w, https://serveiseducatius.xtec.cat/pallars/wp-content/uploads/usu1099/2022/05/Talent-emprenedor-2021-768x542.png 768w" sizes="auto, (max-width: 464px) 100vw, 464px" />L’Ateneu Cooperatiu de L’Alt Pirineu i Aran (ACAPA), les Oficines Joves del Pallars Jussà i Sobirà  i el Servei Educatiu del Pallars van organitzar la <b>Jornada Virtual <span class="il">Talent</span> <span class="il">emprenedor</span> </b>que va estar adreçada a alumnat de  2n cicle d’ESO, batxillerat i cicles formatius. Va comptar amb la col·laboració de Global Lleida.</p>
<p>Un dels objectius de la jornada de <em>Talent Emprenedor</em> és difondre els treballs i projectes sobre emprenedoria que es realitzen en els centres educatius dels Pallars i també presentar experiències empresarials de rellevància.</p>
<p>Aquesta Jornada virtual va tenir lloc el dia <b>20 de maig de 2021</b></p>
<p><a class="button large" style="padding: 1em; font-weight: 400; margin: 0.1em; color: white !important; background-color: #ff4c00bf;" href="https://drive.google.com/file/d/197ho6io_1Ie4bam9oAeP06hcugipKqfO/view?usp=sharing" rel="noopener noreferrer">Programa</a></p>
</div>
</div>
</div>
</div>
</div>
</div>
</div>

<p>L’Ateneu Cooperatiu de L’Alt Pirineu i Aran (ACAPA), les Oficines Joves del Pallars Jussà i Sobirà  i el Servei Educatiu [&hellip;]</p>
