{"id":18337,"date":"2022-04-06T18:43:55","date_gmt":"2022-04-06T16:43:55","guid":{"rendered":"https:\/\/serveiseducatius.xtec.cat\/pallars\/?page_id=18337"},"modified":"2022-05-12T16:03:40","modified_gmt":"2022-05-12T14:03:40","slug":"xv-certamen-de-lectura-en-veu-alta-quart-de-final-pallars","status":"publish","type":"page","link":"https:\/\/serveiseducatius.xtec.cat\/pallars\/dinamitzacio\/llengua\/certamen-de-lectura-en-veu-alta-2\/xv-certamen-de-lectura-en-veu-alta-quart-de-final-pallars\/","title":{"rendered":"XV Certamen de Lectura en Veu Alta"},"content":{"rendered":"<header class=\"entry-header\"><span class=\"entry-date\">\u00a0<\/span><\/header>\n<div class=\"entry-content\">\n<p><a href=\"https:\/\/serveiseducatius.xtec.cat\/pallars\/wp-content\/uploads\/usu1099\/2019\/03\/premsa.jpg\"><img loading=\"lazy\" decoding=\"async\" class=\"wp-image-11203 alignleft\" src=\"https:\/\/serveiseducatius.xtec.cat\/pallars\/wp-content\/uploads\/usu1099\/2019\/03\/premsa.jpg\" sizes=\"auto, (max-width: 514px) 100vw, 514px\" srcset=\"https:\/\/serveiseducatius.xtec.cat\/pallars\/wp-content\/uploads\/usu1099\/2019\/03\/premsa.jpg 700w, https:\/\/serveiseducatius.xtec.cat\/pallars\/wp-content\/uploads\/usu1099\/2019\/03\/premsa-300x200.jpg 300w\" alt=\"\" width=\"514\" height=\"343\" \/><\/a>El dia 13 de mar\u00e7, es va celebrar el quart de final del Certamen Nacional Infantil i Juvenil de Lectura en Veu Alta corresponent al Servei Educatiu\u00a0 dels Pallars. Va tenir lloc al cinema-teatre Els Til\u00b7lers de Sort i hi van participar 11 centres dels dos Pallars: l\u2019Esc\u00a0 Els Raiers (la Pobla de Segur), l\u2019Esc. Valldeflors (Tremp), l\u2019Esc Vall Fosca (la Plana de Mont-ros), l\u2019Esc. Aeso (Isona), el Esc de T\u00edrvia, \u00a0l\u2019Esc. Montsent de Pallars (Rialp), \u00a0l\u2019Esc. A. Seraf\u00ed Casanovas (Sort), l\u2019Esc. La Closa (Esterri d\u2019\u00c0neu), \u00a0el col\u00b7legi M. Immaculada (Tremp), l\u2019Ins. Hug Roger III (Sort) i l\u2019Ins. Tremp.<\/p>\n<p>L\u2019acte va ser acondu\u00eft pel Sr. Josep Balaguer\u00f3 Sala, director de la ZER de l\u2019Alt Pallars Sobir\u00e0.<\/p>\n<p>Van actuar com a jurat la Sra. Montserrat Regada Andreu, Inspectora d\u2019Educaci\u00f3; la Sra. N\u00faria Tost Farr\u00fas, del Servei Catal\u00e0 del Consorci de Normalitzaci\u00f3 Ling\u00fc\u00edstica del Sobir\u00e0, la \u00a0Sra. N\u00faria Barcel\u00f3 Miguel i la Sra. Blanca Capdevila Ribes, del Servei Educatiu dels Pallars.<\/p>\n<p>&nbsp;<\/p>\n<p>Va ser un acte disputat, seguit amb molt inter\u00e8s per tots els assistents. El bon nivell dels participants va dificultar la decisi\u00f3 del jurat, que va designar, com a finalistes d\u2019aquesta primera fase, els lectors i lectores seg\u00fcents:<\/p>\n<p>Grumets vermells: Arlet Granados Carrera, de l\u2019escola Aeso d\u2019Isona<\/p>\n<p>Grumets verds: Ramon de Moner Farr\u00e9, de l\u2019escola A. Seraf\u00ed Casanovas<\/p>\n<p>Corsaris: Paula Tafalla Requena, de l\u2019Ins Hug Roger III de Sort<\/p>\n<p>Tropa de Corsaris: Karol Betzabe C\u00f3ndor Alvarado,\u00a0 Cl\u00e0udia Manuel Porta i Joana Tugues Farr\u00e9 de l\u2019Ins de Tremp<\/p>\n<p>Aquests nois i noies representaran els dos Pallars en la semifinal de Mollerussa. Els desitgem molt\u00edssima sort!!<\/p>\n<\/div>\n","protected":false},"excerpt":{"rendered":"<p>\u00a0 El dia 13 de mar\u00e7, es va celebrar el quart de final del Certamen Nacional Infantil i Juvenil de [&hellip;]<\/p>\n","protected":false},"author":1,"featured_media":0,"parent":18654,"menu_order":100,"comment_status":"closed","ping_status":"closed","template":"page-templates\/side-menu.php","meta":{"_bbp_topic_count":0,"_bbp_reply_count":0,"_bbp_total_topic_count":0,"_bbp_total_reply_count":0,"_bbp_voice_count":0,"_bbp_anonymous_reply_count":0,"_bbp_topic_count_hidden":0,"_bbp_reply_count_hidden":0,"_bbp_forum_subforum_count":0,"site-sidebar-layout":"default","site-content-layout":"","ast-site-content-layout":"","site-content-style":"default","site-sidebar-style":"default","ast-global-header-display":"","ast-banner-title-visibility":"","ast-main-header-display":"","ast-hfb-above-header-display":"","ast-hfb-below-header-display":"","ast-hfb-mobile-header-display":"","site-post-title":"","ast-breadcrumbs-content":"","ast-featured-img":"","footer-sml-layout":"","theme-transparent-header-meta":"","adv-header-id-meta":"","stick-header-meta":"","header-above-stick-meta":"","header-main-stick-meta":"","header-below-stick-meta":"","astra-migrate-meta-layouts":"default","ast-page-background-enabled":"default","ast-page-background-meta":{"desktop":{"background-color":"var(--ast-global-color-4)","background-image":"","background-repeat":"repeat","background-position":"center center","background-size":"auto","background-attachment":"scroll","background-type":"","background-media":"","overlay-type":"","overlay-color":"","overlay-opacity":"","overlay-gradient":""},"tablet":{"background-color":"","background-image":"","background-repeat":"repeat","background-position":"center center","background-size":"auto","background-attachment":"scroll","background-type":"","background-media":"","overlay-type":"","overlay-color":"","overlay-opacity":"","overlay-gradient":""},"mobile":{"background-color":"","background-image":"","background-repeat":"repeat","background-position":"center center","background-size":"auto","background-attachment":"scroll","background-type":"","background-media":"","overlay-type":"","overlay-color":"","overlay-opacity":"","overlay-gradient":""}},"ast-content-background-meta":{"desktop":{"background-color":"var(--ast-global-color-5)","background-image":"","background-repeat":"repeat","background-position":"center center","background-size":"auto","background-attachment":"scroll","background-type":"","background-media":"","overlay-type":"","overlay-color":"","overlay-opacity":"","overlay-gradient":""},"tablet":{"background-color":"var(--ast-global-color-5)","background-image":"","background-repeat":"repeat","background-position":"center center","background-size":"auto","background-attachment":"scroll","background-type":"","background-media":"","overlay-type":"","overlay-color":"","overlay-opacity":"","overlay-gradient":""},"mobile":{"background-color":"var(--ast-global-color-5)","background-image":"","background-repeat":"repeat","background-position":"center center","background-size":"auto","background-attachment":"scroll","background-type":"","background-media":"","overlay-type":"","overlay-color":"","overlay-opacity":"","overlay-gradient":""}},"footnotes":""},"class_list":["post-18337","page","type-page","status-publish","hentry"],"post_mailing_queue_ids":[],"_links":{"self":[{"href":"https:\/\/serveiseducatius.xtec.cat\/pallars\/wp-json\/wp\/v2\/pages\/18337","targetHints":{"allow":["GET"]}}],"collection":[{"href":"https:\/\/serveiseducatius.xtec.cat\/pallars\/wp-json\/wp\/v2\/pages"}],"about":[{"href":"https:\/\/serveiseducatius.xtec.cat\/pallars\/wp-json\/wp\/v2\/types\/page"}],"author":[{"embeddable":true,"href":"https:\/\/serveiseducatius.xtec.cat\/pallars\/wp-json\/wp\/v2\/users\/1"}],"replies":[{"embeddable":true,"href":"https:\/\/serveiseducatius.xtec.cat\/pallars\/wp-json\/wp\/v2\/comments?post=18337"}],"version-history":[{"count":3,"href":"https:\/\/serveiseducatius.xtec.cat\/pallars\/wp-json\/wp\/v2\/pages\/18337\/revisions"}],"predecessor-version":[{"id":18344,"href":"https:\/\/serveiseducatius.xtec.cat\/pallars\/wp-json\/wp\/v2\/pages\/18337\/revisions\/18344"}],"up":[{"embeddable":true,"href":"https:\/\/serveiseducatius.xtec.cat\/pallars\/wp-json\/wp\/v2\/pages\/18654"}],"wp:attachment":[{"href":"https:\/\/serveiseducatius.xtec.cat\/pallars\/wp-json\/wp\/v2\/media?parent=18337"}],"curies":[{"name":"wp","href":"https:\/\/api.w.org\/{rel}","templated":true}]}}