{"id":16119,"date":"2021-06-02T10:31:22","date_gmt":"2021-06-02T08:31:22","guid":{"rendered":"http:\/\/serveiseducatius.xtec.cat\/pallars\/?page_id=16119"},"modified":"2022-06-13T10:54:45","modified_gmt":"2022-06-13T08:54:45","slug":"juny-2021","status":"publish","type":"page","link":"https:\/\/serveiseducatius.xtec.cat\/pallars\/full-informatiu\/fulls-informatius-2021\/juny-2021\/","title":{"rendered":"Juny 2021"},"content":{"rendered":"<div class=\"row\" style=\"margin-bottom: 1em !important;\">\n<div class=\"small-12 large-4 text-center columns\"><a href=\"https:\/\/sites.google.com\/xtec.cat\/placomarcaljussaeducacio\/teatre-cinema-i-joc\/teatre?authuser=0\"><span style=\"color: #ba1c1c;\"><strong><strong><span style=\"font-size: 20px;\">Contes, can\u00e7onetes i musiquetes<\/span><\/strong><\/strong><\/span><\/a><br \/>\n<a href=\"https:\/\/serveiseducatius.xtec.cat\/pallars\/wp-content\/uploads\/usu1099\/2020\/03\/linea.png\"><img loading=\"lazy\" decoding=\"async\" class=\"alignnone size-full wp-image-12599\" src=\"https:\/\/serveiseducatius.xtec.cat\/pallars\/wp-content\/uploads\/usu1099\/2020\/03\/linea.png\" alt=\"\" width=\"290\" height=\"2\" srcset=\"https:\/\/serveiseducatius.xtec.cat\/pallars\/wp-content\/uploads\/usu1099\/2020\/03\/linea.png 290w, https:\/\/serveiseducatius.xtec.cat\/pallars\/wp-content\/uploads\/usu1099\/2020\/03\/linea-150x2.png 150w, https:\/\/serveiseducatius.xtec.cat\/pallars\/wp-content\/uploads\/usu1099\/2020\/03\/linea-200x2.png 200w\" sizes=\"auto, (max-width: 290px) 100vw, 290px\" \/><\/a><\/div>\n<div class=\"small-12 large-4 text-center columns\"><span style=\"color: #ba1c00;\"><strong><strong><span style=\"font-size: 20px;\"><br \/>\n<a href=\"https:\/\/serveiseducatius.xtec.cat\/pallars\/patis-inclusius\/\">Patis Inclusiu<\/a><\/span><\/strong><\/strong><\/span><a href=\"https:\/\/serveiseducatius.xtec.cat\/pallars\/wp-content\/uploads\/usu1099\/2020\/03\/linea.png\"><img loading=\"lazy\" decoding=\"async\" class=\"alignnone size-full wp-image-12599\" src=\"https:\/\/serveiseducatius.xtec.cat\/pallars\/wp-content\/uploads\/usu1099\/2020\/03\/linea.png\" alt=\"\" width=\"290\" height=\"2\" srcset=\"https:\/\/serveiseducatius.xtec.cat\/pallars\/wp-content\/uploads\/usu1099\/2020\/03\/linea.png 290w, https:\/\/serveiseducatius.xtec.cat\/pallars\/wp-content\/uploads\/usu1099\/2020\/03\/linea-150x2.png 150w, https:\/\/serveiseducatius.xtec.cat\/pallars\/wp-content\/uploads\/usu1099\/2020\/03\/linea-200x2.png 200w\" sizes=\"auto, (max-width: 290px) 100vw, 290px\" \/><\/a><\/div>\n<div class=\"small-12 large-4 text-center columns\"><span style=\"color: #ba1c00;\"><strong><span style=\"font-size: 20px;\"><span style=\"font-size: 20px; color: #ba1c00;\"><br \/>\n<a href=\"https:\/\/serveiseducatius.xtec.cat\/pallars\/general\/formacio-estiu-2021\/\">Formaci\u00f3 Estiu<\/a><\/span><\/span><\/strong><\/span><img loading=\"lazy\" decoding=\"async\" class=\"alignnone size-full wp-image-12599\" src=\"https:\/\/serveiseducatius.xtec.cat\/pallars\/wp-content\/uploads\/usu1099\/2020\/03\/linea.png\" alt=\"\" width=\"290\" height=\"2\" srcset=\"https:\/\/serveiseducatius.xtec.cat\/pallars\/wp-content\/uploads\/usu1099\/2020\/03\/linea.png 290w, https:\/\/serveiseducatius.xtec.cat\/pallars\/wp-content\/uploads\/usu1099\/2020\/03\/linea-150x2.png 150w, https:\/\/serveiseducatius.xtec.cat\/pallars\/wp-content\/uploads\/usu1099\/2020\/03\/linea-200x2.png 200w\" sizes=\"auto, (max-width: 290px) 100vw, 290px\" \/><\/div>\n<\/div>\n<div class=\"row\" style=\"margin-bottom: 1em !important;\">\n<div class=\"small-12 large-4 text-center columns\"><a href=\"https:\/\/sites.google.com\/xtec.cat\/placomarcaljussaeducacio\/teatre-cinema-i-joc\/teatre?authuser=0\"><img loading=\"lazy\" decoding=\"async\" class=\"alignnone size-full wp-image-16092\" src=\"https:\/\/serveiseducatius.xtec.cat\/pallars\/wp-content\/uploads\/usu1099\/2021\/06\/Cesc-Serratfull.png\" alt=\"\" width=\"280\" height=\"150\" \/><\/a><\/div>\n<div class=\"small-12 large-4 text-center columns\"><a href=\"https:\/\/serveiseducatius.xtec.cat\/pallars\/patis-inclusius\/\"><img loading=\"lazy\" decoding=\"async\" class=\"alignnone size-full wp-image-16114\" src=\"https:\/\/serveiseducatius.xtec.cat\/pallars\/wp-content\/uploads\/usu1099\/2021\/06\/patis-inclusius-full.png\" alt=\"\" width=\"280\" height=\"150\" \/><\/a><\/div>\n<div class=\"small-12 large-4 text-center columns\"><a href=\"https:\/\/serveiseducatius.xtec.cat\/pallars\/general\/formacio-estiu-2021\/\"><img loading=\"lazy\" decoding=\"async\" class=\"alignnone size-full wp-image-16100\" src=\"https:\/\/serveiseducatius.xtec.cat\/pallars\/wp-content\/uploads\/usu1099\/2021\/06\/FORMACI\u00d3-ESTIU-full.png\" alt=\"\" width=\"280\" height=\"150\" \/><\/a><\/div>\n<\/div>\n<div class=\"row\" style=\"margin-bottom: 1em !important;\">\n<div class=\"small-12 large-4 text-center columns\"><\/div>\n<div class=\"small-12 large-4 text-center columns\"><\/div>\n<div class=\"small-12 large-4 text-center columns\"><\/div>\n<\/div>\n<div class=\"row\" style=\"margin-bottom: 1em !important;\">\n<div class=\"small-12 large-4 text-center columns\"><span style=\"color: #ba1c00;\"><strong style=\"color: #222222; font-size: 20px; background-color: #ffffff;\"><br \/>\n<a style=\"color: #2795b6;\" href=\"http:\/\/educacio.gencat.cat\/web\/.content\/home\/departament\/publicacions\/monografies\/us-tecnologies-digitals-infantil\/us-tecnologies-digitals-infantil.pdf\">Educaci\u00f3 Infantil<\/a><\/strong><strong><span style=\"font-size: 20px;\"><img loading=\"lazy\" decoding=\"async\" class=\"alignnone size-full wp-image-12599\" src=\"https:\/\/serveiseducatius.xtec.cat\/pallars\/wp-content\/uploads\/usu1099\/2020\/03\/linea.png\" alt=\"\" width=\"290\" height=\"2\" srcset=\"https:\/\/serveiseducatius.xtec.cat\/pallars\/wp-content\/uploads\/usu1099\/2020\/03\/linea.png 290w, https:\/\/serveiseducatius.xtec.cat\/pallars\/wp-content\/uploads\/usu1099\/2020\/03\/linea-150x2.png 150w, https:\/\/serveiseducatius.xtec.cat\/pallars\/wp-content\/uploads\/usu1099\/2020\/03\/linea-200x2.png 200w\" sizes=\"auto, (max-width: 290px) 100vw, 290px\" \/><\/span><\/strong><\/span><\/div>\n<div class=\"small-12 large-4 text-center columns\"><span style=\"color: #ba1c00;\"><span style=\"font-size: 20px;\"><strong style=\"color: #222222; background-color: #ffffff;\"><br \/>\n<a style=\"color: #2795b6;\" href=\"https:\/\/serveiseducatius.xtec.cat\/pallars\/general\/8a-edicio-dels-mschoolsstudentawards\/\">mSchools<\/a><\/strong><b><br \/>\n<\/b><\/span><\/span><img loading=\"lazy\" decoding=\"async\" class=\"alignnone size-full wp-image-12599\" src=\"https:\/\/serveiseducatius.xtec.cat\/pallars\/wp-content\/uploads\/usu1099\/2020\/03\/linea.png\" alt=\"\" width=\"290\" height=\"2\" srcset=\"https:\/\/serveiseducatius.xtec.cat\/pallars\/wp-content\/uploads\/usu1099\/2020\/03\/linea.png 290w, https:\/\/serveiseducatius.xtec.cat\/pallars\/wp-content\/uploads\/usu1099\/2020\/03\/linea-150x2.png 150w, https:\/\/serveiseducatius.xtec.cat\/pallars\/wp-content\/uploads\/usu1099\/2020\/03\/linea-200x2.png 200w\" sizes=\"auto, (max-width: 290px) 100vw, 290px\" \/><\/div>\n<div class=\"small-12 large-4 text-center columns\"><span style=\"font-size: 20px;\"><strong><a href=\"http:\/\/csda.gencat.cat\/ca\/arees-actuacio\/activitats-consell\/jornada-equitat-2021\/\">Videos i presentacions<br \/>\nJornada Equitat Educativa<\/a><\/strong><\/span> <img loading=\"lazy\" decoding=\"async\" class=\"alignnone size-full wp-image-12599\" src=\"https:\/\/serveiseducatius.xtec.cat\/pallars\/wp-content\/uploads\/usu1099\/2020\/03\/linea.png\" alt=\"\" width=\"290\" height=\"2\" srcset=\"https:\/\/serveiseducatius.xtec.cat\/pallars\/wp-content\/uploads\/usu1099\/2020\/03\/linea.png 290w, https:\/\/serveiseducatius.xtec.cat\/pallars\/wp-content\/uploads\/usu1099\/2020\/03\/linea-150x2.png 150w, https:\/\/serveiseducatius.xtec.cat\/pallars\/wp-content\/uploads\/usu1099\/2020\/03\/linea-200x2.png 200w\" sizes=\"auto, (max-width: 290px) 100vw, 290px\" \/><\/div>\n<\/div>\n<div class=\"row\" style=\"margin-bottom: 1em !important;\">\n<div class=\"small-12 large-4 text-center columns\"><a href=\"http:\/\/educacio.gencat.cat\/web\/.content\/home\/departament\/publicacions\/monografies\/us-tecnologies-digitals-infantil\/us-tecnologies-digitals-infantil.pdf\"><img loading=\"lazy\" decoding=\"async\" class=\"alignnone size-full wp-image-16117\" src=\"https:\/\/serveiseducatius.xtec.cat\/pallars\/wp-content\/uploads\/usu1099\/2021\/06\/Tecnologia-infantil-full.png\" alt=\"\" width=\"280\" height=\"150\" \/><\/a><\/div>\n<div class=\"small-12 large-4 text-center columns\"><a href=\"https:\/\/serveiseducatius.xtec.cat\/pallars\/general\/8a-edicio-dels-mschoolsstudentawards\/\"><img loading=\"lazy\" decoding=\"async\" class=\"alignnone size-full wp-image-16105\" src=\"https:\/\/serveiseducatius.xtec.cat\/pallars\/wp-content\/uploads\/usu1099\/2021\/06\/Student-awardsfull.jpg\" alt=\"\" width=\"280\" height=\"150\" \/><\/a><\/div>\n<div class=\"small-12 large-4 text-center columns\"><a href=\"http:\/\/csda.gencat.cat\/ca\/arees-actuacio\/activitats-consell\/jornada-equitat-2021\/\"><img loading=\"lazy\" decoding=\"async\" class=\"alignnone size-full wp-image-16104\" src=\"https:\/\/serveiseducatius.xtec.cat\/pallars\/wp-content\/uploads\/usu1099\/2021\/06\/consell-superior-davaluacio-full.jpg\" alt=\"\" width=\"280\" height=\"150\" \/><\/a><\/div>\n<\/div>\n<div class=\"row\" style=\"margin-bottom: 1em !important;\">\n<div class=\"small-12 large-4 text-center columns\"><strong>\u00a0<\/strong><\/div>\n<div class=\"small-12 large-4 text-center columns\"><strong>\u00a0<\/strong><\/div>\n<div class=\"small-12 large-4 text-center columns\"><strong>\u00a0<\/strong><\/div>\n<\/div>\n<div class=\"row\" style=\"margin-bottom: 1em !important;\">\n<div class=\"small-12 large-4 text-center columns\"><span style=\"font-size: 20px;\"><strong><span style=\"font-size: 20px; color: #ba1c00;\"><a style=\"color: #2795b6;\" href=\"https:\/\/serveiseducatius.xtec.cat\/pallars\/general\/programa-dimmersio-linguistica-en-llengua-anglesa\/\">Programa d&#8217;immersi\u00f3 ling\u00fc\u00edstica<\/a><\/span><\/strong><strong><img loading=\"lazy\" decoding=\"async\" class=\"alignnone size-full wp-image-12599\" src=\"https:\/\/serveiseducatius.xtec.cat\/pallars\/wp-content\/uploads\/usu1099\/2020\/03\/linea.png\" alt=\"\" width=\"290\" height=\"2\" srcset=\"https:\/\/serveiseducatius.xtec.cat\/pallars\/wp-content\/uploads\/usu1099\/2020\/03\/linea.png 290w, https:\/\/serveiseducatius.xtec.cat\/pallars\/wp-content\/uploads\/usu1099\/2020\/03\/linea-150x2.png 150w, https:\/\/serveiseducatius.xtec.cat\/pallars\/wp-content\/uploads\/usu1099\/2020\/03\/linea-200x2.png 200w\" sizes=\"auto, (max-width: 290px) 100vw, 290px\" \/><\/strong><\/span><\/div>\n<div class=\"small-12 large-4 text-center columns\"><span style=\"font-size: 20px;\"><strong><span style=\"color: #ba1c00;\"><b><a href=\"https:\/\/serveiseducatius.xtec.cat\/pallars\/general\/la-violencia-sexual-a-lesport-reconeixer-parlar-i-actuar\/\">Guia <em>La viol\u00e8ncia sexual a l&#8217;esport<\/em><\/a><\/b><\/span><br \/>\n<img loading=\"lazy\" decoding=\"async\" class=\"alignnone size-full wp-image-12599\" src=\"https:\/\/serveiseducatius.xtec.cat\/pallars\/wp-content\/uploads\/usu1099\/2020\/03\/linea.png\" alt=\"\" width=\"290\" height=\"2\" srcset=\"https:\/\/serveiseducatius.xtec.cat\/pallars\/wp-content\/uploads\/usu1099\/2020\/03\/linea.png 290w, https:\/\/serveiseducatius.xtec.cat\/pallars\/wp-content\/uploads\/usu1099\/2020\/03\/linea-150x2.png 150w, https:\/\/serveiseducatius.xtec.cat\/pallars\/wp-content\/uploads\/usu1099\/2020\/03\/linea-200x2.png 200w\" sizes=\"auto, (max-width: 290px) 100vw, 290px\" \/><\/strong><\/span><\/div>\n<div class=\"small-12 large-4 text-center columns\"><span style=\"font-size: 20px;\"><strong><a href=\"https:\/\/serveiseducatius.xtec.cat\/pallars\/general\/8e-congres-de-ciencia\/\">8\u00e8 Congr\u00e9s de ci\u00e8ncia<\/a><img loading=\"lazy\" decoding=\"async\" class=\"alignnone size-full wp-image-12599\" src=\"https:\/\/serveiseducatius.xtec.cat\/pallars\/wp-content\/uploads\/usu1099\/2020\/03\/linea.png\" alt=\"\" width=\"290\" height=\"2\" srcset=\"https:\/\/serveiseducatius.xtec.cat\/pallars\/wp-content\/uploads\/usu1099\/2020\/03\/linea.png 290w, https:\/\/serveiseducatius.xtec.cat\/pallars\/wp-content\/uploads\/usu1099\/2020\/03\/linea-150x2.png 150w, https:\/\/serveiseducatius.xtec.cat\/pallars\/wp-content\/uploads\/usu1099\/2020\/03\/linea-200x2.png 200w\" sizes=\"auto, (max-width: 290px) 100vw, 290px\" \/><\/strong><\/span><\/div>\n<\/div>\n<div class=\"row\" style=\"margin-bottom: 1em !important;\">\n<div class=\"small-12 large-4 text-center columns\"><a href=\"https:\/\/serveiseducatius.xtec.cat\/pallars\/general\/programa-dimmersio-linguistica-en-llengua-anglesa\/\"><img loading=\"lazy\" decoding=\"async\" class=\"alignnone size-full wp-image-16095\" src=\"https:\/\/serveiseducatius.xtec.cat\/pallars\/wp-content\/uploads\/usu1099\/2021\/06\/becas-mec-2019-esopwfull.jpg\" alt=\"\" width=\"280\" height=\"173\" \/><\/a><\/div>\n<div class=\"small-12 large-4 text-center columns\"><a href=\"https:\/\/serveiseducatius.xtec.cat\/pallars\/general\/la-violencia-sexual-a-lesport-reconeixer-parlar-i-actuar\/\"><img loading=\"lazy\" decoding=\"async\" class=\"alignnone size-full wp-image-16099\" src=\"https:\/\/serveiseducatius.xtec.cat\/pallars\/wp-content\/uploads\/usu1099\/2021\/06\/violencia.png\" alt=\"\" width=\"280\" height=\"150\" \/><\/a><\/div>\n<div class=\"small-12 large-4 text-center columns\"><a href=\"https:\/\/serveiseducatius.xtec.cat\/pallars\/wp-content\/uploads\/usu1099\/2021\/06\/8\u00e8-congres-full.png\"><img loading=\"lazy\" decoding=\"async\" class=\"alignnone size-full wp-image-16132\" src=\"https:\/\/serveiseducatius.xtec.cat\/pallars\/wp-content\/uploads\/usu1099\/2021\/06\/8\u00e8-congres-full.png\" alt=\"\" width=\"280\" height=\"150\" \/><\/a><\/div>\n<\/div>\n<p>&nbsp;<\/p>\n","protected":false},"excerpt":{"rendered":"<p>Contes, can\u00e7onetes i musiquetes Patis Inclusiu Formaci\u00f3 Estiu Educaci\u00f3 Infantil mSchools Videos i presentacions Jornada Equitat Educativa \u00a0 \u00a0 \u00a0 [&hellip;]<\/p>\n","protected":false},"author":1,"featured_media":0,"parent":18850,"menu_order":6,"comment_status":"closed","ping_status":"closed","template":"page-templates\/side-menu.php","meta":{"_bbp_topic_count":0,"_bbp_reply_count":0,"_bbp_total_topic_count":0,"_bbp_total_reply_count":0,"_bbp_voice_count":0,"_bbp_anonymous_reply_count":0,"_bbp_topic_count_hidden":0,"_bbp_reply_count_hidden":0,"_bbp_forum_subforum_count":0,"site-sidebar-layout":"default","site-content-layout":"","ast-site-content-layout":"","site-content-style":"default","site-sidebar-style":"default","ast-global-header-display":"","ast-banner-title-visibility":"","ast-main-header-display":"","ast-hfb-above-header-display":"","ast-hfb-below-header-display":"","ast-hfb-mobile-header-display":"","site-post-title":"","ast-breadcrumbs-content":"","ast-featured-img":"","footer-sml-layout":"","theme-transparent-header-meta":"","adv-header-id-meta":"","stick-header-meta":"","header-above-stick-meta":"","header-main-stick-meta":"","header-below-stick-meta":"","astra-migrate-meta-layouts":"default","ast-page-background-enabled":"default","ast-page-background-meta":{"desktop":{"background-color":"var(--ast-global-color-4)","background-image":"","background-repeat":"repeat","background-position":"center center","background-size":"auto","background-attachment":"scroll","background-type":"","background-media":"","overlay-type":"","overlay-color":"","overlay-opacity":"","overlay-gradient":""},"tablet":{"background-color":"","background-image":"","background-repeat":"repeat","background-position":"center center","background-size":"auto","background-attachment":"scroll","background-type":"","background-media":"","overlay-type":"","overlay-color":"","overlay-opacity":"","overlay-gradient":""},"mobile":{"background-color":"","background-image":"","background-repeat":"repeat","background-position":"center center","background-size":"auto","background-attachment":"scroll","background-type":"","background-media":"","overlay-type":"","overlay-color":"","overlay-opacity":"","overlay-gradient":""}},"ast-content-background-meta":{"desktop":{"background-color":"var(--ast-global-color-5)","background-image":"","background-repeat":"repeat","background-position":"center center","background-size":"auto","background-attachment":"scroll","background-type":"","background-media":"","overlay-type":"","overlay-color":"","overlay-opacity":"","overlay-gradient":""},"tablet":{"background-color":"var(--ast-global-color-5)","background-image":"","background-repeat":"repeat","background-position":"center center","background-size":"auto","background-attachment":"scroll","background-type":"","background-media":"","overlay-type":"","overlay-color":"","overlay-opacity":"","overlay-gradient":""},"mobile":{"background-color":"var(--ast-global-color-5)","background-image":"","background-repeat":"repeat","background-position":"center center","background-size":"auto","background-attachment":"scroll","background-type":"","background-media":"","overlay-type":"","overlay-color":"","overlay-opacity":"","overlay-gradient":""}},"footnotes":""},"class_list":["post-16119","page","type-page","status-publish","hentry"],"post_mailing_queue_ids":[],"_links":{"self":[{"href":"https:\/\/serveiseducatius.xtec.cat\/pallars\/wp-json\/wp\/v2\/pages\/16119","targetHints":{"allow":["GET"]}}],"collection":[{"href":"https:\/\/serveiseducatius.xtec.cat\/pallars\/wp-json\/wp\/v2\/pages"}],"about":[{"href":"https:\/\/serveiseducatius.xtec.cat\/pallars\/wp-json\/wp\/v2\/types\/page"}],"author":[{"embeddable":true,"href":"https:\/\/serveiseducatius.xtec.cat\/pallars\/wp-json\/wp\/v2\/users\/1"}],"replies":[{"embeddable":true,"href":"https:\/\/serveiseducatius.xtec.cat\/pallars\/wp-json\/wp\/v2\/comments?post=16119"}],"version-history":[{"count":3,"href":"https:\/\/serveiseducatius.xtec.cat\/pallars\/wp-json\/wp\/v2\/pages\/16119\/revisions"}],"predecessor-version":[{"id":16137,"href":"https:\/\/serveiseducatius.xtec.cat\/pallars\/wp-json\/wp\/v2\/pages\/16119\/revisions\/16137"}],"up":[{"embeddable":true,"href":"https:\/\/serveiseducatius.xtec.cat\/pallars\/wp-json\/wp\/v2\/pages\/18850"}],"wp:attachment":[{"href":"https:\/\/serveiseducatius.xtec.cat\/pallars\/wp-json\/wp\/v2\/media?parent=16119"}],"curies":[{"name":"wp","href":"https:\/\/api.w.org\/{rel}","templated":true}]}}