{"id":14520,"date":"2021-01-13T17:23:10","date_gmt":"2021-01-13T16:23:10","guid":{"rendered":"http:\/\/serveiseducatius.xtec.cat\/pallars\/?page_id=14520"},"modified":"2022-06-13T10:51:31","modified_gmt":"2022-06-13T08:51:31","slug":"gener-2021","status":"publish","type":"page","link":"https:\/\/serveiseducatius.xtec.cat\/pallars\/full-informatiu\/fulls-informatius-2021\/gener-2021\/","title":{"rendered":"Gener 2021"},"content":{"rendered":"<p>&nbsp;<\/p>\n<table style=\"height: 386px; border-style: none; width: 776px;\" border=\"0\" width=\"776\">\n<tbody>\n<tr style=\"height: 142px;\">\n<td style=\"width: 257px; height: 142px; border-style: none; background-color: #f5eadf; text-align: center;\" scope=\"row\" height=\"124\"><a href=\"https:\/\/serveiseducatius.xtec.cat\/pallars\/general\/segon-torn-formacio\/\"><img loading=\"lazy\" decoding=\"async\" class=\"alignnone size-full wp-image-11743\" src=\"https:\/\/serveiseducatius.xtec.cat\/pallars\/wp-content\/uploads\/usu1099\/2019\/09\/pla-de-formaci\u00f3.png\" alt=\"\" width=\"222\" height=\"122\" \/><\/a><\/td>\n<td style=\"width: 255px; height: 142px; border-style: none; text-align: center;\" align=\"center\"><a href=\"https:\/\/serveiseducatius.xtec.cat\/pallars\/general\/taller-aplicacions-de-la-robotica-educativa\/\"><img loading=\"lazy\" decoding=\"async\" class=\"alignnone size-full wp-image-14359\" src=\"https:\/\/serveiseducatius.xtec.cat\/pallars\/wp-content\/uploads\/usu1099\/2020\/12\/robots.png\" alt=\"\" width=\"222\" height=\"122\" \/><\/a><\/td>\n<td style=\"width: 256px; height: 142px; border-style: none; background-color: #f5eadf; text-align: center;\"><a href=\"https:\/\/serveiseducatius.xtec.cat\/pallars\/general\/formacio-coeducat\/\"><img loading=\"lazy\" decoding=\"async\" class=\"alignnone size-full wp-image-14521\" src=\"https:\/\/serveiseducatius.xtec.cat\/pallars\/wp-content\/uploads\/usu1099\/2021\/01\/coeducat-formaci\u00f3.png\" alt=\"\" width=\"222\" height=\"122\" \/><\/a><\/td>\n<\/tr>\n<tr style=\"height: 49px;\">\n<td style=\"width: 257px; height: 49px; border-style: none; background-color: #f5eadf; text-align: center;\" scope=\"row\" height=\"21\"><a href=\"https:\/\/serveiseducatius.xtec.cat\/pallars\/general\/segon-torn-formacio\/\"><strong>Inscripci\u00f3 a les activitats del PFZ del Pallars de 2n Torn<\/strong><\/a><\/td>\n<td style=\"width: 255px; height: 49px; border-style: none; text-align: center;\"><a href=\"https:\/\/serveiseducatius.xtec.cat\/pallars\/general\/taller-aplicacions-de-la-robotica-educativa\/\"><strong>Taller. Aplicacions de la rob\u00f2tica educativa<\/strong><\/a><\/td>\n<td style=\"width: 256px; height: 49px; border-style: none; background-color: #f5eadf; text-align: center;\"><a href=\"https:\/\/serveiseducatius.xtec.cat\/pallars\/general\/formacio-coeducat\/\"><strong>Formaci\u00f3<\/strong><\/a><\/td>\n<\/tr>\n<tr style=\"height: 33px;\">\n<td style=\"width: 257px; height: 33px; border-style: none; text-align: center;\" scope=\"row\"><a href=\"https:\/\/drive.google.com\/file\/d\/1zLN4yCtH_rK6cbMyAN3qEba0UULbEum8\/view?usp=sharing\"><img loading=\"lazy\" decoding=\"async\" class=\"alignnone size-full wp-image-14006\" src=\"https:\/\/serveiseducatius.xtec.cat\/pallars\/wp-content\/uploads\/usu1099\/2020\/09\/Pw-llengues-estrangeres.png\" alt=\"\" width=\"222\" height=\"122\" \/><\/a><\/td>\n<td style=\"width: 255px; height: 33px; border-style: none; background-color: #f5eadf; text-align: center;\"><a href=\"https:\/\/serveiseducatius.xtec.cat\/pallars\/general\/100tifiques-inscripcio-a-lactivitat\/\"><img loading=\"lazy\" decoding=\"async\" class=\"alignnone size-full wp-image-14580\" src=\"https:\/\/serveiseducatius.xtec.cat\/pallars\/wp-content\/uploads\/usu1099\/2021\/01\/100tifiques-21.png\" alt=\"\" width=\"222\" height=\"122\" \/><\/a><\/td>\n<td style=\"width: 256px; height: 33px; border-style: none; text-align: center;\"><a href=\"https:\/\/serveiseducatius.xtec.cat\/pallars\/general\/43e-premis-baldiri-i-reixac\/\"><img loading=\"lazy\" decoding=\"async\" class=\"alignnone size-full wp-image-14596\" src=\"https:\/\/serveiseducatius.xtec.cat\/pallars\/wp-content\/uploads\/usu1099\/2021\/01\/premis-baldiri-reixac-full.png\" alt=\"\" width=\"222\" height=\"123\" \/><\/a><\/td>\n<\/tr>\n<tr style=\"height: 33px;\">\n<td style=\"width: 257px; height: 33px; border-style: none; text-align: center;\" scope=\"row\" height=\"21\"><a href=\"https:\/\/drive.google.com\/file\/d\/1zLN4yCtH_rK6cbMyAN3qEba0UULbEum8\/view?usp=sharing\"><strong>Formaci\u00f3 Lleng\u00fces estrangeres 2n torn 2020-21<\/strong><\/a><\/td>\n<td style=\"width: 255px; height: 33px; border-style: none; background-color: #f5eadf; text-align: center;\"><a href=\"https:\/\/serveiseducatius.xtec.cat\/pallars\/general\/100tifiques-inscripcio-a-lactivitat\/\"><strong>Inscripcions 100t\u00edfiques. Adre\u00e7at a 6\u00e8 de prim\u00e0ria i 1r d&#8217;ESO<\/strong><\/a><\/td>\n<td style=\"width: 256px; height: 33px; border-style: none; text-align: center;\"><a href=\"https:\/\/serveiseducatius.xtec.cat\/pallars\/general\/43e-premis-baldiri-i-reixac\/\"><strong>Premis Baldiri i Reixac.<\/strong><\/a><\/td>\n<\/tr>\n<tr style=\"height: 33px;\">\n<td style=\"width: 257px; height: 33px; border-style: none; background-color: #f5eadf; text-align: center;\" scope=\"row\"><a href=\"https:\/\/serveiseducatius.xtec.cat\/pallars\/general\/vols-collaborar-a-fer-possible-la-internacionalitzacio-dels-nostres-centres\/\"><img loading=\"lazy\" decoding=\"async\" class=\"alignnone size-full wp-image-14528\" src=\"https:\/\/serveiseducatius.xtec.cat\/pallars\/wp-content\/uploads\/usu1099\/2021\/01\/internalitzaci\u00f3.png\" alt=\"\" width=\"222\" height=\"122\" \/><\/a><\/td>\n<td style=\"width: 255px; height: 33px; border-style: none; text-align: center;\"><a href=\"http:\/\/educacio.gencat.cat\/web\/.content\/home\/departament\/publicacions\/monografies\/pla-educacio-digital\/orientacions-avaluacio-cda-eso.pdf\"><img loading=\"lazy\" decoding=\"async\" class=\"alignnone size-full wp-image-14559\" src=\"https:\/\/serveiseducatius.xtec.cat\/pallars\/wp-content\/uploads\/usu1099\/2021\/01\/compet\u00e8ncia-digital.png\" alt=\"\" width=\"222\" height=\"122\" \/><\/a><\/td>\n<td style=\"width: 256px; height: 33px; border-style: none; background-color: #f5eadf; text-align: center;\"><a href=\"https:\/\/projectes.xtec.cat\/acollidasuport\/portada\/educacio-intercultural-i-disseny-activitats-curriculars\/\"><img loading=\"lazy\" decoding=\"async\" class=\"alignnone size-full wp-image-14548\" src=\"https:\/\/serveiseducatius.xtec.cat\/pallars\/wp-content\/uploads\/usu1099\/2021\/01\/educaci\u00f3-intercultural.png\" alt=\"\" width=\"222\" height=\"122\" \/><\/a><\/td>\n<\/tr>\n<tr style=\"height: 33px;\">\n<td style=\"width: 257px; height: 33px; border-style: none; background-color: #f5eadf; text-align: center;\" scope=\"row\"><a style=\"color: #2795b6;\" href=\"https:\/\/serveiseducatius.xtec.cat\/pallars\/general\/vols-collaborar-a-fer-possible-la-internacionalitzacio-dels-nostres-centres\/\"><strong>Vols col\u00b7laborar a fer possible la internacionalitzaci\u00f3 dels nostres centres?<\/strong><\/a><\/td>\n<td style=\"width: 255px; height: 33px; border-style: none; text-align: center;\"><a href=\"http:\/\/educacio.gencat.cat\/web\/.content\/home\/departament\/publicacions\/monografies\/pla-educacio-digital\/orientacions-avaluacio-cda-eso.pdf\"><strong>Nova publicaci\u00f3 del <\/strong><\/a><br \/>\n<a href=\"http:\/\/educacio.gencat.cat\/web\/.content\/home\/departament\/publicacions\/monografies\/pla-educacio-digital\/orientacions-avaluacio-cda-eso.pdf\"><strong>Departament d&#8217;Educaci\u00f3<\/strong><\/a><\/td>\n<td style=\"width: 256px; height: 33px; border-style: none; background-color: #f5eadf; text-align: center;\"><strong><a href=\"https:\/\/projectes.xtec.cat\/acollidasuport\/portada\/educacio-intercultural-i-disseny-activitats-curriculars\/\">Article<\/a><\/strong><\/td>\n<\/tr>\n<tr style=\"height: 33px;\">\n<td style=\"width: 257px; height: 33px; border-style: none; text-align: center;\"><strong><a href=\"https:\/\/serveiseducatius.xtec.cat\/pallars\/general\/interioritat-compartida\/\"><img loading=\"lazy\" decoding=\"async\" class=\"alignnone size-full wp-image-14537\" src=\"https:\/\/serveiseducatius.xtec.cat\/pallars\/wp-content\/uploads\/usu1099\/2021\/01\/interioritat-compartida.png\" alt=\"\" width=\"222\" height=\"122\" \/><\/a><\/strong><\/td>\n<td style=\"width: 255px; border-style: none; background-color: #f5eadf; text-align: center; height: 33px;\"><b><a href=\"https:\/\/serveiseducatius.xtec.cat\/pallars\/general\/coneguem-la-biomassa-forestal-energia-renovable-i-de-proximitat\/\"><img loading=\"lazy\" decoding=\"async\" class=\"alignnone size-full wp-image-14539\" src=\"https:\/\/serveiseducatius.xtec.cat\/pallars\/wp-content\/uploads\/usu1099\/2021\/01\/coneguem-la-bio-massa.png\" alt=\"\" width=\"222\" height=\"122\" \/><\/a><\/b><\/td>\n<td style=\"width: 256px; height: 33px; border-style: none; text-align: center;\"><b><a href=\"https:\/\/serveiseducatius.xtec.cat\/pallars\/general\/concurs-videomat\/\"><img loading=\"lazy\" decoding=\"async\" class=\"alignnone size-full wp-image-14563\" src=\"https:\/\/serveiseducatius.xtec.cat\/pallars\/wp-content\/uploads\/usu1099\/2021\/01\/Videomat.png\" alt=\"\" width=\"222\" height=\"122\" \/><\/a><\/b><\/td>\n<\/tr>\n<tr style=\"height: 30px;\">\n<td style=\"width: 257px; border-style: none; text-align: center; height: 30px;\"><strong><a style=\"color: #2795b6;\" href=\"https:\/\/serveiseducatius.xtec.cat\/pallars\/general\/interioritat-compartida\/\">Programa<em>\u00a0Interioritat compartida<\/em>\u00a0ICE d\u2019Educaci\u00f3 i Mindfulness<\/a><\/strong><\/td>\n<td style=\"width: 255px; border-style: none; background-color: #f5eadf; text-align: center; height: 30px;\"><b><a href=\"https:\/\/serveiseducatius.xtec.cat\/pallars\/general\/coneguem-la-biomassa-forestal-energia-renovable-i-de-proximitat\/\">Material did\u00e0ctic de prim\u00e0ria i secund\u00e0ria<\/a><\/b><\/td>\n<td style=\"width: 256px; border-style: none; text-align: center; height: 30px;\"><b><a href=\"https:\/\/serveiseducatius.xtec.cat\/pallars\/general\/concurs-videomat\/\">Concurs V\u00eddeoMat<\/a><\/b><\/td>\n<\/tr>\n<\/tbody>\n<\/table>\n","protected":false},"excerpt":{"rendered":"<p>&nbsp; Inscripci\u00f3 a les activitats del PFZ del Pallars de 2n Torn Taller. Aplicacions de la rob\u00f2tica educativa Formaci\u00f3 Formaci\u00f3 [&hellip;]<\/p>\n","protected":false},"author":1,"featured_media":0,"parent":18850,"menu_order":1,"comment_status":"closed","ping_status":"closed","template":"page-templates\/side-menu.php","meta":{"_bbp_topic_count":0,"_bbp_reply_count":0,"_bbp_total_topic_count":0,"_bbp_total_reply_count":0,"_bbp_voice_count":0,"_bbp_anonymous_reply_count":0,"_bbp_topic_count_hidden":0,"_bbp_reply_count_hidden":0,"_bbp_forum_subforum_count":0,"site-sidebar-layout":"default","site-content-layout":"","ast-site-content-layout":"","site-content-style":"default","site-sidebar-style":"default","ast-global-header-display":"","ast-banner-title-visibility":"","ast-main-header-display":"","ast-hfb-above-header-display":"","ast-hfb-below-header-display":"","ast-hfb-mobile-header-display":"","site-post-title":"","ast-breadcrumbs-content":"","ast-featured-img":"","footer-sml-layout":"","theme-transparent-header-meta":"","adv-header-id-meta":"","stick-header-meta":"","header-above-stick-meta":"","header-main-stick-meta":"","header-below-stick-meta":"","astra-migrate-meta-layouts":"default","ast-page-background-enabled":"default","ast-page-background-meta":{"desktop":{"background-color":"var(--ast-global-color-4)","background-image":"","background-repeat":"repeat","background-position":"center center","background-size":"auto","background-attachment":"scroll","background-type":"","background-media":"","overlay-type":"","overlay-color":"","overlay-opacity":"","overlay-gradient":""},"tablet":{"background-color":"","background-image":"","background-repeat":"repeat","background-position":"center center","background-size":"auto","background-attachment":"scroll","background-type":"","background-media":"","overlay-type":"","overlay-color":"","overlay-opacity":"","overlay-gradient":""},"mobile":{"background-color":"","background-image":"","background-repeat":"repeat","background-position":"center center","background-size":"auto","background-attachment":"scroll","background-type":"","background-media":"","overlay-type":"","overlay-color":"","overlay-opacity":"","overlay-gradient":""}},"ast-content-background-meta":{"desktop":{"background-color":"var(--ast-global-color-5)","background-image":"","background-repeat":"repeat","background-position":"center center","background-size":"auto","background-attachment":"scroll","background-type":"","background-media":"","overlay-type":"","overlay-color":"","overlay-opacity":"","overlay-gradient":""},"tablet":{"background-color":"var(--ast-global-color-5)","background-image":"","background-repeat":"repeat","background-position":"center center","background-size":"auto","background-attachment":"scroll","background-type":"","background-media":"","overlay-type":"","overlay-color":"","overlay-opacity":"","overlay-gradient":""},"mobile":{"background-color":"var(--ast-global-color-5)","background-image":"","background-repeat":"repeat","background-position":"center center","background-size":"auto","background-attachment":"scroll","background-type":"","background-media":"","overlay-type":"","overlay-color":"","overlay-opacity":"","overlay-gradient":""}},"footnotes":""},"class_list":["post-14520","page","type-page","status-publish","hentry"],"post_mailing_queue_ids":[],"_links":{"self":[{"href":"https:\/\/serveiseducatius.xtec.cat\/pallars\/wp-json\/wp\/v2\/pages\/14520","targetHints":{"allow":["GET"]}}],"collection":[{"href":"https:\/\/serveiseducatius.xtec.cat\/pallars\/wp-json\/wp\/v2\/pages"}],"about":[{"href":"https:\/\/serveiseducatius.xtec.cat\/pallars\/wp-json\/wp\/v2\/types\/page"}],"author":[{"embeddable":true,"href":"https:\/\/serveiseducatius.xtec.cat\/pallars\/wp-json\/wp\/v2\/users\/1"}],"replies":[{"embeddable":true,"href":"https:\/\/serveiseducatius.xtec.cat\/pallars\/wp-json\/wp\/v2\/comments?post=14520"}],"version-history":[{"count":3,"href":"https:\/\/serveiseducatius.xtec.cat\/pallars\/wp-json\/wp\/v2\/pages\/14520\/revisions"}],"predecessor-version":[{"id":14610,"href":"https:\/\/serveiseducatius.xtec.cat\/pallars\/wp-json\/wp\/v2\/pages\/14520\/revisions\/14610"}],"up":[{"embeddable":true,"href":"https:\/\/serveiseducatius.xtec.cat\/pallars\/wp-json\/wp\/v2\/pages\/18850"}],"wp:attachment":[{"href":"https:\/\/serveiseducatius.xtec.cat\/pallars\/wp-json\/wp\/v2\/media?parent=14520"}],"curies":[{"name":"wp","href":"https:\/\/api.w.org\/{rel}","templated":true}]}}