{"id":11932,"date":"2019-12-05T13:17:51","date_gmt":"2019-12-05T12:17:51","guid":{"rendered":"http:\/\/serveiseducatius.xtec.cat\/pallars\/?page_id=11932"},"modified":"2022-02-08T17:25:33","modified_gmt":"2022-02-08T16:25:33","slug":"desembre-2019","status":"publish","type":"page","link":"https:\/\/serveiseducatius.xtec.cat\/pallars\/full-informatiu\/fulls-informatius-anteriors\/desembre-2019\/","title":{"rendered":"Desembre 2019"},"content":{"rendered":"<p>&nbsp;<\/p>\n<table style=\"height: 265px; border-style: none; width: 776px;\" border=\"0\" width=\"776\">\n<tbody>\n<tr style=\"height: 142px;\">\n<td style=\"width: 258.333px; height: 142px; border-style: none; background-color: #f5eadf;\" scope=\"row\" height=\"124\"><a href=\"https:\/\/serveiseducatius.xtec.cat\/pallars\/wp-content\/uploads\/usu1099\/2019\/12\/tickets.png\"><img loading=\"lazy\" decoding=\"async\" class=\"alignnone size-full wp-image-11933\" src=\"https:\/\/serveiseducatius.xtec.cat\/pallars\/wp-content\/uploads\/usu1099\/2019\/12\/tickets.png\" alt=\"\" width=\"222\" height=\"122\" \/><\/a><\/td>\n<td style=\"width: 253.333px; height: 142px; border-style: none; text-align: center;\" align=\"center\"><a href=\"https:\/\/serveiseducatius.xtec.cat\/pallars\/wp-content\/uploads\/usu1099\/2018\/10\/pensar.jpg\"><img loading=\"lazy\" decoding=\"async\" class=\"alignnone size-full wp-image-10608\" src=\"https:\/\/serveiseducatius.xtec.cat\/pallars\/wp-content\/uploads\/usu1099\/2018\/10\/pensar.jpg\" alt=\"\" width=\"220\" height=\"122\" \/><\/a><\/td>\n<td style=\"width: 256.333px; height: 142px; border-style: none; background-color: #f5eadf; text-align: center;\"><a href=\"https:\/\/serveiseducatius.xtec.cat\/pallars\/wp-content\/uploads\/usu1099\/2019\/12\/congres-1.png\"><img loading=\"lazy\" decoding=\"async\" class=\"alignnone size-full wp-image-11958\" src=\"https:\/\/serveiseducatius.xtec.cat\/pallars\/wp-content\/uploads\/usu1099\/2019\/12\/congres-1.png\" alt=\"\" width=\"222\" height=\"122\" \/><\/a><\/td>\n<\/tr>\n<tr style=\"height: 49px;\">\n<td style=\"width: 258.333px; height: 14px; border-style: none; background-color: #f5eadf; text-align: center;\" scope=\"row\" height=\"21\"><a href=\"https:\/\/serveiseducatius.xtec.cat\/pallars\/portada\/jussaeducacio-teatre-2\/\"><strong>Teatre angl\u00e8s Secund\u00e0ria<br \/>\nPallars Juss\u00e0<\/strong><\/a><\/td>\n<td style=\"width: 253.333px; height: 14px; text-align: center; border-style: none;\"><a href=\"https:\/\/serveiseducatius.xtec.cat\/pallars\/general\/com-ensenyar-a-pensar-al-nostre-alumnat-2\/\">\u00a0<strong><b> Xerrada <\/b>\u00a0<em> <b>Aprendre a pensar <\/b><\/em><br \/>\na <b> c\u00e0rrec de Daniel Gabarr\u00f3.<\/b><br \/>\n30 de gener de 2020 a les 17.30h a Sort<\/strong><\/a><\/td>\n<td style=\"width: 256.333px; height: 14px; border-style: none; background-color: #f5eadf; text-align: center;\"><a href=\"https:\/\/serveiseducatius.xtec.cat\/pallars\/general\/congres-deducacio-publica\/\"><strong>Informaci\u00f3 dels debats als Pallars<\/strong><\/a><\/td>\n<\/tr>\n<tr style=\"height: 33px;\">\n<td style=\"width: 258.333px; height: 33px; border-style: none;\" scope=\"row\"><a href=\"https:\/\/serveiseducatius.xtec.cat\/pallars\/wp-content\/uploads\/usu1099\/2019\/12\/misteris.png\"><img loading=\"lazy\" decoding=\"async\" class=\"alignnone size-full wp-image-11965\" src=\"https:\/\/serveiseducatius.xtec.cat\/pallars\/wp-content\/uploads\/usu1099\/2019\/12\/misteris.png\" alt=\"\" width=\"222\" height=\"122\" \/><\/a><\/td>\n<td style=\"width: 253.333px; height: 33px; border-style: none; background-color: #f5eadf; text-align: center;\"><a href=\"https:\/\/serveiseducatius.xtec.cat\/pallars\/wp-content\/uploads\/usu1099\/2019\/12\/whatsapp.png\"><img loading=\"lazy\" decoding=\"async\" class=\"alignnone size-full wp-image-11934\" src=\"https:\/\/serveiseducatius.xtec.cat\/pallars\/wp-content\/uploads\/usu1099\/2019\/12\/whatsapp.png\" alt=\"\" width=\"222\" height=\"123\" \/><\/a><\/td>\n<td style=\"width: 256.333px; height: 33px; border-style: none;\"><a href=\"https:\/\/serveiseducatius.xtec.cat\/pallars\/wp-content\/uploads\/usu1099\/2019\/12\/premis-samboti.png\"><img loading=\"lazy\" decoding=\"async\" class=\"alignnone size-full wp-image-11935\" src=\"https:\/\/serveiseducatius.xtec.cat\/pallars\/wp-content\/uploads\/usu1099\/2019\/12\/premis-samboti.png\" alt=\"\" width=\"222\" height=\"123\" \/><\/a><\/td>\n<\/tr>\n<tr style=\"height: 33px;\">\n<td style=\"width: 258.333px; height: 10px; border-style: none; text-align: center;\" scope=\"row\" height=\"21\"><a href=\"https:\/\/serveiseducatius.xtec.cat\/pallars\/general\/el-misteri-de-la-biblioteca\/\"><strong>Activitat\u00a0 de dinamitzaci\u00f3 de la lectura<br \/>\nBiblioteca P\u00fablica Maria Barbal<\/strong><\/a><\/td>\n<td style=\"width: 253.333px; height: 10px; border-style: none; background-color: #f5eadf; text-align: center;\"><a href=\"https:\/\/drive.google.com\/file\/d\/18XlFH_Bo4NpMKyK2HZ_X2AnmPQxr1WSu\/view?usp=sharing\"><strong>M\u00e9s informaci\u00f3<\/strong><\/a><br \/>\n<a href=\"https:\/\/drive.google.com\/file\/d\/1Hnp6AY221WcPhhpzYUlzPLBkvnKifSfB\/view?usp=sharing\"><strong>Exemples III concurs<\/strong><\/a><\/td>\n<td style=\"width: 256.333px; height: 10px; border-style: none; text-align: center;\"><strong><a href=\"https:\/\/cdn.omnium.cat\/wp-content\/uploads\/2019\/09\/23133314\/TRIPTIC_BASES_TINTER-2.pdf\">14\u00e8 Premi Sambori \u00d2mnium<br \/>\nde narrativa escolar<\/a><\/strong><br \/>\n<strong><a href=\"https:\/\/cdn.omnium.cat\/wp-content\/uploads\/2019\/09\/23133541\/diptic_bases_pissiganya_AAFF-1.pdf\">9\u00e8 Premi Pissiganya de Poesia escolar<\/a><\/strong><\/td>\n<\/tr>\n<tr style=\"height: 33px;\">\n<td style=\"width: 258.333px; height: 33px; border-style: none; background-color: #f5eadf; text-align: center;\" scope=\"row\"><a href=\"https:\/\/serveiseducatius.xtec.cat\/pallars\/wp-content\/uploads\/usu1099\/2019\/12\/proves-cangur-2020.png\"><img loading=\"lazy\" decoding=\"async\" class=\"alignnone size-full wp-image-11936\" src=\"https:\/\/serveiseducatius.xtec.cat\/pallars\/wp-content\/uploads\/usu1099\/2019\/12\/proves-cangur-2020.png\" alt=\"\" width=\"222\" height=\"122\" \/><\/a><\/td>\n<td style=\"width: 253.333px; height: 33px; border-style: none; text-align: center;\"><a href=\"https:\/\/serveiseducatius.xtec.cat\/pallars\/wp-content\/uploads\/usu1099\/2019\/12\/nodes.png\"><img loading=\"lazy\" decoding=\"async\" class=\"alignnone size-full wp-image-11959\" src=\"https:\/\/serveiseducatius.xtec.cat\/pallars\/wp-content\/uploads\/usu1099\/2019\/12\/nodes.png\" alt=\"\" width=\"222\" height=\"122\" \/><\/a><\/td>\n<td style=\"width: 256.333px; height: 33px; border-style: none; background-color: #f5eadf;\"><a href=\"https:\/\/serveiseducatius.xtec.cat\/pallars\/wp-content\/uploads\/usu1099\/2018\/12\/mobiles.png\"><img loading=\"lazy\" decoding=\"async\" class=\"alignnone size-full wp-image-10859\" src=\"https:\/\/serveiseducatius.xtec.cat\/pallars\/wp-content\/uploads\/usu1099\/2018\/12\/mobiles.png\" alt=\"\" width=\"222\" height=\"122\" \/><\/a><\/td>\n<\/tr>\n<tr style=\"height: 33px;\">\n<td style=\"width: 258.333px; height: 33px; border-style: none; background-color: #f5eadf; text-align: center;\" scope=\"row\"><a href=\"https:\/\/serveiseducatius.xtec.cat\/pallars\/general\/cangur-2020\/\"><strong>Proves cangur<\/strong><\/a><br \/>\nDe Cicle Superior de prim\u00e0ria fins a 2n de Batxillerat<\/td>\n<td style=\"width: 253.333px; height: 33px; border-style: none; text-align: center;\"><strong><a href=\"https:\/\/serveiseducatius.xtec.cat\/pallars\/general\/nous-nodes-del-departament-deducacio\/\">M\u00e9s informaci\u00f3<\/a><\/strong><\/td>\n<td style=\"width: 256.333px; height: 33px; border-style: none; background-color: #f5eadf; text-align: center;\"><strong><a href=\"http:\/\/xtec.gencat.cat\/ca\/centres\/alscentres\/premis\/concursos_mschools\/mschools-student-awards\/2020\/\">Concursos mSchools Student Awards<\/a><\/strong><\/td>\n<\/tr>\n<\/tbody>\n<\/table>\n","protected":false},"excerpt":{"rendered":"<p>&nbsp; Teatre angl\u00e8s Secund\u00e0ria Pallars Juss\u00e0 \u00a0 Xerrada \u00a0 Aprendre a pensar a c\u00e0rrec de Daniel Gabarr\u00f3. 30 de gener [&hellip;]<\/p>\n","protected":false},"author":1,"featured_media":0,"parent":17683,"menu_order":12,"comment_status":"closed","ping_status":"closed","template":"page-templates\/side-menu.php","meta":{"_bbp_topic_count":0,"_bbp_reply_count":0,"_bbp_total_topic_count":0,"_bbp_total_reply_count":0,"_bbp_voice_count":0,"_bbp_anonymous_reply_count":0,"_bbp_topic_count_hidden":0,"_bbp_reply_count_hidden":0,"_bbp_forum_subforum_count":0,"site-sidebar-layout":"default","site-content-layout":"","ast-site-content-layout":"","site-content-style":"default","site-sidebar-style":"default","ast-global-header-display":"","ast-banner-title-visibility":"","ast-main-header-display":"","ast-hfb-above-header-display":"","ast-hfb-below-header-display":"","ast-hfb-mobile-header-display":"","site-post-title":"","ast-breadcrumbs-content":"","ast-featured-img":"","footer-sml-layout":"","theme-transparent-header-meta":"","adv-header-id-meta":"","stick-header-meta":"","header-above-stick-meta":"","header-main-stick-meta":"","header-below-stick-meta":"","astra-migrate-meta-layouts":"default","ast-page-background-enabled":"default","ast-page-background-meta":{"desktop":{"background-color":"var(--ast-global-color-4)","background-image":"","background-repeat":"repeat","background-position":"center center","background-size":"auto","background-attachment":"scroll","background-type":"","background-media":"","overlay-type":"","overlay-color":"","overlay-opacity":"","overlay-gradient":""},"tablet":{"background-color":"","background-image":"","background-repeat":"repeat","background-position":"center center","background-size":"auto","background-attachment":"scroll","background-type":"","background-media":"","overlay-type":"","overlay-color":"","overlay-opacity":"","overlay-gradient":""},"mobile":{"background-color":"","background-image":"","background-repeat":"repeat","background-position":"center center","background-size":"auto","background-attachment":"scroll","background-type":"","background-media":"","overlay-type":"","overlay-color":"","overlay-opacity":"","overlay-gradient":""}},"ast-content-background-meta":{"desktop":{"background-color":"var(--ast-global-color-5)","background-image":"","background-repeat":"repeat","background-position":"center center","background-size":"auto","background-attachment":"scroll","background-type":"","background-media":"","overlay-type":"","overlay-color":"","overlay-opacity":"","overlay-gradient":""},"tablet":{"background-color":"var(--ast-global-color-5)","background-image":"","background-repeat":"repeat","background-position":"center center","background-size":"auto","background-attachment":"scroll","background-type":"","background-media":"","overlay-type":"","overlay-color":"","overlay-opacity":"","overlay-gradient":""},"mobile":{"background-color":"var(--ast-global-color-5)","background-image":"","background-repeat":"repeat","background-position":"center center","background-size":"auto","background-attachment":"scroll","background-type":"","background-media":"","overlay-type":"","overlay-color":"","overlay-opacity":"","overlay-gradient":""}},"footnotes":""},"class_list":["post-11932","page","type-page","status-publish","hentry"],"post_mailing_queue_ids":[],"_links":{"self":[{"href":"https:\/\/serveiseducatius.xtec.cat\/pallars\/wp-json\/wp\/v2\/pages\/11932","targetHints":{"allow":["GET"]}}],"collection":[{"href":"https:\/\/serveiseducatius.xtec.cat\/pallars\/wp-json\/wp\/v2\/pages"}],"about":[{"href":"https:\/\/serveiseducatius.xtec.cat\/pallars\/wp-json\/wp\/v2\/types\/page"}],"author":[{"embeddable":true,"href":"https:\/\/serveiseducatius.xtec.cat\/pallars\/wp-json\/wp\/v2\/users\/1"}],"replies":[{"embeddable":true,"href":"https:\/\/serveiseducatius.xtec.cat\/pallars\/wp-json\/wp\/v2\/comments?post=11932"}],"version-history":[{"count":3,"href":"https:\/\/serveiseducatius.xtec.cat\/pallars\/wp-json\/wp\/v2\/pages\/11932\/revisions"}],"predecessor-version":[{"id":11976,"href":"https:\/\/serveiseducatius.xtec.cat\/pallars\/wp-json\/wp\/v2\/pages\/11932\/revisions\/11976"}],"up":[{"embeddable":true,"href":"https:\/\/serveiseducatius.xtec.cat\/pallars\/wp-json\/wp\/v2\/pages\/17683"}],"wp:attachment":[{"href":"https:\/\/serveiseducatius.xtec.cat\/pallars\/wp-json\/wp\/v2\/media?parent=11932"}],"curies":[{"name":"wp","href":"https:\/\/api.w.org\/{rel}","templated":true}]}}