{"id":10356,"date":"2018-10-23T12:38:07","date_gmt":"2018-10-23T10:38:07","guid":{"rendered":"http:\/\/serveiseducatius.xtec.cat\/pallars\/?page_id=10356"},"modified":"2024-02-07T19:02:50","modified_gmt":"2024-02-07T18:02:50","slug":"albums-illustrats-ii","status":"publish","type":"page","link":"https:\/\/serveiseducatius.xtec.cat\/pallars\/dinamitzacio\/llengua\/pallarslector\/albums-illustrats-ii\/","title":{"rendered":"\u00c0lbums il\u00b7lustrats II"},"content":{"rendered":"<h4>Adre\u00e7at a<a href=\"https:\/\/forms.gle\/WV87MkCWcsVXkafi8\"><img loading=\"lazy\" decoding=\"async\" class=\" wp-image-19682 alignright\" src=\"https:\/\/serveiseducatius.xtec.cat\/pallars\/wp-content\/uploads\/usu1099\/2022\/11\/formulari-de-prestec.png\" alt=\"\" width=\"266\" height=\"108\" srcset=\"https:\/\/serveiseducatius.xtec.cat\/pallars\/wp-content\/uploads\/usu1099\/2022\/11\/formulari-de-prestec.png 375w, https:\/\/serveiseducatius.xtec.cat\/pallars\/wp-content\/uploads\/usu1099\/2022\/11\/formulari-de-prestec-300x122.png 300w\" sizes=\"auto, (max-width: 266px) 100vw, 266px\" \/><\/a><\/h4>\n<p>educaci\u00f3 infantil, prim\u00e0ria i secund\u00e0ria<\/p>\n<h4>Contingut<\/h4>\n<table class=\"aligncenter\" style=\"height: 100%; width: 100%; border-collapse: collapse;\" border=\"1\" cellspacing=\"1200\">\n<tbody>\n<tr style=\"height: 32px;\">\n<td style=\"height: 32px; text-align: center; width: 126px; background-color: #cbf3f0;\"><span style=\"color: #2c5b5e;\"><strong>T\u00cdTOL<\/strong><\/span><\/td>\n<td style=\"height: 32px; text-align: center; width: 151px; background-color: #cbf3f0;\"><span style=\"color: #2c5b5e;\"><strong>GUIA DID\u00c0CTICA<\/strong><\/span><\/td>\n<td style=\"height: 32px; text-align: center; width: 121px; background-color: #cbf3f0;\"><span style=\"color: #2c5b5e;\"><strong>T\u00cdTOL<\/strong><\/span><\/td>\n<td style=\"height: 32px; text-align: center; width: 191px; background-color: #cbf3f0;\"><span style=\"color: #2c5b5e;\"><strong>GUIA DID\u00c0CTICA<\/strong><\/span><\/td>\n<\/tr>\n<tr style=\"height: 32px;\">\n<td style=\"height: 32px; width: 126px;\">\n<h5>Llana a dojo<\/h5>\n<\/td>\n<td style=\"height: 32px; width: 151px;\"><img loading=\"lazy\" decoding=\"async\" class=\"wp-image-10346 aligncenter\" src=\"https:\/\/serveiseducatius.xtec.cat\/pallars\/wp-content\/uploads\/usu1099\/2018\/10\/llana-a-dojo.jpg\" alt=\"\" width=\"95\" height=\"83\" srcset=\"https:\/\/serveiseducatius.xtec.cat\/pallars\/wp-content\/uploads\/usu1099\/2018\/10\/llana-a-dojo.jpg 514w, https:\/\/serveiseducatius.xtec.cat\/pallars\/wp-content\/uploads\/usu1099\/2018\/10\/llana-a-dojo-300x263.jpg 300w\" sizes=\"auto, (max-width: 95px) 100vw, 95px\" \/><\/td>\n<td style=\"height: 32px; width: 121px;\">\n<h5>Som amics?<\/h5>\n<\/td>\n<td style=\"height: 32px; width: 191px;\"><img loading=\"lazy\" decoding=\"async\" class=\"wp-image-10351 aligncenter\" src=\"https:\/\/serveiseducatius.xtec.cat\/pallars\/wp-content\/uploads\/usu1099\/2018\/10\/som-amics.jpg\" alt=\"\" width=\"78\" height=\"108\" srcset=\"https:\/\/serveiseducatius.xtec.cat\/pallars\/wp-content\/uploads\/usu1099\/2018\/10\/som-amics.jpg 290w, https:\/\/serveiseducatius.xtec.cat\/pallars\/wp-content\/uploads\/usu1099\/2018\/10\/som-amics-218x300.jpg 218w\" sizes=\"auto, (max-width: 78px) 100vw, 78px\" \/><\/td>\n<\/tr>\n<tr style=\"height: 32px;\">\n<td style=\"height: 32px; width: 126px;\">\n<h5>Pols d&#8217;estrelles<\/h5>\n<\/td>\n<td style=\"height: 32px; width: 151px;\"><img loading=\"lazy\" decoding=\"async\" class=\"wp-image-10350 aligncenter\" src=\"https:\/\/serveiseducatius.xtec.cat\/pallars\/wp-content\/uploads\/usu1099\/2018\/10\/pols-destrelles.jpg\" alt=\"\" width=\"112\" height=\"87\" srcset=\"https:\/\/serveiseducatius.xtec.cat\/pallars\/wp-content\/uploads\/usu1099\/2018\/10\/pols-destrelles.jpg 579w, https:\/\/serveiseducatius.xtec.cat\/pallars\/wp-content\/uploads\/usu1099\/2018\/10\/pols-destrelles-300x233.jpg 300w\" sizes=\"auto, (max-width: 112px) 100vw, 112px\" \/><\/td>\n<td style=\"height: 32px; width: 121px;\">\n<h5>El llibre de les b\u00e8sties<\/h5>\n<\/td>\n<td style=\"height: 32px; width: 191px;\"><img loading=\"lazy\" decoding=\"async\" class=\"wp-image-10332 aligncenter\" src=\"https:\/\/serveiseducatius.xtec.cat\/pallars\/wp-content\/uploads\/usu1099\/2018\/10\/el-llibre-de-les-besties.jpg\" alt=\"\" width=\"84\" height=\"84\" srcset=\"https:\/\/serveiseducatius.xtec.cat\/pallars\/wp-content\/uploads\/usu1099\/2018\/10\/el-llibre-de-les-besties.jpg 640w, https:\/\/serveiseducatius.xtec.cat\/pallars\/wp-content\/uploads\/usu1099\/2018\/10\/el-llibre-de-les-besties-150x150.jpg 150w, https:\/\/serveiseducatius.xtec.cat\/pallars\/wp-content\/uploads\/usu1099\/2018\/10\/el-llibre-de-les-besties-300x300.jpg 300w\" sizes=\"auto, (max-width: 84px) 100vw, 84px\" \/><\/td>\n<\/tr>\n<tr style=\"height: 32px;\">\n<td style=\"height: 32px; width: 126px;\">\n<h5>De qu\u00e8 fa gust la lluna?<\/h5>\n<\/td>\n<td style=\"height: 32px; width: 151px;\">\n<h5><img loading=\"lazy\" decoding=\"async\" class=\"wp-image-10330 aligncenter\" src=\"https:\/\/serveiseducatius.xtec.cat\/pallars\/wp-content\/uploads\/usu1099\/2018\/10\/de-que-fa-gust-la-lluna.jpg\" alt=\"\" width=\"78\" height=\"116\" srcset=\"https:\/\/serveiseducatius.xtec.cat\/pallars\/wp-content\/uploads\/usu1099\/2018\/10\/de-que-fa-gust-la-lluna.jpg 269w, https:\/\/serveiseducatius.xtec.cat\/pallars\/wp-content\/uploads\/usu1099\/2018\/10\/de-que-fa-gust-la-lluna-202x300.jpg 202w\" sizes=\"auto, (max-width: 78px) 100vw, 78px\" \/><\/h5>\n<\/td>\n<td style=\"width: 121px; height: 32px;\">\n<h5>La gran corriente de aire<\/h5>\n<\/td>\n<td style=\"width: 191px; height: 32px;\"><img loading=\"lazy\" decoding=\"async\" class=\"wp-image-10342 aligncenter\" src=\"https:\/\/serveiseducatius.xtec.cat\/pallars\/wp-content\/uploads\/usu1099\/2018\/10\/la-gran-corriente-de-aire.jpg\" alt=\"\" width=\"89\" height=\"86\" srcset=\"https:\/\/serveiseducatius.xtec.cat\/pallars\/wp-content\/uploads\/usu1099\/2018\/10\/la-gran-corriente-de-aire.jpg 845w, https:\/\/serveiseducatius.xtec.cat\/pallars\/wp-content\/uploads\/usu1099\/2018\/10\/la-gran-corriente-de-aire-300x289.jpg 300w, https:\/\/serveiseducatius.xtec.cat\/pallars\/wp-content\/uploads\/usu1099\/2018\/10\/la-gran-corriente-de-aire-768x740.jpg 768w\" sizes=\"auto, (max-width: 89px) 100vw, 89px\" \/><\/td>\n<\/tr>\n<tr style=\"height: 32px;\">\n<td style=\"height: 32px; width: 126px;\">\n<h5>Fred, l&#8217;amig imaginari<\/h5>\n<\/td>\n<td style=\"height: 32px; width: 151px;\">\n<h5><img loading=\"lazy\" decoding=\"async\" class=\"wp-image-10340 aligncenter\" src=\"https:\/\/serveiseducatius.xtec.cat\/pallars\/wp-content\/uploads\/usu1099\/2018\/10\/fred-lamic-imaginari.jpg\" alt=\"\" width=\"102\" height=\"102\" srcset=\"https:\/\/serveiseducatius.xtec.cat\/pallars\/wp-content\/uploads\/usu1099\/2018\/10\/fred-lamic-imaginari.jpg 605w, https:\/\/serveiseducatius.xtec.cat\/pallars\/wp-content\/uploads\/usu1099\/2018\/10\/fred-lamic-imaginari-150x150.jpg 150w, https:\/\/serveiseducatius.xtec.cat\/pallars\/wp-content\/uploads\/usu1099\/2018\/10\/fred-lamic-imaginari-300x300.jpg 300w\" sizes=\"auto, (max-width: 102px) 100vw, 102px\" \/><\/h5>\n<\/td>\n<td style=\"height: 32px; width: 121px;\">\n<h5>El meu gran arbre<\/h5>\n<\/td>\n<td style=\"height: 32px; width: 191px;\"><img loading=\"lazy\" decoding=\"async\" class=\"wp-image-10347 aligncenter\" src=\"https:\/\/serveiseducatius.xtec.cat\/pallars\/wp-content\/uploads\/usu1099\/2018\/10\/meu-gran-arbre.jpg\" alt=\"\" width=\"73\" height=\"91\" srcset=\"https:\/\/serveiseducatius.xtec.cat\/pallars\/wp-content\/uploads\/usu1099\/2018\/10\/meu-gran-arbre.jpg 1283w, https:\/\/serveiseducatius.xtec.cat\/pallars\/wp-content\/uploads\/usu1099\/2018\/10\/meu-gran-arbre-241x300.jpg 241w, https:\/\/serveiseducatius.xtec.cat\/pallars\/wp-content\/uploads\/usu1099\/2018\/10\/meu-gran-arbre-768x958.jpg 768w, https:\/\/serveiseducatius.xtec.cat\/pallars\/wp-content\/uploads\/usu1099\/2018\/10\/meu-gran-arbre-821x1024.jpg 821w\" sizes=\"auto, (max-width: 73px) 100vw, 73px\" \/><\/td>\n<\/tr>\n<tr style=\"height: 32px;\">\n<td style=\"height: 32px; width: 126px;\">\n<h5>Mishiyu<\/h5>\n<\/td>\n<td style=\"height: 32px; width: 151px;\">\n<h5><img loading=\"lazy\" decoding=\"async\" class=\"wp-image-10348 aligncenter\" src=\"https:\/\/serveiseducatius.xtec.cat\/pallars\/wp-content\/uploads\/usu1099\/2018\/10\/Mishiyu.jpg\" alt=\"\" width=\"83\" height=\"105\" srcset=\"https:\/\/serveiseducatius.xtec.cat\/pallars\/wp-content\/uploads\/usu1099\/2018\/10\/Mishiyu.jpg 1190w, https:\/\/serveiseducatius.xtec.cat\/pallars\/wp-content\/uploads\/usu1099\/2018\/10\/Mishiyu-238x300.jpg 238w, https:\/\/serveiseducatius.xtec.cat\/pallars\/wp-content\/uploads\/usu1099\/2018\/10\/Mishiyu-768x968.jpg 768w, https:\/\/serveiseducatius.xtec.cat\/pallars\/wp-content\/uploads\/usu1099\/2018\/10\/Mishiyu-812x1024.jpg 812w\" sizes=\"auto, (max-width: 83px) 100vw, 83px\" \/><\/h5>\n<\/td>\n<td style=\"width: 121px; height: 32px;\">\n<h5>Els cal\u00e7otets de l&#8217;\u00f3s blanc<\/h5>\n<\/td>\n<td style=\"width: 191px; height: 32px;\"><img loading=\"lazy\" decoding=\"async\" class=\"wp-image-10338 aligncenter\" src=\"https:\/\/serveiseducatius.xtec.cat\/pallars\/wp-content\/uploads\/usu1099\/2018\/10\/els-cal\u00e7otets-de-los-blan.jpg\" alt=\"\" width=\"55\" height=\"90\" \/><\/td>\n<\/tr>\n<tr style=\"height: 32px;\">\n<td style=\"height: 32px; width: 126px;\">\n<h5>6-Amunt i avall<\/h5>\n<\/td>\n<td style=\"height: 32px; width: 151px;\">\n<h5><img loading=\"lazy\" decoding=\"async\" class=\"wp-image-10329 aligncenter\" src=\"https:\/\/serveiseducatius.xtec.cat\/pallars\/wp-content\/uploads\/usu1099\/2018\/10\/amunt-i-avall.jpg\" alt=\"\" width=\"88\" height=\"90\" srcset=\"https:\/\/serveiseducatius.xtec.cat\/pallars\/wp-content\/uploads\/usu1099\/2018\/10\/amunt-i-avall.jpg 637w, https:\/\/serveiseducatius.xtec.cat\/pallars\/wp-content\/uploads\/usu1099\/2018\/10\/amunt-i-avall-293x300.jpg 293w\" sizes=\"auto, (max-width: 88px) 100vw, 88px\" \/><\/h5>\n<\/td>\n<td style=\"width: 121px; height: 32px;\">\n<h5>\u00c0lbums i altres lectures<\/h5>\n<\/td>\n<td style=\"width: 191px; height: 32px;\"><img loading=\"lazy\" decoding=\"async\" class=\"wp-image-10328 aligncenter\" src=\"https:\/\/serveiseducatius.xtec.cat\/pallars\/wp-content\/uploads\/usu1099\/2018\/10\/\u00e0lbums-i-altres-lectures.jpg\" alt=\"\" width=\"69\" height=\"108\" srcset=\"https:\/\/serveiseducatius.xtec.cat\/pallars\/wp-content\/uploads\/usu1099\/2018\/10\/\u00e0lbums-i-altres-lectures.jpg 218w, https:\/\/serveiseducatius.xtec.cat\/pallars\/wp-content\/uploads\/usu1099\/2018\/10\/\u00e0lbums-i-altres-lectures-192x300.jpg 192w\" sizes=\"auto, (max-width: 69px) 100vw, 69px\" \/><\/td>\n<\/tr>\n<\/tbody>\n<\/table>\n<h4>Calendari de disponibilitat<\/h4>\n<p><iframe loading=\"lazy\" style=\"border: solid 1px #777;\" src=\"https:\/\/calendar.google.com\/calendar\/embed?height=600&amp;wkst=1&amp;bgcolor=%23F4511E&amp;ctz=Europe%2FMadrid&amp;showTitle=0&amp;showNav=0&amp;showPrint=0&amp;showTabs=0&amp;showCalendars=0&amp;showTz=0&amp;src=Y19tODhsY3ZsN2doZG1sbGthbnNnbmQ3M2c1b0Bncm91cC5jYWxlbmRhci5nb29nbGUuY29t&amp;color=%23F4511E\" width=\"800\" height=\"600\" frameborder=\"0\" scrolling=\"no\"><\/iframe><\/p>\n","protected":false},"excerpt":{"rendered":"<p>Adre\u00e7at a educaci\u00f3 infantil, prim\u00e0ria i secund\u00e0ria Contingut T\u00cdTOL GUIA DID\u00c0CTICA T\u00cdTOL GUIA DID\u00c0CTICA Llana a dojo Som amics? Pols [&hellip;]<\/p>\n","protected":false},"author":1,"featured_media":0,"parent":20594,"menu_order":5,"comment_status":"closed","ping_status":"closed","template":"page-templates\/side-menu.php","meta":{"_bbp_topic_count":0,"_bbp_reply_count":0,"_bbp_total_topic_count":0,"_bbp_total_reply_count":0,"_bbp_voice_count":0,"_bbp_anonymous_reply_count":0,"_bbp_topic_count_hidden":0,"_bbp_reply_count_hidden":0,"_bbp_forum_subforum_count":0,"site-sidebar-layout":"default","site-content-layout":"","ast-site-content-layout":"","site-content-style":"default","site-sidebar-style":"default","ast-global-header-display":"","ast-banner-title-visibility":"","ast-main-header-display":"","ast-hfb-above-header-display":"","ast-hfb-below-header-display":"","ast-hfb-mobile-header-display":"","site-post-title":"","ast-breadcrumbs-content":"","ast-featured-img":"","footer-sml-layout":"","theme-transparent-header-meta":"","adv-header-id-meta":"","stick-header-meta":"","header-above-stick-meta":"","header-main-stick-meta":"","header-below-stick-meta":"","astra-migrate-meta-layouts":"default","ast-page-background-enabled":"default","ast-page-background-meta":{"desktop":{"background-color":"var(--ast-global-color-4)","background-image":"","background-repeat":"repeat","background-position":"center center","background-size":"auto","background-attachment":"scroll","background-type":"","background-media":"","overlay-type":"","overlay-color":"","overlay-opacity":"","overlay-gradient":""},"tablet":{"background-color":"","background-image":"","background-repeat":"repeat","background-position":"center center","background-size":"auto","background-attachment":"scroll","background-type":"","background-media":"","overlay-type":"","overlay-color":"","overlay-opacity":"","overlay-gradient":""},"mobile":{"background-color":"","background-image":"","background-repeat":"repeat","background-position":"center center","background-size":"auto","background-attachment":"scroll","background-type":"","background-media":"","overlay-type":"","overlay-color":"","overlay-opacity":"","overlay-gradient":""}},"ast-content-background-meta":{"desktop":{"background-color":"var(--ast-global-color-5)","background-image":"","background-repeat":"repeat","background-position":"center center","background-size":"auto","background-attachment":"scroll","background-type":"","background-media":"","overlay-type":"","overlay-color":"","overlay-opacity":"","overlay-gradient":""},"tablet":{"background-color":"var(--ast-global-color-5)","background-image":"","background-repeat":"repeat","background-position":"center center","background-size":"auto","background-attachment":"scroll","background-type":"","background-media":"","overlay-type":"","overlay-color":"","overlay-opacity":"","overlay-gradient":""},"mobile":{"background-color":"var(--ast-global-color-5)","background-image":"","background-repeat":"repeat","background-position":"center center","background-size":"auto","background-attachment":"scroll","background-type":"","background-media":"","overlay-type":"","overlay-color":"","overlay-opacity":"","overlay-gradient":""}},"footnotes":""},"class_list":["post-10356","page","type-page","status-publish","hentry"],"post_mailing_queue_ids":[],"_links":{"self":[{"href":"https:\/\/serveiseducatius.xtec.cat\/pallars\/wp-json\/wp\/v2\/pages\/10356","targetHints":{"allow":["GET"]}}],"collection":[{"href":"https:\/\/serveiseducatius.xtec.cat\/pallars\/wp-json\/wp\/v2\/pages"}],"about":[{"href":"https:\/\/serveiseducatius.xtec.cat\/pallars\/wp-json\/wp\/v2\/types\/page"}],"author":[{"embeddable":true,"href":"https:\/\/serveiseducatius.xtec.cat\/pallars\/wp-json\/wp\/v2\/users\/1"}],"replies":[{"embeddable":true,"href":"https:\/\/serveiseducatius.xtec.cat\/pallars\/wp-json\/wp\/v2\/comments?post=10356"}],"version-history":[{"count":4,"href":"https:\/\/serveiseducatius.xtec.cat\/pallars\/wp-json\/wp\/v2\/pages\/10356\/revisions"}],"predecessor-version":[{"id":21669,"href":"https:\/\/serveiseducatius.xtec.cat\/pallars\/wp-json\/wp\/v2\/pages\/10356\/revisions\/21669"}],"up":[{"embeddable":true,"href":"https:\/\/serveiseducatius.xtec.cat\/pallars\/wp-json\/wp\/v2\/pages\/20594"}],"wp:attachment":[{"href":"https:\/\/serveiseducatius.xtec.cat\/pallars\/wp-json\/wp\/v2\/media?parent=10356"}],"curies":[{"name":"wp","href":"https:\/\/api.w.org\/{rel}","templated":true}]}}