{"id":9849,"date":"2020-10-06T11:50:07","date_gmt":"2020-10-06T09:50:07","guid":{"rendered":"http:\/\/serveiseducatius.xtec.cat\/osona\/?page_id=9849"},"modified":"2020-10-15T12:27:56","modified_gmt":"2020-10-15T10:27:56","slug":"tramitacio-de-convenis","status":"publish","type":"page","link":"https:\/\/serveiseducatius.xtec.cat\/osona\/comunitat\/servei-comunitari\/tramitacio-de-convenis\/","title":{"rendered":"Tramitaci\u00f3 de convenis"},"content":{"rendered":"<div class=\"entry-content\">\n<p>D\u2019acord amb la <a href=\"https:\/\/portaldogc.gencat.cat\/utilsEADOP\/PDF\/8147\/1796782.pdf\" target=\"_blank\" rel=\"noopener noreferrer\">Resoluci\u00f3 EDU\/1189\/2020, de 28 de maig, d\u2019avocaci\u00f3 i delegaci\u00f3 de compet\u00e8ncies de la persona titular del Departament d\u2019Educaci\u00f3<\/a>, els directors dels centres signaran els convenis de Servei comunitari d\u2019\u00e0mbit local.<\/p>\n<p>El director general d\u2019Atenci\u00f3 a la Fam\u00edlia i Comunitat Educativa signar\u00e0 els convenis amb entitats d\u2019\u00e0mbit territorial de tot Catalunya.<\/p>\n<p>Al\u00a0<a href=\"https:\/\/aplicacions.gestioeducativa.gencat.cat\/siteminderagent\/forms\/gicar2019\/loginCorp2019ENv4.fcc?TYPE=33554433&amp;REALMOID=06-a52d9437-9de7-48b7-a964-5a6c5e4b81d4&amp;GUID=&amp;SMAUTHREASON=0&amp;METHOD=GET&amp;SMAGENTNAME=-SM-1FMsixKYKBau7gkEG2m1%2brQu7p1EGfrdOo5%2fWj6Qu1TjpJ7k6t3XMhro45XzPnMS&amp;TARGET=-SM-HTTPS%3a%2f%2faplicacions%2eensenyament%2egencat%2ecat%2fidpe%2fprofile%2fSAML2%2fRedirect%2fSSO%3fSAMLRequest%3dfZLNasMwEIRfxehuSVYTGgvHEBIKhv6RlB56k-%2bV1I7AlVyu3ydtXtk-%2blkIMuy3wazawKVH03yN0YzvYIXyNgSKrDlpgm5WotdK7WabtRebra5Cqts5qneb3WotW1yO5rkryDR-%2bPslgjKSVIhjlBZDMqGOOKCpzxPs9VbxqXYyBWnkfogySH6GKvCTJ5DGFAypobOaKXjDClYBHtVPdhAP8FqFWg8zDQDsMG71nTATrunR8GO0BgPOrDT6YUkezeB0Xv0VjqFBqWNt6AMWk56GZ8p9SKSo8UBtGkNNCS59J1FOddxm472wWnXkbKY4-%2foFvQ0pRPBTXFJOcae0TYt9owXVQ3NH4RK8svAn7KRgEfs2GpAFP2Io2GJZFsvenqNRdXh1sbhr8uB8r25Ez2g2T-%2bJu21n6t4Bd17mfvQcVYEuiG5CElQX7-%2f0HKXw-%3d-%3d%26RelayState%3d40815d84--f124--4816--bebb--9563b3a3d621\" target=\"_blank\" rel=\"noopener noreferrer\">portal de centres<\/a>\u00a0trobareu el model de conveni i les indicacions per gestionar-lo.<\/p>\n<p>&nbsp;<\/p>\n<\/div>\n","protected":false},"excerpt":{"rendered":"<p>D\u2019acord amb la Resoluci\u00f3 EDU\/1189\/2020, de 28 de maig, d\u2019avocaci\u00f3 i delegaci\u00f3 de compet\u00e8ncies de la persona titular del Departament [&hellip;]<\/p>\n","protected":false},"author":1,"featured_media":0,"parent":8095,"menu_order":0,"comment_status":"closed","ping_status":"closed","template":"page-templates\/side-menu.php","meta":{"_bbp_topic_count":0,"_bbp_reply_count":0,"_bbp_total_topic_count":0,"_bbp_total_reply_count":0,"_bbp_voice_count":0,"_bbp_anonymous_reply_count":0,"_bbp_topic_count_hidden":0,"_bbp_reply_count_hidden":0,"_bbp_forum_subforum_count":0,"site-sidebar-layout":"default","site-content-layout":"","ast-site-content-layout":"","site-content-style":"default","site-sidebar-style":"default","ast-global-header-display":"","ast-banner-title-visibility":"","ast-main-header-display":"","ast-hfb-above-header-display":"","ast-hfb-below-header-display":"","ast-hfb-mobile-header-display":"","site-post-title":"","ast-breadcrumbs-content":"","ast-featured-img":"","footer-sml-layout":"","theme-transparent-header-meta":"","adv-header-id-meta":"","stick-header-meta":"","header-above-stick-meta":"","header-main-stick-meta":"","header-below-stick-meta":"","astra-migrate-meta-layouts":"default","ast-page-background-enabled":"default","ast-page-background-meta":{"desktop":{"background-color":"var(--ast-global-color-4)","background-image":"","background-repeat":"repeat","background-position":"center center","background-size":"auto","background-attachment":"scroll","background-type":"","background-media":"","overlay-type":"","overlay-color":"","overlay-opacity":"","overlay-gradient":""},"tablet":{"background-color":"","background-image":"","background-repeat":"repeat","background-position":"center center","background-size":"auto","background-attachment":"scroll","background-type":"","background-media":"","overlay-type":"","overlay-color":"","overlay-opacity":"","overlay-gradient":""},"mobile":{"background-color":"","background-image":"","background-repeat":"repeat","background-position":"center center","background-size":"auto","background-attachment":"scroll","background-type":"","background-media":"","overlay-type":"","overlay-color":"","overlay-opacity":"","overlay-gradient":""}},"ast-content-background-meta":{"desktop":{"background-color":"var(--ast-global-color-5)","background-image":"","background-repeat":"repeat","background-position":"center center","background-size":"auto","background-attachment":"scroll","background-type":"","background-media":"","overlay-type":"","overlay-color":"","overlay-opacity":"","overlay-gradient":""},"tablet":{"background-color":"var(--ast-global-color-5)","background-image":"","background-repeat":"repeat","background-position":"center center","background-size":"auto","background-attachment":"scroll","background-type":"","background-media":"","overlay-type":"","overlay-color":"","overlay-opacity":"","overlay-gradient":""},"mobile":{"background-color":"var(--ast-global-color-5)","background-image":"","background-repeat":"repeat","background-position":"center center","background-size":"auto","background-attachment":"scroll","background-type":"","background-media":"","overlay-type":"","overlay-color":"","overlay-opacity":"","overlay-gradient":""}},"footnotes":""},"class_list":["post-9849","page","type-page","status-publish","hentry"],"post_mailing_queue_ids":[],"_links":{"self":[{"href":"https:\/\/serveiseducatius.xtec.cat\/osona\/wp-json\/wp\/v2\/pages\/9849","targetHints":{"allow":["GET"]}}],"collection":[{"href":"https:\/\/serveiseducatius.xtec.cat\/osona\/wp-json\/wp\/v2\/pages"}],"about":[{"href":"https:\/\/serveiseducatius.xtec.cat\/osona\/wp-json\/wp\/v2\/types\/page"}],"author":[{"embeddable":true,"href":"https:\/\/serveiseducatius.xtec.cat\/osona\/wp-json\/wp\/v2\/users\/1"}],"replies":[{"embeddable":true,"href":"https:\/\/serveiseducatius.xtec.cat\/osona\/wp-json\/wp\/v2\/comments?post=9849"}],"version-history":[{"count":2,"href":"https:\/\/serveiseducatius.xtec.cat\/osona\/wp-json\/wp\/v2\/pages\/9849\/revisions"}],"predecessor-version":[{"id":9870,"href":"https:\/\/serveiseducatius.xtec.cat\/osona\/wp-json\/wp\/v2\/pages\/9849\/revisions\/9870"}],"up":[{"embeddable":true,"href":"https:\/\/serveiseducatius.xtec.cat\/osona\/wp-json\/wp\/v2\/pages\/8095"}],"wp:attachment":[{"href":"https:\/\/serveiseducatius.xtec.cat\/osona\/wp-json\/wp\/v2\/media?parent=9849"}],"curies":[{"name":"wp","href":"https:\/\/api.w.org\/{rel}","templated":true}]}}

Tramitació de convenis

<div class="entry-content">
<p>D’acord amb la <a href="https://portaldogc.gencat.cat/utilsEADOP/PDF/8147/1796782.pdf" target="_blank" rel="noopener noreferrer">Resolució EDU/1189/2020, de 28 de maig, d’avocació i delegació de competències de la persona titular del Departament d’Educació</a>, els directors dels centres signaran els convenis de Servei comunitari d’àmbit local.</p>
<p>El director general d’Atenció a la Família i Comunitat Educativa signarà els convenis amb entitats d’àmbit territorial de tot Catalunya.</p>
<p>Al <a href="https://aplicacions.gestioeducativa.gencat.cat/siteminderagent/forms/gicar2019/loginCorp2019ENv4.fcc?TYPE=33554433&amp;REALMOID=06-a52d9437-9de7-48b7-a964-5a6c5e4b81d4&amp;GUID=&amp;SMAUTHREASON=0&amp;METHOD=GET&amp;SMAGENTNAME=-SM-1FMsixKYKBau7gkEG2m1%2brQu7p1EGfrdOo5%2fWj6Qu1TjpJ7k6t3XMhro45XzPnMS&amp;TARGET=-SM-HTTPS%3a%2f%2faplicacions%2eensenyament%2egencat%2ecat%2fidpe%2fprofile%2fSAML2%2fRedirect%2fSSO%3fSAMLRequest%3dfZLNasMwEIRfxehuSVYTGgvHEBIKhv6RlB56k-%2bV1I7AlVyu3ydtXtk-%2blkIMuy3wazawKVH03yN0YzvYIXyNgSKrDlpgm5WotdK7WabtRebra5Cqts5qneb3WotW1yO5rkryDR-%2bPslgjKSVIhjlBZDMqGOOKCpzxPs9VbxqXYyBWnkfogySH6GKvCTJ5DGFAypobOaKXjDClYBHtVPdhAP8FqFWg8zDQDsMG71nTATrunR8GO0BgPOrDT6YUkezeB0Xv0VjqFBqWNt6AMWk56GZ8p9SKSo8UBtGkNNCS59J1FOddxm472wWnXkbKY4-%2foFvQ0pRPBTXFJOcae0TYt9owXVQ3NH4RK8svAn7KRgEfs2GpAFP2Io2GJZFsvenqNRdXh1sbhr8uB8r25Ez2g2T-%2bJu21n6t4Bd17mfvQcVYEuiG5CElQX7-%2f0HKXw-%3d-%3d%26RelayState%3d40815d84--f124--4816--bebb--9563b3a3d621" target="_blank" rel="noopener noreferrer">portal de centres</a> trobareu el model de conveni i les indicacions per gestionar-lo.</p>
<p>&nbsp;</p>
</div>

<p>D’acord amb la Resolució EDU/1189/2020, de 28 de maig, d’avocació i delegació de competències de la persona titular del Departament [&hellip;]</p>
