{"id":9239,"date":"2019-06-06T09:57:46","date_gmt":"2019-06-06T07:57:46","guid":{"rendered":"http:\/\/serveiseducatius.xtec.cat\/osona\/?page_id=9239"},"modified":"2019-06-06T09:57:46","modified_gmt":"2019-06-06T07:57:46","slug":"gent-molt-capac-projecte-de-sensibilitzacio","status":"publish","type":"page","link":"https:\/\/serveiseducatius.xtec.cat\/osona\/recursos\/recursos-al-territori\/gent-molt-capac-projecte-de-sensibilitzacio\/","title":{"rendered":"GENT MOLT CAPA\u00c7: PROJECTE DE SENSIBILITZACI\u00d3"},"content":{"rendered":"<p>La <strong>sensibilitzaci\u00f3<\/strong> \u00e9s una eina b\u00e0sica per aconseguir transformacions socials reals i a llarg termini que permet avan\u00e7ar cap a una veritable normalitzaci\u00f3 de les persones amb Discapacitat intel\u00b7lectual i del desenvolupament (DID).<\/p>\n<p>Per aix\u00f2 pensem que comen\u00e7ar amb la sensibilitzaci\u00f3 dels m\u00e9s joves permetr\u00e0 aconseguir canvis importants i duradors en la nostra societat. L\u2019escola \u00e9s un pilar fonamental per formar ciutadans\/es compromesos amb la diversitat que ens envolta i \u00e9s per aquest motiu que des del centre ocupacional de l\u2019Associaci\u00f3 Sant Tom\u00e0s volem treballar amb els diferents centres educatius de la comarca per posar al seu abast el nostre PROJECTE DE SENSIBILITZACI\u00d3.<\/p>\n<p>L\u2019objectiu principal \u00e9s<strong> donar a con\u00e8ixer a la poblaci\u00f3 en edat escolar el m\u00f3n de la discapacitat intel\u00b7lectual<\/strong> a trav\u00e9s de la tasca que es realitza en un Centre Ocupacional. <strong>Oferim diferents modalitats d\u2019activitats o tallers<\/strong> mitjan\u00e7ant els quals pretenen donar la oportunitat de con\u00e8ixer una realitat que ens envolta, que \u00e9s propera per\u00f2 que alhora es desconeix. Hi ha modalitats de caire m\u00e9s pr\u00e0ctic, n\u2019hi han de caire m\u00e9s te\u00f2ric o es poden combinar. Ens adaptem a les necessitats de cada escola ja que sabem que depenent del curs escolar dels alumnes i del qu\u00e8 es vulgui treballar a l\u2019aula la jornada s\u2019encaminar\u00e0 a una modalitat o a una altra. Si l\u2019opci\u00f3 que es porta a terme \u00e9s de m\u00e9s d\u2019una activitat i per tant la visita passa a ser de tot el dia, tenim zones verdes per poder-hi fer p\u00edcnic.<\/p>\n<p>Com a aspectes te\u00f2rics oferim la possibilitat de transmetre continguts sobre la DID i sobre l\u2019Associaci\u00f3 Sant Tom\u00e0s i com a aspectes m\u00e9s pr\u00e0ctics oferim poder fer una visita a les nostres instal\u00b7lacions i\/o portar a terme un taller amb les persones que atenem per experimentar en primera persona el dia a dia d\u2019una persona amb DID.<\/p>\n<p><strong>EDUCACI\u00d3 PRIM\u00c0RIA<\/strong><\/p>\n<ul>\n<li>Visita (opcional poder veure el v\u00eddeo de l\u2019entitat)<\/li>\n<li>Taller<\/li>\n<li>Xerrada Con\u00e8ixer Sant Tom\u00e0s.<\/li>\n<\/ul>\n<p><strong>EDUCACI\u00d3 SECUNDARIA:<\/strong><\/p>\n<ul>\n<li>Visita (opcional poder veure el v\u00eddeo de l\u2019entitat)<\/li>\n<li>Taller<\/li>\n<li>Xerrada Con\u00e8ixer Sant Tom\u00e0s<\/li>\n<li>Explicaci\u00f3 te\u00f2rica sobre la DID<\/li>\n<\/ul>\n<p>&nbsp;<\/p>\n<p><a href=\"https:\/\/serveiseducatius.xtec.cat\/osona\/wp-content\/uploads\/usu1175\/2019\/06\/Projecte_de_Sensibilitzaci\u00f3.pdf\" target=\"_blank\" rel=\"noopener noreferrer\">Projecte. (PDF)<\/a><\/p>\n<p><a href=\"http:\/\/La sensibilitzaci\u00f3 \u00e9s una eina b\u00e0sica per aconseguir transformacions socials reals i a llarg termini que permet avan\u00e7ar cap a una veritable normalitzaci\u00f3 de les persones amb Discapacitat intel\u00b7lectual  i  del  desenvolupament  (DID).  Per  aix\u00f2  pensem  quecomen\u00e7ar amb la sensibilitzaci\u00f3 dels m\u00e9s joves permetr\u00e0 aconseguir canvis importants i duradors en la nostra societat. L\u2019escola \u00e9s un pilar fonamental per formar ciutadans\/escompromesos  amb la diversitat  que  ens  envolta  i  \u00e9s  per  aquest  motiu  que  des  del  centre  ocupacional  de l\u2019Associaci\u00f3 Sant Tom\u00e0s volem treballar amb els diferents centres educatius de la comarca per posar al seu abast el nostre PROJECTE DE SENSIBILITZACI\u00d3. L\u2019objectiu principal \u00e9s donar a con\u00e8ixer a la poblaci\u00f3 en edat escolar el m\u00f3n de la  discapacitat  intel\u00b7lectuala  trav\u00e9s  de  la  tasca  que  es  realitza  en  un  Centre Ocupacional.Oferimdiferents modalitats d\u2019activitats o  tallers mitjan\u00e7ant  els  quals pretenen donar la oportunitat de con\u00e8ixer una realitat que ens envolta, que \u00e9s propera per\u00f2 que alhora es desconeix. Hi ha modalitats de caire m\u00e9s pr\u00e0ctic, n\u2019hi han de caire m\u00e9s te\u00f2ric  oes poden combinar. Ens adaptem a les necessitats de cada escola ja que sabem que depenent del curs escolar dels alumnes i del qu\u00e8 es vulgui treballar a l\u2019aula la jornada s\u2019encaminar\u00e0 a una modalitat o a una altre. Si l\u2019opci\u00f3 que es porta a terme\u00e9s dem\u00e9s d\u2019una activitat i per tant la visita passa a ser de tot el dia, tenimzones verdes per poder-hi fer p\u00edcnic.Com a aspectes te\u00f2rics oferim la possibilitat de transmetre continguts sobre la DIDi sobre l\u2019Associaci\u00f3 Sant Tom\u00e0s i com a aspectes m\u00e9s pr\u00e0ctics oferimpoder fer una visita a les nostres instal\u00b7lacions i\/oportar a terme un taller amb les persones que atenemper experimentaren primera personael dia a dia d\u2019una persona amb DID.EDUCACI\u00d3 PRIM\u00c0RIA\uf0fcVisita (opcional poder veure el v\u00eddeode l\u2019entitat)\uf0fcTaller\uf0fcXerradaCon\u00e8ixer Sant Tom\u00e0s.EDUCACI\u00d3 SECUNDARIA: \uf0fcVisita(opcional poder veure el v\u00eddeo de l\u2019entitat)\uf0fcTaller \uf0fcXerradaCon\u00e8ixer Sant Tom\u00e0s \uf0fcExplicaci\u00f3 te\u00f2rica sobra la DID\" target=\"_blank\" rel=\"noopener noreferrer\">Bloc de Sant Tom\u00e0s.<\/a><\/p>\n","protected":false},"excerpt":{"rendered":"<p>La sensibilitzaci\u00f3 \u00e9s una eina b\u00e0sica per aconseguir transformacions socials reals i a llarg termini que permet avan\u00e7ar cap a [&hellip;]<\/p>\n","protected":false},"author":1,"featured_media":0,"parent":8228,"menu_order":0,"comment_status":"closed","ping_status":"closed","template":"","meta":{"_bbp_topic_count":0,"_bbp_reply_count":0,"_bbp_total_topic_count":0,"_bbp_total_reply_count":0,"_bbp_voice_count":0,"_bbp_anonymous_reply_count":0,"_bbp_topic_count_hidden":0,"_bbp_reply_count_hidden":0,"_bbp_forum_subforum_count":0,"site-sidebar-layout":"default","site-content-layout":"","ast-site-content-layout":"","site-content-style":"default","site-sidebar-style":"default","ast-global-header-display":"","ast-banner-title-visibility":"","ast-main-header-display":"","ast-hfb-above-header-display":"","ast-hfb-below-header-display":"","ast-hfb-mobile-header-display":"","site-post-title":"","ast-breadcrumbs-content":"","ast-featured-img":"","footer-sml-layout":"","theme-transparent-header-meta":"","adv-header-id-meta":"","stick-header-meta":"","header-above-stick-meta":"","header-main-stick-meta":"","header-below-stick-meta":"","astra-migrate-meta-layouts":"default","ast-page-background-enabled":"default","ast-page-background-meta":{"desktop":{"background-color":"var(--ast-global-color-4)","background-image":"","background-repeat":"repeat","background-position":"center center","background-size":"auto","background-attachment":"scroll","background-type":"","background-media":"","overlay-type":"","overlay-color":"","overlay-opacity":"","overlay-gradient":""},"tablet":{"background-color":"","background-image":"","background-repeat":"repeat","background-position":"center center","background-size":"auto","background-attachment":"scroll","background-type":"","background-media":"","overlay-type":"","overlay-color":"","overlay-opacity":"","overlay-gradient":""},"mobile":{"background-color":"","background-image":"","background-repeat":"repeat","background-position":"center center","background-size":"auto","background-attachment":"scroll","background-type":"","background-media":"","overlay-type":"","overlay-color":"","overlay-opacity":"","overlay-gradient":""}},"ast-content-background-meta":{"desktop":{"background-color":"var(--ast-global-color-5)","background-image":"","background-repeat":"repeat","background-position":"center center","background-size":"auto","background-attachment":"scroll","background-type":"","background-media":"","overlay-type":"","overlay-color":"","overlay-opacity":"","overlay-gradient":""},"tablet":{"background-color":"var(--ast-global-color-5)","background-image":"","background-repeat":"repeat","background-position":"center center","background-size":"auto","background-attachment":"scroll","background-type":"","background-media":"","overlay-type":"","overlay-color":"","overlay-opacity":"","overlay-gradient":""},"mobile":{"background-color":"var(--ast-global-color-5)","background-image":"","background-repeat":"repeat","background-position":"center center","background-size":"auto","background-attachment":"scroll","background-type":"","background-media":"","overlay-type":"","overlay-color":"","overlay-opacity":"","overlay-gradient":""}},"footnotes":""},"class_list":["post-9239","page","type-page","status-publish","hentry"],"post_mailing_queue_ids":[],"_links":{"self":[{"href":"https:\/\/serveiseducatius.xtec.cat\/osona\/wp-json\/wp\/v2\/pages\/9239","targetHints":{"allow":["GET"]}}],"collection":[{"href":"https:\/\/serveiseducatius.xtec.cat\/osona\/wp-json\/wp\/v2\/pages"}],"about":[{"href":"https:\/\/serveiseducatius.xtec.cat\/osona\/wp-json\/wp\/v2\/types\/page"}],"author":[{"embeddable":true,"href":"https:\/\/serveiseducatius.xtec.cat\/osona\/wp-json\/wp\/v2\/users\/1"}],"replies":[{"embeddable":true,"href":"https:\/\/serveiseducatius.xtec.cat\/osona\/wp-json\/wp\/v2\/comments?post=9239"}],"version-history":[{"count":1,"href":"https:\/\/serveiseducatius.xtec.cat\/osona\/wp-json\/wp\/v2\/pages\/9239\/revisions"}],"predecessor-version":[{"id":9242,"href":"https:\/\/serveiseducatius.xtec.cat\/osona\/wp-json\/wp\/v2\/pages\/9239\/revisions\/9242"}],"up":[{"embeddable":true,"href":"https:\/\/serveiseducatius.xtec.cat\/osona\/wp-json\/wp\/v2\/pages\/8228"}],"wp:attachment":[{"href":"https:\/\/serveiseducatius.xtec.cat\/osona\/wp-json\/wp\/v2\/media?parent=9239"}],"curies":[{"name":"wp","href":"https:\/\/api.w.org\/{rel}","templated":true}]}}