{"id":9096,"date":"2019-02-01T10:02:37","date_gmt":"2019-02-01T09:02:37","guid":{"rendered":"http:\/\/serveiseducatius.xtec.cat\/osona\/?page_id=9096"},"modified":"2019-02-18T13:41:33","modified_gmt":"2019-02-18T12:41:33","slug":"jornada-sc-continguts-dia-30","status":"publish","type":"page","link":"https:\/\/serveiseducatius.xtec.cat\/osona\/comunitat\/servei-comunitari\/jornades-servei-comunitari-30-i-31-de-gener-de-2019\/jornada-sc-continguts-dia-30\/","title":{"rendered":"Jornada SC continguts dia 30"},"content":{"rendered":"<p>&nbsp;<\/p>\n<p><strong>Confer\u00e8ncia<\/strong> a c\u00e0rrec de Mart\u00ed Boneta, <a href=\"https:\/\/serveiseducatius.xtec.cat\/osona\/docs\/conferencia-marti-boneta-servei-comunitari-canvis-educatius-i-innovacio-nous-models-organitzatius-reflexio\/\"><strong>&#8220;Servei Comunitari: Canvis educatius i innovaci\u00f3. Nous Models organitzatius. Reflexi\u00f3.&#8221;<\/strong><\/a><\/p>\n<p>&nbsp;<\/p>\n<p><strong>Taller<\/strong> amb\u00a0 la Marta Ballv\u00e9. <strong>&#8220;Eines per fomentar la reflexi\u00f3 als projectes de Servei Comunitari, amb metodologia d&#8217;Aprenentatge Servei&#8221;<\/strong><\/p>\n<p>Material:<\/p>\n<p><a href=\"https:\/\/serveiseducatius.xtec.cat\/osona\/docs\/roda-solidaria-o-roda-de-valors-dinamica-del-vaixell-dinamica-de-la-bruixola\/\">Roda solid\u00e0ria o roda de valors &#8211; din\u00e0mica del vaixell &#8211; din\u00e0mica de la br\u00faixola<\/a><\/p>\n<p><a href=\"https:\/\/www.youtube.com\/watch?v=7kT29xihoCk\">El curtmetratge de La Luna de Pixar<\/a><\/p>\n<p><a href=\"https:\/\/www.fbofill.cat\/sites\/default\/files\/aps_lareflexio_260318.pdf\">Guia d&#8217;ApS i reflexi\u00f3<\/a><\/p>\n<div>\u00a0<a href=\"https:\/\/twitter.com\/martabm1975\/status\/1091241483246714886\">Piulada a les xarxes<\/a><u><b><\/b><\/u><\/div>\n<div><\/div>\n<p>&nbsp;<\/p>\n","protected":false},"excerpt":{"rendered":"<p>&nbsp; Confer\u00e8ncia a c\u00e0rrec de Mart\u00ed Boneta, &#8220;Servei Comunitari: Canvis educatius i innovaci\u00f3. Nous Models organitzatius. Reflexi\u00f3.&#8221; &nbsp; Taller amb\u00a0 [&hellip;]<\/p>\n","protected":false},"author":1,"featured_media":0,"parent":9094,"menu_order":0,"comment_status":"closed","ping_status":"closed","template":"","meta":{"_bbp_topic_count":0,"_bbp_reply_count":0,"_bbp_total_topic_count":0,"_bbp_total_reply_count":0,"_bbp_voice_count":0,"_bbp_anonymous_reply_count":0,"_bbp_topic_count_hidden":0,"_bbp_reply_count_hidden":0,"_bbp_forum_subforum_count":0,"site-sidebar-layout":"default","site-content-layout":"","ast-site-content-layout":"","site-content-style":"default","site-sidebar-style":"default","ast-global-header-display":"","ast-banner-title-visibility":"","ast-main-header-display":"","ast-hfb-above-header-display":"","ast-hfb-below-header-display":"","ast-hfb-mobile-header-display":"","site-post-title":"","ast-breadcrumbs-content":"","ast-featured-img":"","footer-sml-layout":"","theme-transparent-header-meta":"","adv-header-id-meta":"","stick-header-meta":"","header-above-stick-meta":"","header-main-stick-meta":"","header-below-stick-meta":"","astra-migrate-meta-layouts":"default","ast-page-background-enabled":"default","ast-page-background-meta":{"desktop":{"background-color":"var(--ast-global-color-4)","background-image":"","background-repeat":"repeat","background-position":"center center","background-size":"auto","background-attachment":"scroll","background-type":"","background-media":"","overlay-type":"","overlay-color":"","overlay-opacity":"","overlay-gradient":""},"tablet":{"background-color":"","background-image":"","background-repeat":"repeat","background-position":"center center","background-size":"auto","background-attachment":"scroll","background-type":"","background-media":"","overlay-type":"","overlay-color":"","overlay-opacity":"","overlay-gradient":""},"mobile":{"background-color":"","background-image":"","background-repeat":"repeat","background-position":"center center","background-size":"auto","background-attachment":"scroll","background-type":"","background-media":"","overlay-type":"","overlay-color":"","overlay-opacity":"","overlay-gradient":""}},"ast-content-background-meta":{"desktop":{"background-color":"var(--ast-global-color-5)","background-image":"","background-repeat":"repeat","background-position":"center center","background-size":"auto","background-attachment":"scroll","background-type":"","background-media":"","overlay-type":"","overlay-color":"","overlay-opacity":"","overlay-gradient":""},"tablet":{"background-color":"var(--ast-global-color-5)","background-image":"","background-repeat":"repeat","background-position":"center center","background-size":"auto","background-attachment":"scroll","background-type":"","background-media":"","overlay-type":"","overlay-color":"","overlay-opacity":"","overlay-gradient":""},"mobile":{"background-color":"var(--ast-global-color-5)","background-image":"","background-repeat":"repeat","background-position":"center center","background-size":"auto","background-attachment":"scroll","background-type":"","background-media":"","overlay-type":"","overlay-color":"","overlay-opacity":"","overlay-gradient":""}},"footnotes":""},"class_list":["post-9096","page","type-page","status-publish","hentry"],"post_mailing_queue_ids":[],"_links":{"self":[{"href":"https:\/\/serveiseducatius.xtec.cat\/osona\/wp-json\/wp\/v2\/pages\/9096","targetHints":{"allow":["GET"]}}],"collection":[{"href":"https:\/\/serveiseducatius.xtec.cat\/osona\/wp-json\/wp\/v2\/pages"}],"about":[{"href":"https:\/\/serveiseducatius.xtec.cat\/osona\/wp-json\/wp\/v2\/types\/page"}],"author":[{"embeddable":true,"href":"https:\/\/serveiseducatius.xtec.cat\/osona\/wp-json\/wp\/v2\/users\/1"}],"replies":[{"embeddable":true,"href":"https:\/\/serveiseducatius.xtec.cat\/osona\/wp-json\/wp\/v2\/comments?post=9096"}],"version-history":[{"count":3,"href":"https:\/\/serveiseducatius.xtec.cat\/osona\/wp-json\/wp\/v2\/pages\/9096\/revisions"}],"predecessor-version":[{"id":9177,"href":"https:\/\/serveiseducatius.xtec.cat\/osona\/wp-json\/wp\/v2\/pages\/9096\/revisions\/9177"}],"up":[{"embeddable":true,"href":"https:\/\/serveiseducatius.xtec.cat\/osona\/wp-json\/wp\/v2\/pages\/9094"}],"wp:attachment":[{"href":"https:\/\/serveiseducatius.xtec.cat\/osona\/wp-json\/wp\/v2\/media?parent=9096"}],"curies":[{"name":"wp","href":"https:\/\/api.w.org\/{rel}","templated":true}]}}

<p>&nbsp;</p>
<p><strong>Conferència</strong> a càrrec de Martí Boneta, <a href="https://serveiseducatius.xtec.cat/osona/docs/conferencia-marti-boneta-servei-comunitari-canvis-educatius-i-innovacio-nous-models-organitzatius-reflexio/"><strong>&#8220;Servei Comunitari: Canvis educatius i innovació. Nous Models organitzatius. Reflexió.&#8221;</strong></a></p>
<p>&nbsp;</p>
<p><strong>Taller</strong> amb  la Marta Ballvé. <strong>&#8220;Eines per fomentar la reflexió als projectes de Servei Comunitari, amb metodologia d&#8217;Aprenentatge Servei&#8221;</strong></p>
<p>Material:</p>
<p><a href="https://serveiseducatius.xtec.cat/osona/docs/roda-solidaria-o-roda-de-valors-dinamica-del-vaixell-dinamica-de-la-bruixola/">Roda solidària o roda de valors &#8211; dinàmica del vaixell &#8211; dinàmica de la brúixola</a></p>
<p><a href="https://www.youtube.com/watch?v=7kT29xihoCk">El curtmetratge de La Luna de Pixar</a></p>
<p><a href="https://www.fbofill.cat/sites/default/files/aps_lareflexio_260318.pdf">Guia d&#8217;ApS i reflexió</a></p>
<div> <a href="https://twitter.com/martabm1975/status/1091241483246714886">Piulada a les xarxes</a><u><b></b></u></div>
<div></div>
<p>&nbsp;</p>

<p>&nbsp; Conferència a càrrec de Martí Boneta, &#8220;Servei Comunitari: Canvis educatius i innovació. Nous Models organitzatius. Reflexió.&#8221; &nbsp; Taller amb  [&hellip;]</p>
