{"id":8866,"date":"2018-09-25T09:57:44","date_gmt":"2018-09-25T07:57:44","guid":{"rendered":"http:\/\/serveiseducatius.xtec.cat\/osona\/?page_id=8866"},"modified":"2021-05-13T10:54:15","modified_gmt":"2021-05-13T08:54:15","slug":"congres-de-ciencia-feta-per-infants","status":"publish","type":"page","link":"https:\/\/serveiseducatius.xtec.cat\/osona\/dinamitzacio\/congres-de-ciencia-feta-per-infants\/","title":{"rendered":"Congr\u00e9s de ci\u00e8ncia feta per infants"},"content":{"rendered":"<div><span style=\"font-size: medium;\">Activitat adre\u00e7ada a totes les escoles d&#8217;<b>Educaci\u00f3 Infantil i Prim\u00e0ria.<\/b><\/span><\/div>\n<div><\/div>\n<div><\/div>\n<div><\/div>\n<div><\/div>\n<div><\/div>\n<h3><a href=\"http:\/\/serveiseducatius.xtec.cat\/osona\/dinamitzacio\/congres-de-ciencia-feta-per-infants\/congres-de-ciencia-feta-pels-infants-18a-edicio\/\" target=\"_blank\" rel=\"noopener noreferrer\">Novetat edici\u00f3 18a edici\u00f3\u00a0 2020\/2021 en format virtual<\/a><\/h3>\n<div><\/div>\n<div><\/div>\n<div><\/div>\n<div><\/div>\n<div><\/div>\n<div>Videos de les jornades del curs 2018-2019<strong>.<br \/>\n<\/strong><\/div>\n<div><\/div>\n<div><\/div>\n<div><\/div>\n<div><\/div>\n<div><\/div>\n<div><iframe loading=\"lazy\" src=\"https:\/\/www.youtube.com\/embed\/KjZ8xFe4hz0\" width=\"560\" height=\"315\" frameborder=\"0\"><\/iframe><\/div>\n<div><\/div>\n<div><\/div>\n<div><\/div>\n<div>\n<hr \/>\n<\/div>\n<h4><b><\/b><b>Objectius:<\/b><\/h4>\n<div>\n<ul>\n<li style=\"list-style-type: none;\">\n<ul>\n<li><span style=\"font-size: medium;\">Estimular el treball cient\u00edfic que es realitza amb l&#8217;alumnat als centres.<\/span><\/li>\n<li><span style=\"font-size: medium;\">Proporcionar\u00a0un espai on puguin comunicar els seus treball i donar-los a con\u00e8ixer a la resta de companys.<\/span><\/li>\n<li><span style=\"font-size: medium;\">Incidir en l&#8217;aprenentatge de les diverses habilitats ling\u00fc\u00edstiques i de\u00a0comunicaci\u00f3.<\/span><\/li>\n<\/ul>\n<\/li>\n<\/ul>\n<p><span style=\"font-size: medium;\"><b>Organitzen:<\/b><\/span><\/p>\n<p><span style=\"font-size: medium;\">El Departament de Did\u00e0ctica de les Arts i les Ci\u00e8ncies -Facultat d&#8217;Educaci\u00f3 de la UVic-Universitat central de Catalunya i el\u00a0<\/span>CRP d&#8217;Osona.<\/p>\n<div><span style=\"font-size: medium;\"><b><a href=\"https:\/\/mon.uvic.cat\/didacticlab\/\" target=\"_blank\" rel=\"nofollow noopener noreferrer\"><i>Fem Ci\u00e8ncia <\/i><\/a><\/b><\/span>\u00e9s un projecte del Laboratori de Did\u00e0ctica de la Universitat de Vic, que va\u00a0 n\u00e9ixer com a una eina per recopilar la traject\u00f2ria el <i>Congr\u00e9s de la Ci\u00e8ncia feta pels infants <\/i>(que es coordina conjuntament amb el Centre de Recursos Pedag\u00f2gics d\u2019Osona) i per donar a con\u00e8ixer aquesta iniciativa.<\/div>\n<\/div>\n<div><\/div>\n<div><\/div>\n<div>El congr\u00e9s forma part del programa <strong><a href=\"https:\/\/mon.uvic.cat\/udivulga\/\">\u201cUDivulga.Ci\u00e8ncia i Societat\u201d<\/a><\/strong>, programa que compta amb la col\u00b7laboraci\u00f3 de la <strong>Fundaci\u00f3n Espa\u00f1ola para la Ciencia y la Tecnolog\u00eda (FECYT) \u2013 Ministerio de Ciencia e Innovaci\u00f3n<\/strong>.<\/div>\n<div><\/div>\n<div>\n<hr \/>\n<\/div>\n<h4>Recursos:<\/h4>\n<div>\n<div id=\"sites-canvas-main\" class=\"sites-canvas-main\">\n<div id=\"sites-canvas-main-content\">\n<table class=\"sites-layout-name-one-column sites-layout-hbox\" cellspacing=\"0\">\n<tbody>\n<tr>\n<td class=\"sites-layout-tile sites-tile-name-content-1\" style=\"border-style: solid; border-color: #000000;\">\n<div dir=\"ltr\">\n<table border=\"0\" cellspacing=\"0\">\n<tbody>\n<tr>\n<td style=\"border-style: solid; border-color: #000000;\">\n<div><a href=\"http:\/\/phobos.xtec.cat\/cdec\/index.php\/que-es-el-cdec\" target=\"_blank\" rel=\"nofollow noopener noreferrer\">CESIRE\u00a0&#8211;\u00a0CDEC<\/a><\/div>\n<\/td>\n<td style=\"border-style: solid; border-color: #000000;\"><span style=\"color: #666666;\"><a href=\"http:\/\/srvcnpbs.xtec.cat\/cdec\/index.php\/ensenyar-aprendre-ciencies\" target=\"_blank\" rel=\"nofollow noopener noreferrer\">Ensenyar i aprendre ci\u00e8ncies.<\/a>\u00a0 amb suport TIC<\/span><\/td>\n<\/tr>\n<tr>\n<td style=\"border-style: solid; border-color: #000000;\">\u00a0<a href=\"http:\/\/apliense.xtec.cat\/prestatgeria\/c5002672_459\/llibre\/index.php\" target=\"_blank\" rel=\"nofollow noopener noreferrer\">Fem experi\u00e8ncies<\/a><\/td>\n<td style=\"border-style: solid; border-color: #000000;\"><span style=\"color: #666666;\">Aquest llibre de la\u00a0<a href=\"http:\/\/apliense.xtec.cat\/prestatgeria\/prestatgeria\/\" target=\"_blank\" rel=\"nofollow noopener noreferrer\">Prestatgeria Digital<\/a>\u00a0de XTEC, cont\u00e9 una mostra d&#8217;experi\u00e8ncies, que l&#8217;alumnat de l&#8217;escola de Pr\u00e0ctiques 1 de Lleida ha realitzat a l&#8217;Aula de Ci\u00e8ncies Naturals. <\/span><\/td>\n<\/tr>\n<tr>\n<td style=\"border-style: solid; border-color: #000000;\">\n<div><a href=\"http:\/\/www.recercaenaccio.cat\/agaur_reac\/AppJava\/ca\/index.jsp\" target=\"_blank\" rel=\"nofollow noopener noreferrer\">Recerca en acci\u00f3<\/a><\/div>\n<\/td>\n<td style=\"border-style: solid; border-color: #000000;\"><span style=\"color: #666666;\">Aquest portal ens presenta:<br \/>\n<a href=\"http:\/\/www.recercaenaccio.cat\/agaur_reac\/AppJava\/ca\/experiment\/090611-experiments-senz.jsp\" target=\"_blank\" rel=\"nofollow noopener noreferrer\">Experiments senzills per entendre la ci\u00e8ncia<\/a> una selecci\u00f3 de propostes per tal que pugueu experimentar principis f\u00edsics i qu\u00edmics amb estris a l&#8217;abast de tothom.<\/span><\/td>\n<\/tr>\n<tr>\n<td style=\"border-style: solid; border-color: #000000;\"><a href=\"http:\/\/apliense.xtec.cat\/arc\/cercador\/t-72\" target=\"_blank\" rel=\"nofollow noopener noreferrer\">ARC<\/a><br \/>\nCercador d&#8217;activitats<\/td>\n<td style=\"border-style: solid; border-color: #000000;\"><a href=\"http:\/\/apliense.xtec.cat\/arc\/cercador\/t-72\/d-8398\" target=\"_blank\" rel=\"nofollow noopener noreferrer\">Activitats molt ben detallade<\/a>s, dirigides al professorat<\/td>\n<\/tr>\n<tr>\n<td style=\"border-style: solid; border-color: #000000;\">\n<div><span style=\"color: #444444;\">Altres congressos<\/span><\/div>\n<\/td>\n<td style=\"border-style: solid; border-color: #000000;\"><a href=\"http:\/\/congrescienciagarraf.info\/index.php\/documents-i-recursos\/historic.html\" target=\"_blank\" rel=\"nofollow noopener noreferrer\"><span style=\"color: #666666;\">Congr\u00e9s de Ci\u00e8ncia del Garraf<\/span><\/a><\/td>\n<\/tr>\n<tr>\n<td style=\"border-style: solid; border-color: #000000;\">\n<div><a href=\"http:\/\/www.xtec.cat\/%7Encoma4\/medi\/\" target=\"_blank\" rel=\"nofollow noopener noreferrer\">Natu-Tac<b>\u00a0<\/b><\/a><\/div>\n<\/td>\n<td style=\"border-style: solid; border-color: #000000;\"><span style=\"color: #666666;\">Web del coneixement del medi natural a EP, creada per N\u00faria Coma. Moltes <a href=\"http:\/\/www.xtec.cat\/%7Encoma4\/medi\/index-alumnes.htm\" target=\"_blank\" rel=\"nofollow noopener noreferrer\">activitats per l&#8217;alumnat<\/a>\u00a0 classificades per cicles i continguts\u00a0i <a href=\"http:\/\/www.xtec.cat\/%7Encoma4\/medi\/index-mestres.htm\" target=\"_blank\" rel=\"nofollow noopener noreferrer\">recursos pel professorat<\/a> classificats segons els continguts + experi\u00e8ncies a les aules i a d&#8221;altres pa\u00efsos.<br \/>\n<\/span><\/td>\n<\/tr>\n<tr>\n<td style=\"border-style: solid; border-color: #000000;\"><a href=\"http:\/\/blocs.xtec.cat\/firaciencia\/tallers-2012\/\" target=\"_blank\" rel=\"nofollow noopener noreferrer\">Fira de la Ci\u00e8ncia.<\/a> <a href=\"http:\/\/blocs.xtec.cat\/firaciencia\/tallers-2012\/\" target=\"_blank\" rel=\"nofollow noopener noreferrer\">Petits grans cient\u00edfics\u00a0<\/a><\/td>\n<td style=\"border-style: solid; border-color: #000000;\">\n<div>\n<h4><\/h4>\n<\/div>\n<div>\n<div>\n<p><span style=\"font-size: medium;\">Tallers per promoure l\u2019educaci\u00f3 cient\u00edfica.<br \/>\n<\/span><\/p>\n<p><span style=\"font-size: medium;\">En el<a href=\"http:\/\/blocs.xtec.cat\/firaciencia\/tallers-2012\/\" target=\"_blank\" rel=\"nofollow noopener noreferrer\"> seu bloc<\/a> expliquen com es fan, qu\u00e8 s&#8217;observa i quins conceptes cient\u00edfics es treballen.<\/span><\/p>\n<\/div>\n<\/div>\n<\/td>\n<\/tr>\n<tr>\n<td style=\"border-style: solid; border-color: #000000;\"><span style=\"color: #666666;\"><a href=\"http:\/\/www.cienciaenaccion.org\/\" target=\"_blank\" rel=\"nofollow noopener noreferrer\">Ci\u00e8ncia en Acci\u00f3<\/a><\/span><\/td>\n<td style=\"border-style: solid; border-color: #000000;\"><span style=\"color: #555555;\">Concurs internacional adre\u00e7at a alumnes no universitaris coordinats per un professor. Podeu veure les bases i els treballs presentats<\/span><\/td>\n<\/tr>\n<tr>\n<td style=\"border-style: solid; border-color: #000000;\"><a href=\"http:\/\/www.recercaenaccio.cat\/agaur_reac\/AppJava\/ca\/projecte\/20110617-x-p-rimenta-la-c.jsp\" target=\"_blank\" rel=\"nofollow noopener noreferrer\">X(p) rimenta la ci\u00e8ncia m\u00e9s jove<\/a><\/td>\n<td style=\"border-style: solid; border-color: #000000;\">V\u00eddeos d&#8217;experiments amb mitjans senzills<\/td>\n<\/tr>\n<\/tbody>\n<\/table>\n<\/div>\n<\/td>\n<\/tr>\n<\/tbody>\n<\/table>\n<\/div>\n<\/div>\n<\/div>\n<hr \/>\n<h4>Edicions de cursos anteriors.<\/h4>\n<h5><a href=\"http:\/\/serveiseducatius.xtec.cat\/osona\/wp-content\/uploads\/usu1175\/2018\/09\/logo-congres-CI-e1537861939662.jpg\" target=\"_blank\" rel=\"https:\/\/sites.google.com\/a\/xtec.cat\/crp-osona-ciencia\/per-temes noopener noreferrer\"><img loading=\"lazy\" decoding=\"async\" class=\"alignnone wp-image-8868\" src=\"http:\/\/serveiseducatius.xtec.cat\/osona\/wp-content\/uploads\/usu1175\/2018\/09\/logo-congres-CI-1024x303.jpg\" alt=\"\" width=\"223\" height=\"66\" \/><\/a><\/h5>\n<hr \/>\n<table style=\"border-collapse: collapse; width: 100%;\" border=\"1\">\n<tbody>\n<tr>\n<td style=\"width: 50%;\"><a href=\"http:\/\/www20.gencat.cat\/portal\/site\/ensenyament\"><img loading=\"lazy\" decoding=\"async\" class=\"size-large aligncenter\" src=\"https:\/\/sites.google.com\/a\/xtec.cat\/crp-osona\/_\/rsrc\/1472866165815\/activitats\/logo-gencat.gif\" width=\"180\" height=\"36\" \/><\/a><\/td>\n<td style=\"width: 50%;\">\n<div><img loading=\"lazy\" decoding=\"async\" class=\"aligncenter\" src=\"https:\/\/sites.google.com\/a\/xtec.cat\/crp-osona-ciencia\/_\/rsrc\/1340007149632\/inici\/UVIC.2jpg.jpg\" alt=\"\" width=\"160\" height=\"70\" \/><\/div>\n<\/td>\n<\/tr>\n<\/tbody>\n<\/table>\n<div><\/div>\n<div>\n<div>\n<p>&nbsp;<\/p>\n<div><\/div>\n<\/div>\n<\/div>\n","protected":false},"excerpt":{"rendered":"<p>Activitat adre\u00e7ada a totes les escoles d&#8217;Educaci\u00f3 Infantil i Prim\u00e0ria. Novetat edici\u00f3 18a edici\u00f3\u00a0 2020\/2021 en format virtual Videos de [&hellip;]<\/p>\n","protected":false},"author":1,"featured_media":0,"parent":8504,"menu_order":0,"comment_status":"closed","ping_status":"closed","template":"","meta":{"_bbp_topic_count":0,"_bbp_reply_count":0,"_bbp_total_topic_count":0,"_bbp_total_reply_count":0,"_bbp_voice_count":0,"_bbp_anonymous_reply_count":0,"_bbp_topic_count_hidden":0,"_bbp_reply_count_hidden":0,"_bbp_forum_subforum_count":0,"site-sidebar-layout":"default","site-content-layout":"","ast-site-content-layout":"","site-content-style":"default","site-sidebar-style":"default","ast-global-header-display":"","ast-banner-title-visibility":"","ast-main-header-display":"","ast-hfb-above-header-display":"","ast-hfb-below-header-display":"","ast-hfb-mobile-header-display":"","site-post-title":"","ast-breadcrumbs-content":"","ast-featured-img":"","footer-sml-layout":"","theme-transparent-header-meta":"","adv-header-id-meta":"","stick-header-meta":"","header-above-stick-meta":"","header-main-stick-meta":"","header-below-stick-meta":"","astra-migrate-meta-layouts":"default","ast-page-background-enabled":"default","ast-page-background-meta":{"desktop":{"background-color":"var(--ast-global-color-4)","background-image":"","background-repeat":"repeat","background-position":"center center","background-size":"auto","background-attachment":"scroll","background-type":"","background-media":"","overlay-type":"","overlay-color":"","overlay-opacity":"","overlay-gradient":""},"tablet":{"background-color":"","background-image":"","background-repeat":"repeat","background-position":"center center","background-size":"auto","background-attachment":"scroll","background-type":"","background-media":"","overlay-type":"","overlay-color":"","overlay-opacity":"","overlay-gradient":""},"mobile":{"background-color":"","background-image":"","background-repeat":"repeat","background-position":"center center","background-size":"auto","background-attachment":"scroll","background-type":"","background-media":"","overlay-type":"","overlay-color":"","overlay-opacity":"","overlay-gradient":""}},"ast-content-background-meta":{"desktop":{"background-color":"var(--ast-global-color-5)","background-image":"","background-repeat":"repeat","background-position":"center center","background-size":"auto","background-attachment":"scroll","background-type":"","background-media":"","overlay-type":"","overlay-color":"","overlay-opacity":"","overlay-gradient":""},"tablet":{"background-color":"var(--ast-global-color-5)","background-image":"","background-repeat":"repeat","background-position":"center center","background-size":"auto","background-attachment":"scroll","background-type":"","background-media":"","overlay-type":"","overlay-color":"","overlay-opacity":"","overlay-gradient":""},"mobile":{"background-color":"var(--ast-global-color-5)","background-image":"","background-repeat":"repeat","background-position":"center center","background-size":"auto","background-attachment":"scroll","background-type":"","background-media":"","overlay-type":"","overlay-color":"","overlay-opacity":"","overlay-gradient":""}},"footnotes":""},"class_list":["post-8866","page","type-page","status-publish","hentry"],"post_mailing_queue_ids":[],"_links":{"self":[{"href":"https:\/\/serveiseducatius.xtec.cat\/osona\/wp-json\/wp\/v2\/pages\/8866","targetHints":{"allow":["GET"]}}],"collection":[{"href":"https:\/\/serveiseducatius.xtec.cat\/osona\/wp-json\/wp\/v2\/pages"}],"about":[{"href":"https:\/\/serveiseducatius.xtec.cat\/osona\/wp-json\/wp\/v2\/types\/page"}],"author":[{"embeddable":true,"href":"https:\/\/serveiseducatius.xtec.cat\/osona\/wp-json\/wp\/v2\/users\/1"}],"replies":[{"embeddable":true,"href":"https:\/\/serveiseducatius.xtec.cat\/osona\/wp-json\/wp\/v2\/comments?post=8866"}],"version-history":[{"count":4,"href":"https:\/\/serveiseducatius.xtec.cat\/osona\/wp-json\/wp\/v2\/pages\/8866\/revisions"}],"predecessor-version":[{"id":10371,"href":"https:\/\/serveiseducatius.xtec.cat\/osona\/wp-json\/wp\/v2\/pages\/8866\/revisions\/10371"}],"up":[{"embeddable":true,"href":"https:\/\/serveiseducatius.xtec.cat\/osona\/wp-json\/wp\/v2\/pages\/8504"}],"wp:attachment":[{"href":"https:\/\/serveiseducatius.xtec.cat\/osona\/wp-json\/wp\/v2\/media?parent=8866"}],"curies":[{"name":"wp","href":"https:\/\/api.w.org\/{rel}","templated":true}]}}