{"id":797,"date":"2015-11-28T21:06:57","date_gmt":"2015-11-28T20:06:57","guid":{"rendered":"http:\/\/serveiseducatius.xtec.cat\/osona\/?page_id=797"},"modified":"2017-03-13T16:03:52","modified_gmt":"2017-03-13T15:03:52","slug":"presentacio","status":"publish","type":"page","link":"https:\/\/serveiseducatius.xtec.cat\/osona\/el-servei-educatiu\/presentacio\/","title":{"rendered":"Presentaci\u00f3"},"content":{"rendered":"<p><b>Els serveis educatius<\/b><\/p>\n<p>Els serveis educatius s\u00f3n\u00a0<b>equips multiprofessionals<\/b>\u00a0que donen suport i assessorament als centres educatius p\u00fablics i privats concertats de nivells educatius no universitaris (professorat, alumnat i fam\u00edlies).<\/p>\n<ul>\n<li>Els centres de recursos pedag\u00f2gics (<a href=\"http:\/\/xtec.gencat.cat\/ca\/serveis\/sez\/crp\/\"><b>CRP<\/b><\/a>), els equips d&#8217;assessorament i orientaci\u00f3 psicopedag\u00f2gica (<a href=\"http:\/\/xtec.gencat.cat\/ca\/serveis\/sez\/eap\/\"><b>EAP<\/b><\/a>) i els equips d&#8217;assessorament en llengua i cohesi\u00f3 social (<a href=\"http:\/\/xtec.gencat.cat\/ca\/serveis\/sez\/elic\/\"><b>ELIC<\/b><\/a>) s\u00f3n els serveis educatius que actuen en els centres d&#8217;una zona educativa espec\u00edfica. Formen el <a href=\"http:\/\/xtec.gencat.cat\/ca\/serveis\/serveis\/sez\"><b>Servei Educatiu de Zona<\/b><\/a>.<\/li>\n<li>Els centres de recursos educatius per a deficients auditius (<a href=\"http:\/\/xtec.gencat.cat\/ca\/serveis\/see\/creda\/\"><b>CREDA<\/b><\/a>) i el centre de recursos educatius per a deficients visuals <a href=\"http:\/\/xtec.gencat.cat\/ca\/serveis\/see\/credv\/\">(<b>CREDV<\/b>)<\/a> s\u00f3n\u00a0<b>serveis educatius espec\u00edfics<\/b>. Aquests serveis dirigeixen la seva activitat a un entorn educatiu ampli, un servei o \u00e0rea territorial.<\/li>\n<li>Els\u00a0<b>camps d&#8217;aprenentatge<\/b>\u00a0(<a href=\"http:\/\/xtec.gencat.cat\/ca\/serveis\/cda\/\"><b>CdA<\/b><\/a>) s\u00f3n una xarxa de serveis situats en contextos singulars que donen suport al professorat per tal que l&#8217;alumnat assoleixi objectius d&#8217;aprenentatge relacionats amb l&#8217;estudi del medi a partir de projectes que es desenvolupen en estades al camp d&#8217;aprenentatge, en activitats a l&#8217;entorn o en el centre mateix.<\/li>\n<\/ul>\n<p>Els serveis educatius organitzen els seus plans d&#8217;actuaci\u00f3 en el marc de les seves funcions i del seu \u00e0mbit d&#8217;intervenci\u00f3 i \u00a0d&#8217;acord amb les prioritats fixades pel Departament d&#8217;Ensenyament en la\u00a0<b>resoluci\u00f3 relativa a l&#8217;organitzaci\u00f3 i el funcionament dels serveis educatius<\/b> per a cada \u00a0curs escolar.<\/p>\n<p>Veure la <b><a href=\"http:\/\/serveiseducatius.xtec.cat\/osona\/el-servei-educatiu\/equip\/\">Carta de Serveis<\/a><\/b> per aquest curs escolar del servei educatiu d&#8217;Osona.<\/p>\n<p>&nbsp;<\/p>\n<p>&nbsp;<\/p>\n<p>&nbsp;<\/p>\n<h4><\/h4>\n","protected":false},"excerpt":{"rendered":"<p>Els serveis educatius Els serveis educatius s\u00f3n\u00a0equips multiprofessionals\u00a0que donen suport i assessorament als centres educatius p\u00fablics i privats concertats de [&hellip;]<\/p>\n","protected":false},"author":1,"featured_media":0,"parent":806,"menu_order":10,"comment_status":"closed","ping_status":"closed","template":"page-templates\/side-menu.php","meta":{"_bbp_topic_count":0,"_bbp_reply_count":0,"_bbp_total_topic_count":0,"_bbp_total_reply_count":0,"_bbp_voice_count":0,"_bbp_anonymous_reply_count":0,"_bbp_topic_count_hidden":0,"_bbp_reply_count_hidden":0,"_bbp_forum_subforum_count":0,"site-sidebar-layout":"default","site-content-layout":"","ast-site-content-layout":"","site-content-style":"default","site-sidebar-style":"default","ast-global-header-display":"","ast-banner-title-visibility":"","ast-main-header-display":"","ast-hfb-above-header-display":"","ast-hfb-below-header-display":"","ast-hfb-mobile-header-display":"","site-post-title":"","ast-breadcrumbs-content":"","ast-featured-img":"","footer-sml-layout":"","theme-transparent-header-meta":"","adv-header-id-meta":"","stick-header-meta":"","header-above-stick-meta":"","header-main-stick-meta":"","header-below-stick-meta":"","astra-migrate-meta-layouts":"default","ast-page-background-enabled":"default","ast-page-background-meta":{"desktop":{"background-color":"var(--ast-global-color-4)","background-image":"","background-repeat":"repeat","background-position":"center center","background-size":"auto","background-attachment":"scroll","background-type":"","background-media":"","overlay-type":"","overlay-color":"","overlay-opacity":"","overlay-gradient":""},"tablet":{"background-color":"","background-image":"","background-repeat":"repeat","background-position":"center center","background-size":"auto","background-attachment":"scroll","background-type":"","background-media":"","overlay-type":"","overlay-color":"","overlay-opacity":"","overlay-gradient":""},"mobile":{"background-color":"","background-image":"","background-repeat":"repeat","background-position":"center center","background-size":"auto","background-attachment":"scroll","background-type":"","background-media":"","overlay-type":"","overlay-color":"","overlay-opacity":"","overlay-gradient":""}},"ast-content-background-meta":{"desktop":{"background-color":"var(--ast-global-color-5)","background-image":"","background-repeat":"repeat","background-position":"center center","background-size":"auto","background-attachment":"scroll","background-type":"","background-media":"","overlay-type":"","overlay-color":"","overlay-opacity":"","overlay-gradient":""},"tablet":{"background-color":"var(--ast-global-color-5)","background-image":"","background-repeat":"repeat","background-position":"center center","background-size":"auto","background-attachment":"scroll","background-type":"","background-media":"","overlay-type":"","overlay-color":"","overlay-opacity":"","overlay-gradient":""},"mobile":{"background-color":"var(--ast-global-color-5)","background-image":"","background-repeat":"repeat","background-position":"center center","background-size":"auto","background-attachment":"scroll","background-type":"","background-media":"","overlay-type":"","overlay-color":"","overlay-opacity":"","overlay-gradient":""}},"footnotes":""},"class_list":["post-797","page","type-page","status-publish","hentry"],"post_mailing_queue_ids":[],"_links":{"self":[{"href":"https:\/\/serveiseducatius.xtec.cat\/osona\/wp-json\/wp\/v2\/pages\/797","targetHints":{"allow":["GET"]}}],"collection":[{"href":"https:\/\/serveiseducatius.xtec.cat\/osona\/wp-json\/wp\/v2\/pages"}],"about":[{"href":"https:\/\/serveiseducatius.xtec.cat\/osona\/wp-json\/wp\/v2\/types\/page"}],"author":[{"embeddable":true,"href":"https:\/\/serveiseducatius.xtec.cat\/osona\/wp-json\/wp\/v2\/users\/1"}],"replies":[{"embeddable":true,"href":"https:\/\/serveiseducatius.xtec.cat\/osona\/wp-json\/wp\/v2\/comments?post=797"}],"version-history":[{"count":4,"href":"https:\/\/serveiseducatius.xtec.cat\/osona\/wp-json\/wp\/v2\/pages\/797\/revisions"}],"predecessor-version":[{"id":8519,"href":"https:\/\/serveiseducatius.xtec.cat\/osona\/wp-json\/wp\/v2\/pages\/797\/revisions\/8519"}],"up":[{"embeddable":true,"href":"https:\/\/serveiseducatius.xtec.cat\/osona\/wp-json\/wp\/v2\/pages\/806"}],"wp:attachment":[{"href":"https:\/\/serveiseducatius.xtec.cat\/osona\/wp-json\/wp\/v2\/media?parent=797"}],"curies":[{"name":"wp","href":"https:\/\/api.w.org\/{rel}","templated":true}]}}