{"id":12797,"date":"2026-07-07T14:51:16","date_gmt":"2026-07-07T12:51:16","guid":{"rendered":"https:\/\/serveiseducatius.xtec.cat\/osona\/?page_id=12797"},"modified":"2026-07-07T14:51:16","modified_gmt":"2026-07-07T12:51:16","slug":"reconnect-es","status":"publish","type":"page","link":"https:\/\/serveiseducatius.xtec.cat\/osona\/reconnect-es\/","title":{"rendered":"Reconnect.es"},"content":{"rendered":"\n<p class=\"has-large-font-size\">Reconnect-es. Pla de xoc contra l\u2019abandonament escolar prematur.<\/p>\n\n\n\n<p>El Servei Educatiu d\u2019Osona compta amb la figura de l\u2019educadora social, incorporada en el marc del Pla de xoc contra l\u2019abandonament<br>escolar prematur impulsat pel Departament d\u2019Educaci\u00f3 i Formaci\u00f3 Professional.<\/p>\n\n\n\n<p>Des del curs 2025-2026, la Manoli Lara forma part del nostre equip amb l\u2019objectiu d\u2019impulsar accions d\u2019orientaci\u00f3, acompanyament i<br>coordinaci\u00f3 per reduir l\u2019abandonament escolar i refor\u00e7ar les transicions educatives dels joves.<\/p>\n\n\n\n<figure class=\"wp-block-image aligncenter size-full\"><a href=\"https:\/\/serveiseducatius.xtec.cat\/osona\/wp-content\/uploads\/usu1175\/2026\/07\/reconnectesinfo.png\"><img loading=\"lazy\" decoding=\"async\" width=\"463\" height=\"641\" src=\"https:\/\/serveiseducatius.xtec.cat\/osona\/wp-content\/uploads\/usu1175\/2026\/07\/reconnectesinfo.png\" alt=\"\" class=\"wp-image-12799\" srcset=\"https:\/\/serveiseducatius.xtec.cat\/osona\/wp-content\/uploads\/usu1175\/2026\/07\/reconnectesinfo.png 463w, https:\/\/serveiseducatius.xtec.cat\/osona\/wp-content\/uploads\/usu1175\/2026\/07\/reconnectesinfo-217x300.png 217w\" sizes=\"auto, (max-width: 463px) 100vw, 463px\" \/><\/a><\/figure>\n\n\n\n<p><strong>Contacte<\/strong><\/p>\n\n\n\n<p>Manoli Lara L\u00f3pez<br>Educadora Social \u2013 Servei Educatiu d\u2019Osona<br>\ud83d\udccd Pla\u00e7a don Miquel de Clariana, 3, 3r pis, Vic<br>\ud83d\udce7 mlara243@xtec.cat<br>\ud83d\udcde 677 34 27 36<\/p>\n\n\n\n<p class=\"has-medium-font-size\"><strong>Quines funcions t\u00e9?<\/strong><\/p>\n\n\n\n<p class=\"has-medium-font-size\">L\u2019educadora social dona suport als centres educatius i a la comunitat educativa en general a trav\u00e9s de diferents accions:<\/p>\n\n\n\n<p>\u25cf Acompanyament a joves que han abandonat els estudis o es troben en risc.<br>\u25cf Col\u00b7laboraci\u00f3 amb els agents socioeducatius del territori.<br>\u25cf Coordinaci\u00f3 amb els centres educatius en l\u2019\u00e0mbit de l\u2019orientaci\u00f3 i l\u2019acci\u00f3 tutorial.<br>\u25cf Participaci\u00f3 en comissions, grups de treball i seminaris.<br>\u25cf Disseny i impuls de materials, eines i recursos \u00fatils per a l\u2019orientaci\u00f3 acad\u00e8mica i personal (com ara Geniallys interactius, tallers, guies\u2026).<br>\u25cf Treball en xarxa i mirada comunit\u00e0ria per actuar de manera integral.<\/p>\n\n\n\n<p class=\"has-medium-font-size\"><strong>Cessi\u00f3 de dades i intervenci\u00f3<\/strong><\/p>\n\n\n\n<p>Per tal que l\u2019educadora social pugui intervenir, cal que els centres facilitin la cessi\u00f3 de dades dels alumnes, d\u2019acord amb l\u2019Instrucci\u00f3<br>1\/2024, de 17 de juliol. Aquesta cessi\u00f3 es fa:<\/p>\n\n\n\n<ol class=\"wp-block-list\">\n<li>Amb autoritzaci\u00f3 signada per part de l\u2019alumnat de 3r i 4t d\u2019ESO o d\u2019ensenyaments postobligatoris (no cal la signatura de les<br>fam\u00edlies si tenen +14 anys).<\/li>\n\n\n\n<li>Mitjan\u00e7ant la marcaci\u00f3 al RALC (Registre d\u2019Alumnes de Catalunya).<\/li>\n\n\n\n<li>El centre no lliura cap dada directament, sin\u00f3 que ho fa el Departament a trav\u00e9s del protocol establert.<br>\ud83d\udcc4 Pots consultar la guia oficial aqu\u00ed:<br><a href=\"https:\/\/documents.espai.educacio.gencat.cat\/FormularisModels\/ProteccioDades\/A1380.pdf\">https:\/\/documents.espai.educacio.gencat.cat\/FormularisModels\/ProteccioDades\/A1380.pdf<\/a><\/li>\n<\/ol>\n\n\n\n<p><\/p>\n\n\n\n<p><\/p>\n\n\n\n<p class=\"has-medium-font-size\"><strong>Noticies relacionades.<\/strong><br><\/p>\n\n\n\n<p><a href=\"https:\/\/serveiseducatius.xtec.cat\/vallesoriental3\/inclusio\/elaboracio-dels-plans-de-suport-individualitzats\/\" data-type=\"link\" data-id=\"https:\/\/serveiseducatius.xtec.cat\/vallesoriental3\/inclusio\/elaboracio-dels-plans-de-suport-individualitzats\/\">Elaboraci\u00f3 dels plans de suport individualitzats.<\/a><\/p>\n\n\n\n<p>Quan \u00e9s necessari l\u2019elaboraci\u00f3 d\u2019u PI? Recursos Normativa<br><\/p>\n\n\n\n<p><a href=\"https:\/\/serveiseducatius.xtec.cat\/vallesoriental3\/portada\/pla-de-prevencio-de-labandonament-escolar-prematur\/\" data-type=\"link\" data-id=\"https:\/\/serveiseducatius.xtec.cat\/vallesoriental3\/portada\/pla-de-prevencio-de-labandonament-escolar-prematur\/\">Pla de prevenci\u00f3 de l\u2019abandonament escolar prematur<\/a> <\/p>\n\n\n\n<p>10 estrat\u00e8gies clau Seguiment i millora cont\u00ednua El desplegament del Pla \u00e9s progressiu i incorpora indicadors de seguiment per avaluar [\u2026]<br><\/p>\n\n\n\n<p><a href=\"https:\/\/serveiseducatius.xtec.cat\/vallesoriental3\/portada\/tria-el-teu-cami-una-eina-per-orientar%e2%80%91te\/\" data-type=\"link\" data-id=\"https:\/\/serveiseducatius.xtec.cat\/vallesoriental3\/portada\/tria-el-teu-cami-una-eina-per-orientar%e2%80%91te\/\">\u201c Tria el teu cam\u00ed\u201d, una eina per orientar\u2010te!<\/a><br><\/p>\n\n\n\n<p>Des del Seminari Poe del Servei Educatiu Vall\u00e8s Oriental III<br>(SE VO III), ha desenvolupat un nou recurs interactiu en Genially<br><\/p>\n\n\n\n<p><a href=\"https:\/\/serveiseducatius.xtec.cat\/vallesoriental3\/portada\/i-si-no-tinc-leso-que-una-guia-interactiva-per-orientar-millor\/\" data-type=\"link\" data-id=\"https:\/\/serveiseducatius.xtec.cat\/vallesoriental3\/portada\/i-si-no-tinc-leso-que-una-guia-interactiva-per-orientar-millor\/\">\u201cI si no tinc l\u2019ESO, qu\u00e8?\u201d Una guia interactiva per orientar millor.<\/a><br>Des del Servei Educatiu Vall\u00e8s Oriental III hem elaborat una nova<br>eina pensada per acompanyar joves i fam\u00edlies en un [\u2026]<\/p>\n\n\n\n<p><\/p>\n","protected":false},"excerpt":{"rendered":"<p>Reconnect-es. Pla de xoc contra l\u2019abandonament escolar prematur. El Servei Educatiu d\u2019Osona compta amb la figura de l\u2019educadora social, incorporada [&hellip;]<\/p>\n","protected":false},"author":1,"featured_media":0,"parent":0,"menu_order":0,"comment_status":"closed","ping_status":"close","template":"","meta":{"_bbp_topic_count":0,"_bbp_reply_count":0,"_bbp_total_topic_count":0,"_bbp_total_reply_count":0,"_bbp_voice_count":0,"_bbp_anonymous_reply_count":0,"_bbp_topic_count_hidden":0,"_bbp_reply_count_hidden":0,"_bbp_forum_subforum_count":0,"site-sidebar-layout":"default","site-content-layout":"","ast-site-content-layout":"default","site-content-style":"default","site-sidebar-style":"default","ast-global-header-display":"","ast-banner-title-visibility":"","ast-main-header-display":"","ast-hfb-above-header-display":"","ast-hfb-below-header-display":"","ast-hfb-mobile-header-display":"","site-post-title":"","ast-breadcrumbs-content":"","ast-featured-img":"","footer-sml-layout":"","theme-transparent-header-meta":"","adv-header-id-meta":"","stick-header-meta":"","header-above-stick-meta":"","header-main-stick-meta":"","header-below-stick-meta":"","astra-migrate-meta-layouts":"set","ast-page-background-enabled":"default","ast-page-background-meta":{"desktop":{"background-color":"var(--ast-global-color-4)","background-image":"","background-repeat":"repeat","background-position":"center center","background-size":"auto","background-attachment":"scroll","background-type":"","background-media":"","overlay-type":"","overlay-color":"","overlay-opacity":"","overlay-gradient":""},"tablet":{"background-color":"","background-image":"","background-repeat":"repeat","background-position":"center center","background-size":"auto","background-attachment":"scroll","background-type":"","background-media":"","overlay-type":"","overlay-color":"","overlay-opacity":"","overlay-gradient":""},"mobile":{"background-color":"","background-image":"","background-repeat":"repeat","background-position":"center center","background-size":"auto","background-attachment":"scroll","background-type":"","background-media":"","overlay-type":"","overlay-color":"","overlay-opacity":"","overlay-gradient":""}},"ast-content-background-meta":{"desktop":{"background-color":"var(--ast-global-color-5)","background-image":"","background-repeat":"repeat","background-position":"center center","background-size":"auto","background-attachment":"scroll","background-type":"","background-media":"","overlay-type":"","overlay-color":"","overlay-opacity":"","overlay-gradient":""},"tablet":{"background-color":"var(--ast-global-color-5)","background-image":"","background-repeat":"repeat","background-position":"center center","background-size":"auto","background-attachment":"scroll","background-type":"","background-media":"","overlay-type":"","overlay-color":"","overlay-opacity":"","overlay-gradient":""},"mobile":{"background-color":"var(--ast-global-color-5)","background-image":"","background-repeat":"repeat","background-position":"center center","background-size":"auto","background-attachment":"scroll","background-type":"","background-media":"","overlay-type":"","overlay-color":"","overlay-opacity":"","overlay-gradient":""}},"footnotes":""},"class_list":["post-12797","page","type-page","status-publish","hentry"],"post_mailing_queue_ids":[],"_links":{"self":[{"href":"https:\/\/serveiseducatius.xtec.cat\/osona\/wp-json\/wp\/v2\/pages\/12797","targetHints":{"allow":["GET"]}}],"collection":[{"href":"https:\/\/serveiseducatius.xtec.cat\/osona\/wp-json\/wp\/v2\/pages"}],"about":[{"href":"https:\/\/serveiseducatius.xtec.cat\/osona\/wp-json\/wp\/v2\/types\/page"}],"author":[{"embeddable":true,"href":"https:\/\/serveiseducatius.xtec.cat\/osona\/wp-json\/wp\/v2\/users\/1"}],"replies":[{"embeddable":true,"href":"https:\/\/serveiseducatius.xtec.cat\/osona\/wp-json\/wp\/v2\/comments?post=12797"}],"version-history":[{"count":3,"href":"https:\/\/serveiseducatius.xtec.cat\/osona\/wp-json\/wp\/v2\/pages\/12797\/revisions"}],"predecessor-version":[{"id":12801,"href":"https:\/\/serveiseducatius.xtec.cat\/osona\/wp-json\/wp\/v2\/pages\/12797\/revisions\/12801"}],"wp:attachment":[{"href":"https:\/\/serveiseducatius.xtec.cat\/osona\/wp-json\/wp\/v2\/media?parent=12797"}],"curies":[{"name":"wp","href":"https:\/\/api.w.org\/{rel}","templated":true}]}}

<p class="has-large-font-size">Reconnect-es. Pla de xoc contra l’abandonament escolar prematur.</p>



<p>El Servei Educatiu d’Osona compta amb la figura de l’educadora social, incorporada en el marc del Pla de xoc contra l’abandonament<br>escolar prematur impulsat pel Departament d’Educació i Formació Professional.</p>



<p>Des del curs 2025-2026, la Manoli Lara forma part del nostre equip amb l’objectiu d’impulsar accions d’orientació, acompanyament i<br>coordinació per reduir l’abandonament escolar i reforçar les transicions educatives dels joves.</p>



<figure class="wp-block-image aligncenter size-full"><a href="https://serveiseducatius.xtec.cat/osona/wp-content/uploads/usu1175/2026/07/reconnectesinfo.png"><img loading="lazy" decoding="async" width="463" height="641" src="https://serveiseducatius.xtec.cat/osona/wp-content/uploads/usu1175/2026/07/reconnectesinfo.png" alt="" class="wp-image-12799" srcset="https://serveiseducatius.xtec.cat/osona/wp-content/uploads/usu1175/2026/07/reconnectesinfo.png 463w, https://serveiseducatius.xtec.cat/osona/wp-content/uploads/usu1175/2026/07/reconnectesinfo-217x300.png 217w" sizes="auto, (max-width: 463px) 100vw, 463px" /></a></figure>



<p><strong>Contacte</strong></p>



<p>Manoli Lara López<br>Educadora Social – Servei Educatiu d’Osona<br>📍 Plaça don Miquel de Clariana, 3, 3r pis, Vic<br>📧 mlara243@xtec.cat<br>📞 677 34 27 36</p>



<p class="has-medium-font-size"><strong>Quines funcions té?</strong></p>



<p class="has-medium-font-size">L’educadora social dona suport als centres educatius i a la comunitat educativa en general a través de diferents accions:</p>



<p>● Acompanyament a joves que han abandonat els estudis o es troben en risc.<br>● Col·laboració amb els agents socioeducatius del territori.<br>● Coordinació amb els centres educatius en l’àmbit de l’orientació i l’acció tutorial.<br>● Participació en comissions, grups de treball i seminaris.<br>● Disseny i impuls de materials, eines i recursos útils per a l’orientació acadèmica i personal (com ara Geniallys interactius, tallers, guies…).<br>● Treball en xarxa i mirada comunitària per actuar de manera integral.</p>



<p class="has-medium-font-size"><strong>Cessió de dades i intervenció</strong></p>



<p>Per tal que l’educadora social pugui intervenir, cal que els centres facilitin la cessió de dades dels alumnes, d’acord amb l’Instrucció<br>1/2024, de 17 de juliol. Aquesta cessió es fa:</p>



<ol class="wp-block-list">
<li>Amb autorització signada per part de l’alumnat de 3r i 4t d’ESO o d’ensenyaments postobligatoris (no cal la signatura de les<br>famílies si tenen +14 anys).</li>



<li>Mitjançant la marcació al RALC (Registre d’Alumnes de Catalunya).</li>



<li>El centre no lliura cap dada directament, sinó que ho fa el Departament a través del protocol establert.<br>📄 Pots consultar la guia oficial aquí:<br><a href="https://documents.espai.educacio.gencat.cat/FormularisModels/ProteccioDades/A1380.pdf">https://documents.espai.educacio.gencat.cat/FormularisModels/ProteccioDades/A1380.pdf</a></li>
</ol>



<p></p>



<p></p>



<p class="has-medium-font-size"><strong>Noticies relacionades.</strong><br></p>



<p><a href="https://serveiseducatius.xtec.cat/vallesoriental3/inclusio/elaboracio-dels-plans-de-suport-individualitzats/" data-type="link" data-id="https://serveiseducatius.xtec.cat/vallesoriental3/inclusio/elaboracio-dels-plans-de-suport-individualitzats/">Elaboració dels plans de suport individualitzats.</a></p>



<p>Quan és necessari l’elaboració d’u PI? Recursos Normativa<br></p>



<p><a href="https://serveiseducatius.xtec.cat/vallesoriental3/portada/pla-de-prevencio-de-labandonament-escolar-prematur/" data-type="link" data-id="https://serveiseducatius.xtec.cat/vallesoriental3/portada/pla-de-prevencio-de-labandonament-escolar-prematur/">Pla de prevenció de l’abandonament escolar prematur</a> </p>



<p>10 estratègies clau Seguiment i millora contínua El desplegament del Pla és progressiu i incorpora indicadors de seguiment per avaluar […]<br></p>



<p><a href="https://serveiseducatius.xtec.cat/vallesoriental3/portada/tria-el-teu-cami-una-eina-per-orientar%e2%80%91te/" data-type="link" data-id="https://serveiseducatius.xtec.cat/vallesoriental3/portada/tria-el-teu-cami-una-eina-per-orientar%e2%80%91te/">“ Tria el teu camí”, una eina per orientar‐te!</a><br></p>



<p>Des del Seminari Poe del Servei Educatiu Vallès Oriental III<br>(SE VO III), ha desenvolupat un nou recurs interactiu en Genially<br></p>



<p><a href="https://serveiseducatius.xtec.cat/vallesoriental3/portada/i-si-no-tinc-leso-que-una-guia-interactiva-per-orientar-millor/" data-type="link" data-id="https://serveiseducatius.xtec.cat/vallesoriental3/portada/i-si-no-tinc-leso-que-una-guia-interactiva-per-orientar-millor/">“I si no tinc l’ESO, què?” Una guia interactiva per orientar millor.</a><br>Des del Servei Educatiu Vallès Oriental III hem elaborat una nova<br>eina pensada per acompanyar joves i famílies en un […]</p>



<p></p>
