{"id":11629,"date":"2023-06-06T14:02:16","date_gmt":"2023-06-06T12:02:16","guid":{"rendered":"https:\/\/serveiseducatius.xtec.cat\/osona\/?page_id=11629"},"modified":"2023-06-12T14:13:50","modified_gmt":"2023-06-12T12:13:50","slug":"curriculum","status":"publish","type":"page","link":"https:\/\/serveiseducatius.xtec.cat\/osona\/curriculum\/","title":{"rendered":"Curr\u00edculum"},"content":{"rendered":"<p><a href=\"https:\/\/serveiseducatius.xtec.cat\/osona\/wp-content\/uploads\/usu1175\/2023\/06\/Nou-curriculum.png\"><img loading=\"lazy\" decoding=\"async\" class=\"alignleft size-medium wp-image-11628\" src=\"https:\/\/serveiseducatius.xtec.cat\/osona\/wp-content\/uploads\/usu1175\/2023\/06\/Nou-curriculum-300x277.png\" alt=\"\" width=\"300\" height=\"277\" srcset=\"https:\/\/serveiseducatius.xtec.cat\/osona\/wp-content\/uploads\/usu1175\/2023\/06\/Nou-curriculum-300x277.png 300w, https:\/\/serveiseducatius.xtec.cat\/osona\/wp-content\/uploads\/usu1175\/2023\/06\/Nou-curriculum-768x710.png 768w, https:\/\/serveiseducatius.xtec.cat\/osona\/wp-content\/uploads\/usu1175\/2023\/06\/Nou-curriculum.png 1024w\" sizes=\"auto, (max-width: 300px) 100vw, 300px\" \/><\/a><\/p>\n<p>Publicacions relacionades amb el nou curr\u00edculum.<\/p>\n<p>Documentaci\u00f3 de recursos, eines, materials entorn al nou curr\u00edculum. Tamb\u00e9 hi trobareu presentacions i recursos de les sessions que s&#8217;han fet aquest curs sobre curr\u00edculum.<\/p>\n<p><a href=\"https:\/\/serveiseducatius.xtec.cat\/osona\/curriculum\/sessio-programacions-individualitzades\/\" target=\"_blank\" rel=\"noopener\">Sessions Pla de Suport Individualitzat docents educaci\u00f3 especial<\/a><\/p>\n<p><a href=\"https:\/\/serveiseducatius.xtec.cat\/osona\/curriculum\/sessio-curriculum-primaria\/\" target=\"_blank\" rel=\"noopener\">Sessi\u00f3 Curr\u00edculum i Pla de Suport Individualitzat Educaci\u00f3 B\u00e0sica<\/a><\/p>\n<p><a href=\"https:\/\/serveiseducatius.xtec.cat\/osona\/curriculum\/eines-de-programacio-del-nou-curriculum\/\" target=\"_blank\" rel=\"noopener\">Eines de programaci\u00f3 del nou curr\u00edculum<\/a><\/p>\n<p><a href=\"https:\/\/projectes.xtec.cat\/nou-curriculum\/\" target=\"_blank\" rel=\"noopener\">Web El Nou Curr\u00edculum del Departament d&#8217;Educaci\u00f3<\/a><\/p>\n","protected":false},"excerpt":{"rendered":"<p>Publicacions relacionades amb el nou curr\u00edculum. Documentaci\u00f3 de recursos, eines, materials entorn al nou curr\u00edculum. Tamb\u00e9 hi trobareu presentacions i [&hellip;]<\/p>\n","protected":false},"author":1,"featured_media":0,"parent":0,"menu_order":0,"comment_status":"closed","ping_status":"closed","template":"","meta":{"_bbp_topic_count":0,"_bbp_reply_count":0,"_bbp_total_topic_count":0,"_bbp_total_reply_count":0,"_bbp_voice_count":0,"_bbp_anonymous_reply_count":0,"_bbp_topic_count_hidden":0,"_bbp_reply_count_hidden":0,"_bbp_forum_subforum_count":0,"site-sidebar-layout":"default","site-content-layout":"","ast-site-content-layout":"","site-content-style":"default","site-sidebar-style":"default","ast-global-header-display":"","ast-banner-title-visibility":"","ast-main-header-display":"","ast-hfb-above-header-display":"","ast-hfb-below-header-display":"","ast-hfb-mobile-header-display":"","site-post-title":"","ast-breadcrumbs-content":"","ast-featured-img":"","footer-sml-layout":"","theme-transparent-header-meta":"","adv-header-id-meta":"","stick-header-meta":"","header-above-stick-meta":"","header-main-stick-meta":"","header-below-stick-meta":"","astra-migrate-meta-layouts":"default","ast-page-background-enabled":"default","ast-page-background-meta":{"desktop":{"background-color":"var(--ast-global-color-4)","background-image":"","background-repeat":"repeat","background-position":"center center","background-size":"auto","background-attachment":"scroll","background-type":"","background-media":"","overlay-type":"","overlay-color":"","overlay-opacity":"","overlay-gradient":""},"tablet":{"background-color":"","background-image":"","background-repeat":"repeat","background-position":"center center","background-size":"auto","background-attachment":"scroll","background-type":"","background-media":"","overlay-type":"","overlay-color":"","overlay-opacity":"","overlay-gradient":""},"mobile":{"background-color":"","background-image":"","background-repeat":"repeat","background-position":"center center","background-size":"auto","background-attachment":"scroll","background-type":"","background-media":"","overlay-type":"","overlay-color":"","overlay-opacity":"","overlay-gradient":""}},"ast-content-background-meta":{"desktop":{"background-color":"var(--ast-global-color-5)","background-image":"","background-repeat":"repeat","background-position":"center center","background-size":"auto","background-attachment":"scroll","background-type":"","background-media":"","overlay-type":"","overlay-color":"","overlay-opacity":"","overlay-gradient":""},"tablet":{"background-color":"var(--ast-global-color-5)","background-image":"","background-repeat":"repeat","background-position":"center center","background-size":"auto","background-attachment":"scroll","background-type":"","background-media":"","overlay-type":"","overlay-color":"","overlay-opacity":"","overlay-gradient":""},"mobile":{"background-color":"var(--ast-global-color-5)","background-image":"","background-repeat":"repeat","background-position":"center center","background-size":"auto","background-attachment":"scroll","background-type":"","background-media":"","overlay-type":"","overlay-color":"","overlay-opacity":"","overlay-gradient":""}},"footnotes":""},"class_list":["post-11629","page","type-page","status-publish","hentry"],"post_mailing_queue_ids":[],"_links":{"self":[{"href":"https:\/\/serveiseducatius.xtec.cat\/osona\/wp-json\/wp\/v2\/pages\/11629","targetHints":{"allow":["GET"]}}],"collection":[{"href":"https:\/\/serveiseducatius.xtec.cat\/osona\/wp-json\/wp\/v2\/pages"}],"about":[{"href":"https:\/\/serveiseducatius.xtec.cat\/osona\/wp-json\/wp\/v2\/types\/page"}],"author":[{"embeddable":true,"href":"https:\/\/serveiseducatius.xtec.cat\/osona\/wp-json\/wp\/v2\/users\/1"}],"replies":[{"embeddable":true,"href":"https:\/\/serveiseducatius.xtec.cat\/osona\/wp-json\/wp\/v2\/comments?post=11629"}],"version-history":[{"count":4,"href":"https:\/\/serveiseducatius.xtec.cat\/osona\/wp-json\/wp\/v2\/pages\/11629\/revisions"}],"predecessor-version":[{"id":11660,"href":"https:\/\/serveiseducatius.xtec.cat\/osona\/wp-json\/wp\/v2\/pages\/11629\/revisions\/11660"}],"wp:attachment":[{"href":"https:\/\/serveiseducatius.xtec.cat\/osona\/wp-json\/wp\/v2\/media?parent=11629"}],"curies":[{"name":"wp","href":"https:\/\/api.w.org\/{rel}","templated":true}]}}