{"id":11571,"date":"2023-04-21T13:19:30","date_gmt":"2023-04-21T11:19:30","guid":{"rendered":"https:\/\/serveiseducatius.xtec.cat\/osona\/?page_id=11571"},"modified":"2025-09-17T13:03:26","modified_gmt":"2025-09-17T11:03:26","slug":"eines-de-programacio-del-nou-curriculum","status":"publish","type":"page","link":"https:\/\/serveiseducatius.xtec.cat\/osona\/curriculum\/eines-de-programacio-del-nou-curriculum\/","title":{"rendered":"EINES DE PROGRAMACI\u00d3 DEL NOU CURR\u00cdCULUM"},"content":{"rendered":"<p>EAP, ELIC i CRP hem estat treballant conjuntament en l&#8217;elaboraci\u00f3 d&#8217;un model de pla de suport individualitzat amb algunes orientacions. En el <a href=\"https:\/\/drive.google.com\/file\/d\/1pBSsZM9wSgXnluXwdLPoEb8Nj5QTV483\/view?usp=sharing\">seg\u00fcent enlla\u00e7<\/a> hi trobareu el document elaborat.<\/p>\n<p>Us compartim diferents eines de programaci\u00f3 elaborades partint dels nous decrets d&#8217;ordenaci\u00f3 curricular de l&#8217;educaci\u00f3 infantil i l&#8217;educaci\u00f3 b\u00e0sica (Prim\u00e0ria i Secund\u00e0ria). S\u00f3n eines elaborades per diferents serveis educatius de Catalunya.<\/p>\n<table style=\"height: 807px; width: 99.5946%; border-collapse: collapse;\">\n<tbody>\n<tr style=\"height: 32px;\">\n<td style=\"width: 7.54546%; height: 47px;\"><strong>\u00a0<\/strong><\/td>\n<td style=\"width: 25.7879%; height: 47px;\"><strong>SITUACIONS D&#8217;APRENENTATGE<\/strong><\/td>\n<td style=\"width: 33.3333%; height: 47px;\"><strong>PLANS DE SUPORT INDIVIDUALITZAT<\/strong><\/td>\n<td style=\"width: 33.3333%; height: 47px;\"><strong>DIARIS CURRICULARS<\/strong><\/td>\n<\/tr>\n<tr style=\"height: 163px;\">\n<td style=\"width: 7.54546%; height: 176px;\"><strong>INFANTIL<\/strong><\/td>\n<td style=\"width: 25.7879%; height: 176px;\"><a href=\"https:\/\/docs.google.com\/spreadsheets\/d\/1hng1s7s1foLsOm3I5dQMVjV6LHd9kuVZeOAJitffmPY\/template\/preview\"><img loading=\"lazy\" decoding=\"async\" class=\"alignleft wp-image-11572 size-medium\" src=\"https:\/\/serveiseducatius.xtec.cat\/osona\/wp-content\/uploads\/usu1175\/2023\/04\/SA-infantil-SE-Urgell-IMATGE-300x142.png\" alt=\"\" width=\"300\" height=\"142\" srcset=\"https:\/\/serveiseducatius.xtec.cat\/osona\/wp-content\/uploads\/usu1175\/2023\/04\/SA-infantil-SE-Urgell-IMATGE-300x142.png 300w, https:\/\/serveiseducatius.xtec.cat\/osona\/wp-content\/uploads\/usu1175\/2023\/04\/SA-infantil-SE-Urgell-IMATGE.png 358w\" sizes=\"auto, (max-width: 300px) 100vw, 300px\" \/><\/a><\/td>\n<td style=\"width: 33.3333%; height: 176px;\"><a href=\"https:\/\/docs.google.com\/spreadsheets\/d\/1YrmFCDoeTHXcYNtUSwkKw6Iswi6ioHpsAKVpJZCrt14\/copy#gid=1856040772\"><img loading=\"lazy\" decoding=\"async\" class=\"alignleft wp-image-11707 size-medium\" src=\"https:\/\/serveiseducatius.xtec.cat\/osona\/wp-content\/uploads\/usu1175\/2023\/09\/PI-INF-300x149.png\" alt=\"\" width=\"300\" height=\"149\" srcset=\"https:\/\/serveiseducatius.xtec.cat\/osona\/wp-content\/uploads\/usu1175\/2023\/09\/PI-INF-300x149.png 300w, https:\/\/serveiseducatius.xtec.cat\/osona\/wp-content\/uploads\/usu1175\/2023\/09\/PI-INF-768x382.png 768w, https:\/\/serveiseducatius.xtec.cat\/osona\/wp-content\/uploads\/usu1175\/2023\/09\/PI-INF.png 875w\" sizes=\"auto, (max-width: 300px) 100vw, 300px\" \/><\/a><\/td>\n<td style=\"width: 33.3333%; height: 176px;\"><a href=\"https:\/\/docs.google.com\/spreadsheets\/d\/1IqrvNfIDPXV8jWZCV1BJKQHhBV8AKdEz\/edit?usp=share_link&amp;ouid=101706449540624800644&amp;rtpof=true&amp;sd=true\"><img loading=\"lazy\" decoding=\"async\" class=\"alignleft wp-image-11580 size-medium\" src=\"https:\/\/serveiseducatius.xtec.cat\/osona\/wp-content\/uploads\/usu1175\/2023\/04\/DIARI-INFANTIL-300x216.png\" alt=\"\" width=\"300\" height=\"216\" srcset=\"https:\/\/serveiseducatius.xtec.cat\/osona\/wp-content\/uploads\/usu1175\/2023\/04\/DIARI-INFANTIL-300x216.png 300w, https:\/\/serveiseducatius.xtec.cat\/osona\/wp-content\/uploads\/usu1175\/2023\/04\/DIARI-INFANTIL.png 657w\" sizes=\"auto, (max-width: 300px) 100vw, 300px\" \/><\/a><\/td>\n<\/tr>\n<tr style=\"height: 32px;\">\n<td style=\"width: 7.54546%; height: 340px;\"><strong>PRIM\u00c0RIA<\/strong><\/td>\n<td style=\"width: 25.7879%; height: 340px;\"><a href=\"https:\/\/docs.google.com\/spreadsheets\/d\/1rTqWPEUBqLUPvdnSIGoRsgVX1CBuF9N3\/edit?usp=share_link&amp;ouid=101706449540624800644&amp;rtpof=true&amp;sd=true\"><img loading=\"lazy\" decoding=\"async\" class=\"size-medium wp-image-11582 aligncenter\" src=\"https:\/\/serveiseducatius.xtec.cat\/osona\/wp-content\/uploads\/usu1175\/2023\/04\/SA-primaria-300x156.png\" alt=\"\" width=\"300\" height=\"156\" srcset=\"https:\/\/serveiseducatius.xtec.cat\/osona\/wp-content\/uploads\/usu1175\/2023\/04\/SA-primaria-300x156.png 300w, https:\/\/serveiseducatius.xtec.cat\/osona\/wp-content\/uploads\/usu1175\/2023\/04\/SA-primaria-1024x533.png 1024w, https:\/\/serveiseducatius.xtec.cat\/osona\/wp-content\/uploads\/usu1175\/2023\/04\/SA-primaria-768x400.png 768w, https:\/\/serveiseducatius.xtec.cat\/osona\/wp-content\/uploads\/usu1175\/2023\/04\/SA-primaria.png 1035w\" sizes=\"auto, (max-width: 300px) 100vw, 300px\" \/><\/a><a href=\"https:\/\/docs.google.com\/spreadsheets\/d\/1CneWJSMfG68aicSw2grkUP8iTuT5OoITTaA4H_uiESE\/template\/preview\"><img loading=\"lazy\" decoding=\"async\" class=\"alignleft wp-image-11574 size-medium\" src=\"https:\/\/serveiseducatius.xtec.cat\/osona\/wp-content\/uploads\/usu1175\/2023\/04\/SA-primaria-SE-Urgell-imatge-300x138.png\" alt=\"\" width=\"300\" height=\"138\" srcset=\"https:\/\/serveiseducatius.xtec.cat\/osona\/wp-content\/uploads\/usu1175\/2023\/04\/SA-primaria-SE-Urgell-imatge-300x138.png 300w, https:\/\/serveiseducatius.xtec.cat\/osona\/wp-content\/uploads\/usu1175\/2023\/04\/SA-primaria-SE-Urgell-imatge.png 355w\" sizes=\"auto, (max-width: 300px) 100vw, 300px\" \/><\/a><\/td>\n<td style=\"width: 33.3333%; height: 340px;\"><a href=\"https:\/\/docs.google.com\/spreadsheets\/d\/16Co5vuMZ-qhrjezh_aR7iPfZdqgey7cq\/edit?usp=share_link&amp;ouid=101706449540624800644&amp;rtpof=true&amp;sd=true\"><img loading=\"lazy\" decoding=\"async\" class=\"alignnone wp-image-11576 size-medium\" src=\"https:\/\/serveiseducatius.xtec.cat\/osona\/wp-content\/uploads\/usu1175\/2023\/04\/PI-Primaria-258x300.png\" alt=\"\" width=\"258\" height=\"300\" srcset=\"https:\/\/serveiseducatius.xtec.cat\/osona\/wp-content\/uploads\/usu1175\/2023\/04\/PI-Primaria-258x300.png 258w, https:\/\/serveiseducatius.xtec.cat\/osona\/wp-content\/uploads\/usu1175\/2023\/04\/PI-Primaria.png 541w\" sizes=\"auto, (max-width: 258px) 100vw, 258px\" \/><\/a><a href=\"https:\/\/docs.google.com\/document\/d\/1_EevEJqk-n0SpUrJdLCCB3f_3Mh94aSs\/edit?usp=sharing&amp;ouid=101706449540624800644&amp;rtpof=true&amp;sd=true\">MODEL SERVEI EDUCATIU D&#8217;OSONA<\/a><\/td>\n<td style=\"width: 33.3333%; height: 340px;\"><a href=\"https:\/\/docs.google.com\/spreadsheets\/d\/1chpwTHX6ob48b3Tz_RUxwMjqzRnrBHCW\/edit?usp=share_link&amp;ouid=101706449540624800644&amp;rtpof=true&amp;sd=true\"><img loading=\"lazy\" decoding=\"async\" class=\"alignleft size-medium wp-image-11581\" src=\"https:\/\/serveiseducatius.xtec.cat\/osona\/wp-content\/uploads\/usu1175\/2023\/04\/DIARI-PRIMARIA-300x264.png\" alt=\"\" width=\"300\" height=\"264\" srcset=\"https:\/\/serveiseducatius.xtec.cat\/osona\/wp-content\/uploads\/usu1175\/2023\/04\/DIARI-PRIMARIA-300x264.png 300w, https:\/\/serveiseducatius.xtec.cat\/osona\/wp-content\/uploads\/usu1175\/2023\/04\/DIARI-PRIMARIA.png 697w\" sizes=\"auto, (max-width: 300px) 100vw, 300px\" \/><\/a><\/td>\n<\/tr>\n<tr style=\"height: 32px;\">\n<td style=\"width: 7.54546%; height: 244px;\"><strong>SECUND\u00c0RIA<\/strong><\/td>\n<td style=\"width: 25.7879%; height: 244px;\"><a href=\"https:\/\/docs.google.com\/spreadsheets\/d\/1_menCu-2HCvsyqrizNWYRJnpORoP_gsx\/edit?usp=share_link&amp;ouid=101706449540624800644&amp;rtpof=true&amp;sd=true\"><img loading=\"lazy\" decoding=\"async\" class=\"size-medium wp-image-11583 aligncenter\" src=\"https:\/\/serveiseducatius.xtec.cat\/osona\/wp-content\/uploads\/usu1175\/2023\/04\/SA-SECUNDARIA-300x154.png\" alt=\"\" width=\"300\" height=\"154\" srcset=\"https:\/\/serveiseducatius.xtec.cat\/osona\/wp-content\/uploads\/usu1175\/2023\/04\/SA-SECUNDARIA-300x154.png 300w, https:\/\/serveiseducatius.xtec.cat\/osona\/wp-content\/uploads\/usu1175\/2023\/04\/SA-SECUNDARIA-1024x527.png 1024w, https:\/\/serveiseducatius.xtec.cat\/osona\/wp-content\/uploads\/usu1175\/2023\/04\/SA-SECUNDARIA-768x395.png 768w, https:\/\/serveiseducatius.xtec.cat\/osona\/wp-content\/uploads\/usu1175\/2023\/04\/SA-SECUNDARIA.png 1037w\" sizes=\"auto, (max-width: 300px) 100vw, 300px\" \/><\/a><a href=\"https:\/\/docs.google.com\/spreadsheets\/d\/1_5izqNTV7XeDDRwS0kNaHCksHhifiTLrh987btfu5cU\/template\/preview\"><img loading=\"lazy\" decoding=\"async\" class=\"alignleft wp-image-11575 size-medium\" src=\"https:\/\/serveiseducatius.xtec.cat\/osona\/wp-content\/uploads\/usu1175\/2023\/04\/SA-ESO-SE-Urgell-imatge-300x136.png\" alt=\"\" width=\"300\" height=\"136\" srcset=\"https:\/\/serveiseducatius.xtec.cat\/osona\/wp-content\/uploads\/usu1175\/2023\/04\/SA-ESO-SE-Urgell-imatge-300x136.png 300w, https:\/\/serveiseducatius.xtec.cat\/osona\/wp-content\/uploads\/usu1175\/2023\/04\/SA-ESO-SE-Urgell-imatge.png 407w\" sizes=\"auto, (max-width: 300px) 100vw, 300px\" \/><\/a><\/td>\n<td style=\"width: 33.3333%; height: 244px;\"><a href=\"https:\/\/docs.google.com\/spreadsheets\/d\/1Z2Mqs1uN78kxo2v-YtKSOzxv9oTp9CdA\/edit?usp=share_link&amp;ouid=101706449540624800644&amp;rtpof=true&amp;sd=true\" target=\"_blank\" rel=\"noopener\"><img loading=\"lazy\" decoding=\"async\" class=\"alignleft wp-image-11639 size-medium\" src=\"https:\/\/serveiseducatius.xtec.cat\/osona\/wp-content\/uploads\/usu1175\/2023\/06\/PI-ESO-250x300.png\" alt=\"\" width=\"250\" height=\"300\" srcset=\"https:\/\/serveiseducatius.xtec.cat\/osona\/wp-content\/uploads\/usu1175\/2023\/06\/PI-ESO-250x300.png 250w, https:\/\/serveiseducatius.xtec.cat\/osona\/wp-content\/uploads\/usu1175\/2023\/06\/PI-ESO.png 488w\" sizes=\"auto, (max-width: 250px) 100vw, 250px\" \/><\/a><\/p>\n<p><a href=\"https:\/\/docs.google.com\/document\/d\/1JZZx9o_cg6fFHxd__NshfDywU2bJwmgN\/edit?usp=sharing&amp;ouid=101706449540624800644&amp;rtpof=true&amp;sd=true\">MODEL SERVEI EDUCATIU D&#8217;OSONA<\/a><\/td>\n<td style=\"width: 33.3333%; height: 244px;\"><a href=\"https:\/\/docs.google.com\/spreadsheets\/d\/14ibdM3-qkLaytf0zjy61wMChSDpg0LNn\/edit?usp=share_link&amp;ouid=101706449540624800644&amp;rtpof=true&amp;sd=true\"><img loading=\"lazy\" decoding=\"async\" class=\"alignleft size-medium wp-image-11579\" src=\"https:\/\/serveiseducatius.xtec.cat\/osona\/wp-content\/uploads\/usu1175\/2023\/04\/DIARI-ESO-277x300.png\" alt=\"\" width=\"277\" height=\"300\" srcset=\"https:\/\/serveiseducatius.xtec.cat\/osona\/wp-content\/uploads\/usu1175\/2023\/04\/DIARI-ESO-277x300.png 277w, https:\/\/serveiseducatius.xtec.cat\/osona\/wp-content\/uploads\/usu1175\/2023\/04\/DIARI-ESO.png 537w\" sizes=\"auto, (max-width: 277px) 100vw, 277px\" \/><\/a><\/td>\n<\/tr>\n<\/tbody>\n<\/table>\n<p>Models PI del Departament d&#8217;Educaci\u00f3. <a href=\"https:\/\/projectes.xtec.cat\/nou-curriculum\/general\/novetat-nou-model-per-a-lelaboracio-del-pla-de-suport-individualitzat\/\">Cliqueu aquest enlla\u00e7.<\/a><\/p>\n<p><a href=\"https:\/\/projectes.xtec.cat\/nou-curriculum\/general\/novetat-nou-model-per-a-lelaboracio-del-pla-de-suport-individualitzat\/\"><img loading=\"lazy\" decoding=\"async\" class=\"alignleft wp-image-11708\" src=\"https:\/\/serveiseducatius.xtec.cat\/osona\/wp-content\/uploads\/usu1175\/2023\/09\/Captura-300x123.png\" alt=\"\" width=\"517\" height=\"212\" srcset=\"https:\/\/serveiseducatius.xtec.cat\/osona\/wp-content\/uploads\/usu1175\/2023\/09\/Captura-300x123.png 300w, https:\/\/serveiseducatius.xtec.cat\/osona\/wp-content\/uploads\/usu1175\/2023\/09\/Captura-1024x421.png 1024w, https:\/\/serveiseducatius.xtec.cat\/osona\/wp-content\/uploads\/usu1175\/2023\/09\/Captura-768x316.png 768w, https:\/\/serveiseducatius.xtec.cat\/osona\/wp-content\/uploads\/usu1175\/2023\/09\/Captura-1536x631.png 1536w, https:\/\/serveiseducatius.xtec.cat\/osona\/wp-content\/uploads\/usu1175\/2023\/09\/Captura.png 1827w\" sizes=\"auto, (max-width: 517px) 100vw, 517px\" \/><\/a><\/p>\n","protected":false},"excerpt":{"rendered":"<p>EAP, ELIC i CRP hem estat treballant conjuntament en l&#8217;elaboraci\u00f3 d&#8217;un model de pla de suport individualitzat amb algunes orientacions. [&hellip;]<\/p>\n","protected":false},"author":1,"featured_media":0,"parent":11629,"menu_order":0,"comment_status":"closed","ping_status":"closed","template":"","meta":{"_bbp_topic_count":0,"_bbp_reply_count":0,"_bbp_total_topic_count":0,"_bbp_total_reply_count":0,"_bbp_voice_count":0,"_bbp_anonymous_reply_count":0,"_bbp_topic_count_hidden":0,"_bbp_reply_count_hidden":0,"_bbp_forum_subforum_count":0,"site-sidebar-layout":"default","site-content-layout":"","ast-site-content-layout":"default","site-content-style":"default","site-sidebar-style":"default","ast-global-header-display":"","ast-banner-title-visibility":"","ast-main-header-display":"","ast-hfb-above-header-display":"","ast-hfb-below-header-display":"","ast-hfb-mobile-header-display":"","site-post-title":"","ast-breadcrumbs-content":"","ast-featured-img":"","footer-sml-layout":"","theme-transparent-header-meta":"","adv-header-id-meta":"","stick-header-meta":"","header-above-stick-meta":"","header-main-stick-meta":"","header-below-stick-meta":"","astra-migrate-meta-layouts":"set","ast-page-background-enabled":"default","ast-page-background-meta":{"desktop":{"background-color":"var(--ast-global-color-4)","background-image":"","background-repeat":"repeat","background-position":"center center","background-size":"auto","background-attachment":"scroll","background-type":"","background-media":"","overlay-type":"","overlay-color":"","overlay-opacity":"","overlay-gradient":""},"tablet":{"background-color":"","background-image":"","background-repeat":"repeat","background-position":"center center","background-size":"auto","background-attachment":"scroll","background-type":"","background-media":"","overlay-type":"","overlay-color":"","overlay-opacity":"","overlay-gradient":""},"mobile":{"background-color":"","background-image":"","background-repeat":"repeat","background-position":"center center","background-size":"auto","background-attachment":"scroll","background-type":"","background-media":"","overlay-type":"","overlay-color":"","overlay-opacity":"","overlay-gradient":""}},"ast-content-background-meta":{"desktop":{"background-color":"var(--ast-global-color-5)","background-image":"","background-repeat":"repeat","background-position":"center center","background-size":"auto","background-attachment":"scroll","background-type":"","background-media":"","overlay-type":"","overlay-color":"","overlay-opacity":"","overlay-gradient":""},"tablet":{"background-color":"var(--ast-global-color-5)","background-image":"","background-repeat":"repeat","background-position":"center center","background-size":"auto","background-attachment":"scroll","background-type":"","background-media":"","overlay-type":"","overlay-color":"","overlay-opacity":"","overlay-gradient":""},"mobile":{"background-color":"var(--ast-global-color-5)","background-image":"","background-repeat":"repeat","background-position":"center center","background-size":"auto","background-attachment":"scroll","background-type":"","background-media":"","overlay-type":"","overlay-color":"","overlay-opacity":"","overlay-gradient":""}},"footnotes":""},"class_list":["post-11571","page","type-page","status-publish","hentry"],"post_mailing_queue_ids":[],"_links":{"self":[{"href":"https:\/\/serveiseducatius.xtec.cat\/osona\/wp-json\/wp\/v2\/pages\/11571","targetHints":{"allow":["GET"]}}],"collection":[{"href":"https:\/\/serveiseducatius.xtec.cat\/osona\/wp-json\/wp\/v2\/pages"}],"about":[{"href":"https:\/\/serveiseducatius.xtec.cat\/osona\/wp-json\/wp\/v2\/types\/page"}],"author":[{"embeddable":true,"href":"https:\/\/serveiseducatius.xtec.cat\/osona\/wp-json\/wp\/v2\/users\/1"}],"replies":[{"embeddable":true,"href":"https:\/\/serveiseducatius.xtec.cat\/osona\/wp-json\/wp\/v2\/comments?post=11571"}],"version-history":[{"count":6,"href":"https:\/\/serveiseducatius.xtec.cat\/osona\/wp-json\/wp\/v2\/pages\/11571\/revisions"}],"predecessor-version":[{"id":12574,"href":"https:\/\/serveiseducatius.xtec.cat\/osona\/wp-json\/wp\/v2\/pages\/11571\/revisions\/12574"}],"up":[{"embeddable":true,"href":"https:\/\/serveiseducatius.xtec.cat\/osona\/wp-json\/wp\/v2\/pages\/11629"}],"wp:attachment":[{"href":"https:\/\/serveiseducatius.xtec.cat\/osona\/wp-json\/wp\/v2\/media?parent=11571"}],"curies":[{"name":"wp","href":"https:\/\/api.w.org\/{rel}","templated":true}]}}