{"id":10350,"date":"2021-05-12T17:03:25","date_gmt":"2021-05-12T15:03:25","guid":{"rendered":"http:\/\/serveiseducatius.xtec.cat\/osona\/?page_id=10350"},"modified":"2021-05-13T10:44:59","modified_gmt":"2021-05-13T08:44:59","slug":"congres-de-ciencia-feta-pels-infants-18a-edicio","status":"publish","type":"page","link":"https:\/\/serveiseducatius.xtec.cat\/osona\/dinamitzacio\/congres-de-ciencia-feta-per-infants\/congres-de-ciencia-feta-pels-infants-18a-edicio\/","title":{"rendered":"Congr\u00e9s de ci\u00e8ncia feta pels infants 18a edici\u00f3"},"content":{"rendered":"<p>Activitat adre\u00e7ada a totes les escoles d&#8217;Educaci\u00f3 Infantil i Prim\u00e0ria.<\/p>\n<p>Aquest curs es fa en format virtual el 20 de maig.<\/p>\n<p>Aqu\u00ed teniu l&#8217;enlla\u00e7 dels v\u00eddeos amb les investigacions que han fet els centres participants:<\/p>\n<p><a href=\"https:\/\/drive.google.com\/file\/d\/18Z6RBSi7XyEWT9Lbhvt5POc7zk-CiL3j\/view?usp=sharing\">Escola Bellpuig &#8211; Els canvis en els animals.<\/a><\/p>\n<p><a href=\"https:\/\/drive.google.com\/file\/d\/1ibI3ZNTStdo4g7cZWlkWDd2Eo_hMB2Ut\/view?usp=drivesdk\">Escola Dominiques Vic &#8211; Per qu\u00e8 veiem l\u2019arc de Sant Mart\u00ed al terra si no plou?<\/a><\/p>\n<p><a href=\"https:\/\/youtu.be\/8P3NHXIbW1U\">Escola L&#8217;Agullola &#8211; Prova de resist\u00e8ncia d\u2019enciams i escaroles.<\/a><\/p>\n<p><a href=\"https:\/\/drive.google.com\/file\/d\/1JqVzpK9DMK4nvSzZeS8ohqgRgOkRmntI\/view?usp=sharing\">Escola La Forja &#8211; Com \u00e9s que tenim microbis al nostre cos.<\/a><\/p>\n<p><a href=\"https:\/\/drive.google.com\/file\/d\/1MP1jO9m9a9n2ZTpQfTBBB06aztG3ZTLZ\/view?usp=sharing\">Escola Doctor Joaquim Salarich &#8211; Creixement de les verdures de l\u2019hort<\/a><\/p>\n<p><a href=\"https:\/\/youtu.be\/YtzDaJiQYMQ\">Escola El petit Miquel &#8211; Les maduixeres estan en perill<\/a><\/p>\n<p>&nbsp;<\/p>\n<h3>Objectius:<\/h3>\n<ul>\n<li>Estimular el treball cient\u00edfic que es realitza amb l&#8217;alumnat als centres.<\/li>\n<li>Proporcionar un espai on puguin comunicar els seus treballs i donar-los a con\u00e8ixer a la resta de companys.<\/li>\n<li>Incidir en l&#8217;aprenentatge de les diverses habilitats ling\u00fc\u00edstiques i de comunicaci\u00f3.<\/li>\n<\/ul>\n<h3>Organitzen:<\/h3>\n<p>El Departament de Did\u00e0ctica de les Arts i les Ci\u00e8ncies &#8211; Facultat de la Uvic &#8211; Universitat Central de Catalunya i CRP d&#8217;Osona.<\/p>\n<p>El congr\u00e9s forma part del programa <strong>\u201cUDivulga.Ci\u00e8ncia i Societat\u201d<\/strong>, programa que compta amb la col\u00b7laboraci\u00f3 de la <strong>Fundaci\u00f3n Espa\u00f1ola para la Ciencia y la Tecnolog\u00eda (FECYT) \u2013 Ministerio de Ciencia e Innovaci\u00f3n.<\/strong><\/p>\n","protected":false},"excerpt":{"rendered":"<p>Activitat adre\u00e7ada a totes les escoles d&#8217;Educaci\u00f3 Infantil i Prim\u00e0ria. Aquest curs es fa en format virtual el 20 de [&hellip;]<\/p>\n","protected":false},"author":1,"featured_media":0,"parent":8866,"menu_order":0,"comment_status":"closed","ping_status":"closed","template":"","meta":{"_bbp_topic_count":0,"_bbp_reply_count":0,"_bbp_total_topic_count":0,"_bbp_total_reply_count":0,"_bbp_voice_count":0,"_bbp_anonymous_reply_count":0,"_bbp_topic_count_hidden":0,"_bbp_reply_count_hidden":0,"_bbp_forum_subforum_count":0,"site-sidebar-layout":"default","site-content-layout":"","ast-site-content-layout":"","site-content-style":"default","site-sidebar-style":"default","ast-global-header-display":"","ast-banner-title-visibility":"","ast-main-header-display":"","ast-hfb-above-header-display":"","ast-hfb-below-header-display":"","ast-hfb-mobile-header-display":"","site-post-title":"","ast-breadcrumbs-content":"","ast-featured-img":"","footer-sml-layout":"","theme-transparent-header-meta":"","adv-header-id-meta":"","stick-header-meta":"","header-above-stick-meta":"","header-main-stick-meta":"","header-below-stick-meta":"","astra-migrate-meta-layouts":"default","ast-page-background-enabled":"default","ast-page-background-meta":{"desktop":{"background-color":"var(--ast-global-color-4)","background-image":"","background-repeat":"repeat","background-position":"center center","background-size":"auto","background-attachment":"scroll","background-type":"","background-media":"","overlay-type":"","overlay-color":"","overlay-opacity":"","overlay-gradient":""},"tablet":{"background-color":"","background-image":"","background-repeat":"repeat","background-position":"center center","background-size":"auto","background-attachment":"scroll","background-type":"","background-media":"","overlay-type":"","overlay-color":"","overlay-opacity":"","overlay-gradient":""},"mobile":{"background-color":"","background-image":"","background-repeat":"repeat","background-position":"center center","background-size":"auto","background-attachment":"scroll","background-type":"","background-media":"","overlay-type":"","overlay-color":"","overlay-opacity":"","overlay-gradient":""}},"ast-content-background-meta":{"desktop":{"background-color":"var(--ast-global-color-5)","background-image":"","background-repeat":"repeat","background-position":"center center","background-size":"auto","background-attachment":"scroll","background-type":"","background-media":"","overlay-type":"","overlay-color":"","overlay-opacity":"","overlay-gradient":""},"tablet":{"background-color":"var(--ast-global-color-5)","background-image":"","background-repeat":"repeat","background-position":"center center","background-size":"auto","background-attachment":"scroll","background-type":"","background-media":"","overlay-type":"","overlay-color":"","overlay-opacity":"","overlay-gradient":""},"mobile":{"background-color":"var(--ast-global-color-5)","background-image":"","background-repeat":"repeat","background-position":"center center","background-size":"auto","background-attachment":"scroll","background-type":"","background-media":"","overlay-type":"","overlay-color":"","overlay-opacity":"","overlay-gradient":""}},"footnotes":""},"class_list":["post-10350","page","type-page","status-publish","hentry"],"post_mailing_queue_ids":[],"_links":{"self":[{"href":"https:\/\/serveiseducatius.xtec.cat\/osona\/wp-json\/wp\/v2\/pages\/10350","targetHints":{"allow":["GET"]}}],"collection":[{"href":"https:\/\/serveiseducatius.xtec.cat\/osona\/wp-json\/wp\/v2\/pages"}],"about":[{"href":"https:\/\/serveiseducatius.xtec.cat\/osona\/wp-json\/wp\/v2\/types\/page"}],"author":[{"embeddable":true,"href":"https:\/\/serveiseducatius.xtec.cat\/osona\/wp-json\/wp\/v2\/users\/1"}],"replies":[{"embeddable":true,"href":"https:\/\/serveiseducatius.xtec.cat\/osona\/wp-json\/wp\/v2\/comments?post=10350"}],"version-history":[{"count":3,"href":"https:\/\/serveiseducatius.xtec.cat\/osona\/wp-json\/wp\/v2\/pages\/10350\/revisions"}],"predecessor-version":[{"id":10368,"href":"https:\/\/serveiseducatius.xtec.cat\/osona\/wp-json\/wp\/v2\/pages\/10350\/revisions\/10368"}],"up":[{"embeddable":true,"href":"https:\/\/serveiseducatius.xtec.cat\/osona\/wp-json\/wp\/v2\/pages\/8866"}],"wp:attachment":[{"href":"https:\/\/serveiseducatius.xtec.cat\/osona\/wp-json\/wp\/v2\/media?parent=10350"}],"curies":[{"name":"wp","href":"https:\/\/api.w.org\/{rel}","templated":true}]}}

Congrés de ciència feta pels infants 18a edició

<p>Activitat adreçada a totes les escoles d&#8217;Educació Infantil i Primària.</p>
<p>Aquest curs es fa en format virtual el 20 de maig.</p>
<p>Aquí teniu l&#8217;enllaç dels vídeos amb les investigacions que han fet els centres participants:</p>
<p><a href="https://drive.google.com/file/d/18Z6RBSi7XyEWT9Lbhvt5POc7zk-CiL3j/view?usp=sharing">Escola Bellpuig &#8211; Els canvis en els animals.</a></p>
<p><a href="https://drive.google.com/file/d/1ibI3ZNTStdo4g7cZWlkWDd2Eo_hMB2Ut/view?usp=drivesdk">Escola Dominiques Vic &#8211; Per què veiem l’arc de Sant Martí al terra si no plou?</a></p>
<p><a href="https://youtu.be/8P3NHXIbW1U">Escola L&#8217;Agullola &#8211; Prova de resistència d’enciams i escaroles.</a></p>
<p><a href="https://drive.google.com/file/d/1JqVzpK9DMK4nvSzZeS8ohqgRgOkRmntI/view?usp=sharing">Escola La Forja &#8211; Com és que tenim microbis al nostre cos.</a></p>
<p><a href="https://drive.google.com/file/d/1MP1jO9m9a9n2ZTpQfTBBB06aztG3ZTLZ/view?usp=sharing">Escola Doctor Joaquim Salarich &#8211; Creixement de les verdures de l’hort</a></p>
<p><a href="https://youtu.be/YtzDaJiQYMQ">Escola El petit Miquel &#8211; Les maduixeres estan en perill</a></p>
<p>&nbsp;</p>
<h3>Objectius:</h3>
<ul>
<li>Estimular el treball científic que es realitza amb l&#8217;alumnat als centres.</li>
<li>Proporcionar un espai on puguin comunicar els seus treballs i donar-los a conèixer a la resta de companys.</li>
<li>Incidir en l&#8217;aprenentatge de les diverses habilitats lingüístiques i de comunicació.</li>
</ul>
<h3>Organitzen:</h3>
<p>El Departament de Didàctica de les Arts i les Ciències &#8211; Facultat de la Uvic &#8211; Universitat Central de Catalunya i CRP d&#8217;Osona.</p>
<p>El congrés forma part del programa <strong>“UDivulga.Ciència i Societat”</strong>, programa que compta amb la col·laboració de la <strong>Fundación Española para la Ciencia y la Tecnología (FECYT) – Ministerio de Ciencia e Innovación.</strong></p>

<p>Activitat adreçada a totes les escoles d&#8217;Educació Infantil i Primària. Aquest curs es fa en format virtual el 20 de [&hellip;]</p>
