{"id":10260,"date":"2021-03-23T11:02:41","date_gmt":"2021-03-23T10:02:41","guid":{"rendered":"http:\/\/serveiseducatius.xtec.cat\/osona\/?page_id=10260"},"modified":"2021-03-23T11:02:41","modified_gmt":"2021-03-23T10:02:41","slug":"funcions-del-coordinador-digital-de-centre","status":"publish","type":"page","link":"https:\/\/serveiseducatius.xtec.cat\/osona\/recursos\/area-de-cultura-digital\/funcions-del-coordinador-digital-de-centre\/","title":{"rendered":"Funcions del coordinador digital de centre"},"content":{"rendered":"<h2><span style=\"font-weight: 400;\">Funcions del coordinador digital de centre<\/span><\/h2>\n<p><span style=\"font-weight: 400;\">Atesa la complexitat que implica la gesti\u00f3 coordinada de les TAC en un centre educatiu, les NOFC poden establir la figura d&#8217;un coordinador o coordinadora TAC com a responsable d&#8217;aquesta gesti\u00f3; les seves funcions principals s\u00f3n les seg\u00fcents:<\/span><\/p>\n<p>&nbsp;<\/p>\n<ul>\n<li style=\"font-weight: 400;\" aria-level=\"1\"><span style=\"font-weight: 400;\">Assessorar els professors del centre en l&#8217;\u00fas did\u00e0ctic de les TAC, aix\u00ed com orientar- los sobre la formaci\u00f3 en TAC, amb la col\u00b7laboraci\u00f3 dels serveis educatius de la zona.<\/span><\/li>\n<li style=\"font-weight: 400;\" aria-level=\"1\"><span style=\"font-weight: 400;\">Assessorar el director o directora, els professors i el personal d&#8217;administraci\u00f3 i serveis del centre en l&#8217;\u00fas de les aplicacions de gesti\u00f3 acad\u00e8mica, econ\u00f2mica i administrativa del Departament d&#8217;Ensenyament.<\/span><\/li>\n<li style=\"font-weight: 400;\" aria-level=\"1\"><span style=\"font-weight: 400;\">Vetllar pel manteniment de les instal\u00b7lacions i dels equipaments digitals del centre.<\/span><\/li>\n<li style=\"font-weight: 400;\" aria-level=\"1\"><span style=\"font-weight: 400;\">Vetllar pel compliment de la reglamentaci\u00f3 normativa i els est\u00e0ndards tecnol\u00f2gics.<\/span><\/li>\n<li style=\"font-weight: 400;\" aria-level=\"1\"><span style=\"font-weight: 400;\">Utilitzar preferentment programari i recursos digitals en catal\u00e0, d&#8217;acord amb el que estableix l&#8217;<\/span><a href=\"http:\/\/portaljuridic.gencat.cat\/ca\/pjur_ocults\/pjur_resultats_fitxa\/?action=fitxa&amp;amp;mode=single&amp;amp;documentId=171269&amp;amp;language=ca_ES&amp;amp;fragment-1122424\"><span style=\"font-weight: 400;\">article 20<\/span><\/a><span style=\"font-weight: 400;\"> de la Llei 1\/1998, de 7 de gener, de pol\u00edtica ling\u00fc\u00edstica.<\/span><\/li>\n<li style=\"font-weight: 400;\" aria-level=\"1\"><span style=\"font-weight: 400;\">Tenir cura dels criteris d&#8217;accessibilitat per seleccionar els recursos digitals als espais web del centre.<\/span><\/li>\n<li style=\"font-weight: 400;\" aria-level=\"1\"><span style=\"font-weight: 400;\">Incorporar la identificaci\u00f3 gr\u00e0fica adaptada al Programa d&#8217;identificaci\u00f3 visual de la Generalitat de Catalunya als espais web del centre.<\/span><\/li>\n<li style=\"font-weight: 400;\" aria-level=\"1\"><span style=\"font-weight: 400;\">Fer el seguiment dels serveis TIC, mitjan\u00e7ant les aplicacions disponibles a aquest efecte, en el marc de l&#8217;actual model TIC de la Generalitat de Catalunya.<\/span><\/li>\n<li style=\"font-weight: 400;\" aria-level=\"1\"><span style=\"font-weight: 400;\">Vetllar perqu\u00e8 tot el programari instal\u00b7lat en cadascun dels ordinadors del centre tingui la llic\u00e8ncia legal d&#8217;\u00fas corresponent.<\/span><\/li>\n<li style=\"font-weight: 400;\" aria-level=\"1\"><span style=\"font-weight: 400;\">Utilitzar formats basats en est\u00e0ndards oberts per a l&#8217;intercanvi de documents electr\u00f2nics.<\/span><\/li>\n<li style=\"font-weight: 400;\" aria-level=\"1\"><span style=\"font-weight: 400;\">Tenir cura que els materials digitals difosos pel centre i que siguin accessibles en l\u00ednia respectin els drets d&#8217;autoria i les llic\u00e8ncies d&#8217;\u00fas dels diferents elements que els integren (imatges, esquemes, textos, \u00e0udio, v\u00eddeo, etc.).<\/span><\/li>\n<li style=\"font-weight: 400;\" aria-level=\"1\"><span style=\"font-weight: 400;\">La publicaci\u00f3 de continguts que el mateix centre genera i que comparteix i difon a la xarxa s&#8217;ha de fer amb l&#8217;adopci\u00f3 de llic\u00e8ncies <\/span><a href=\"http:\/\/xtec.gencat.cat\/ca\/centres\/propintel_dretauto\/llicencies_cc\/\" target=\"_blank\" rel=\"noopener noreferrer\"><i><span style=\"font-weight: 400;\">Creative Commons.<\/span><\/i><\/a><\/li>\n<li style=\"font-weight: 400;\" aria-level=\"1\"><span style=\"font-weight: 400;\">Tenir cura de l&#8217;aplicaci\u00f3 de les <\/span><a href=\"http:\/\/xtec.gencat.cat\/ca\/recursos\/tecinformacio\/internet_segura\/documents\/\"><span style=\"font-weight: 400;\">mesures de protecci\u00f3 de continguts inadequats en l\u2019acc\u00e9s a Internet<\/span><\/a><span style=\"font-weight: 400;\">, acordades pel centre<\/span><\/li>\n<li style=\"font-weight: 400;\" aria-level=\"1\"><span style=\"font-weight: 400;\">Altres funcions que el director o directora del centre li encomani d&#8217;acord amb les directrius del Departament d&#8217;Ensenyament.<\/span><\/li>\n<\/ul>\n<h4>Grup de Telegram per la coordinaci\u00f3 digital a Osona.<\/h4>\n<p><a href=\"https:\/\/t.me\/joinchat\/QCBj99aa8xJhNDI0\" target=\"_blank\" rel=\"noopener noreferrer\"><img loading=\"lazy\" decoding=\"async\" class=\"alignleft size-full wp-image-10200\" src=\"https:\/\/serveiseducatius.xtec.cat\/osona\/wp-content\/uploads\/usu1175\/2021\/03\/logo_telegram.png\" alt=\"\" width=\"236\" height=\"236\" srcset=\"https:\/\/serveiseducatius.xtec.cat\/osona\/wp-content\/uploads\/usu1175\/2021\/03\/logo_telegram.png 236w, https:\/\/serveiseducatius.xtec.cat\/osona\/wp-content\/uploads\/usu1175\/2021\/03\/logo_telegram-150x150.png 150w\" sizes=\"auto, (max-width: 236px) 100vw, 236px\" \/><\/a><\/p>\n","protected":false},"excerpt":{"rendered":"<p>Funcions del coordinador digital de centre Atesa la complexitat que implica la gesti\u00f3 coordinada de les TAC en un centre [&hellip;]<\/p>\n","protected":false},"author":1,"featured_media":0,"parent":9956,"menu_order":0,"comment_status":"closed","ping_status":"closed","template":"","meta":{"_bbp_topic_count":0,"_bbp_reply_count":0,"_bbp_total_topic_count":0,"_bbp_total_reply_count":0,"_bbp_voice_count":0,"_bbp_anonymous_reply_count":0,"_bbp_topic_count_hidden":0,"_bbp_reply_count_hidden":0,"_bbp_forum_subforum_count":0,"site-sidebar-layout":"default","site-content-layout":"","ast-site-content-layout":"","site-content-style":"default","site-sidebar-style":"default","ast-global-header-display":"","ast-banner-title-visibility":"","ast-main-header-display":"","ast-hfb-above-header-display":"","ast-hfb-below-header-display":"","ast-hfb-mobile-header-display":"","site-post-title":"","ast-breadcrumbs-content":"","ast-featured-img":"","footer-sml-layout":"","theme-transparent-header-meta":"","adv-header-id-meta":"","stick-header-meta":"","header-above-stick-meta":"","header-main-stick-meta":"","header-below-stick-meta":"","astra-migrate-meta-layouts":"default","ast-page-background-enabled":"default","ast-page-background-meta":{"desktop":{"background-color":"var(--ast-global-color-4)","background-image":"","background-repeat":"repeat","background-position":"center center","background-size":"auto","background-attachment":"scroll","background-type":"","background-media":"","overlay-type":"","overlay-color":"","overlay-opacity":"","overlay-gradient":""},"tablet":{"background-color":"","background-image":"","background-repeat":"repeat","background-position":"center center","background-size":"auto","background-attachment":"scroll","background-type":"","background-media":"","overlay-type":"","overlay-color":"","overlay-opacity":"","overlay-gradient":""},"mobile":{"background-color":"","background-image":"","background-repeat":"repeat","background-position":"center center","background-size":"auto","background-attachment":"scroll","background-type":"","background-media":"","overlay-type":"","overlay-color":"","overlay-opacity":"","overlay-gradient":""}},"ast-content-background-meta":{"desktop":{"background-color":"var(--ast-global-color-5)","background-image":"","background-repeat":"repeat","background-position":"center center","background-size":"auto","background-attachment":"scroll","background-type":"","background-media":"","overlay-type":"","overlay-color":"","overlay-opacity":"","overlay-gradient":""},"tablet":{"background-color":"var(--ast-global-color-5)","background-image":"","background-repeat":"repeat","background-position":"center center","background-size":"auto","background-attachment":"scroll","background-type":"","background-media":"","overlay-type":"","overlay-color":"","overlay-opacity":"","overlay-gradient":""},"mobile":{"background-color":"var(--ast-global-color-5)","background-image":"","background-repeat":"repeat","background-position":"center center","background-size":"auto","background-attachment":"scroll","background-type":"","background-media":"","overlay-type":"","overlay-color":"","overlay-opacity":"","overlay-gradient":""}},"footnotes":""},"class_list":["post-10260","page","type-page","status-publish","hentry"],"post_mailing_queue_ids":[],"_links":{"self":[{"href":"https:\/\/serveiseducatius.xtec.cat\/osona\/wp-json\/wp\/v2\/pages\/10260","targetHints":{"allow":["GET"]}}],"collection":[{"href":"https:\/\/serveiseducatius.xtec.cat\/osona\/wp-json\/wp\/v2\/pages"}],"about":[{"href":"https:\/\/serveiseducatius.xtec.cat\/osona\/wp-json\/wp\/v2\/types\/page"}],"author":[{"embeddable":true,"href":"https:\/\/serveiseducatius.xtec.cat\/osona\/wp-json\/wp\/v2\/users\/1"}],"replies":[{"embeddable":true,"href":"https:\/\/serveiseducatius.xtec.cat\/osona\/wp-json\/wp\/v2\/comments?post=10260"}],"version-history":[{"count":1,"href":"https:\/\/serveiseducatius.xtec.cat\/osona\/wp-json\/wp\/v2\/pages\/10260\/revisions"}],"predecessor-version":[{"id":10261,"href":"https:\/\/serveiseducatius.xtec.cat\/osona\/wp-json\/wp\/v2\/pages\/10260\/revisions\/10261"}],"up":[{"embeddable":true,"href":"https:\/\/serveiseducatius.xtec.cat\/osona\/wp-json\/wp\/v2\/pages\/9956"}],"wp:attachment":[{"href":"https:\/\/serveiseducatius.xtec.cat\/osona\/wp-json\/wp\/v2\/media?parent=10260"}],"curies":[{"name":"wp","href":"https:\/\/api.w.org\/{rel}","templated":true}]}}