{"id":10021,"date":"2021-02-10T09:25:13","date_gmt":"2021-02-10T08:25:13","guid":{"rendered":"http:\/\/serveiseducatius.xtec.cat\/osona\/?page_id=10021"},"modified":"2024-11-12T12:30:32","modified_gmt":"2024-11-12T11:30:32","slug":"coeducacio","status":"publish","type":"page","link":"https:\/\/serveiseducatius.xtec.cat\/osona\/recursos\/catalegs-tematics\/coeducacio\/","title":{"rendered":"COCOBE:  coeducaci\u00f3, conviv\u00e8ncia i benestar"},"content":{"rendered":"<h3>Coeducaci\u00f3, conviv\u00e8ncia i benestar<\/h3>\n<p>El curs 23-24 es va posar en marxa la figura del <a href=\"https:\/\/educacio.gencat.cat\/ca\/actualitat\/notes-premsa\/nota-premsa\/?id=565448\" target=\"_blank\" rel=\"noopener\"><strong>coordinador o coordinadora de coeducaci\u00f3, conviv\u00e8ncia i benestar<\/strong><\/a>\u00a0emocional, amb m\u00e9s de 3.400 coordinadors, un per a cada centre educatiu. La persona designada t\u00e9 com a objectiu\u00a0<strong>vetllar per la conviv\u00e8ncia, la coeducaci\u00f3 i el benestar emocional de tot l\u2019alumnat i ser la persona referent en aquestes mat\u00e8ries per a l\u2019alumnat i el professorat del centre.<\/strong><\/p>\n<table>\n<tbody>\n<tr>\n<td>Entre les seves\u00a0<strong>principals funcions<\/strong>, destaquen:<\/p>\n<ol>\n<li><strong>Vetllar perqu\u00e8 el projecte educatiu del centre incorpori els vectors de benestar emocional, coeducaci\u00f3, ciutadania democr\u00e0tica i consci\u00e8ncia global.<\/strong><\/li>\n<li><strong>Garantir el respecte de tot l\u2019alumnat.<\/strong><\/li>\n<li><strong>Fomentar entre la comunitat educativa l\u2019\u00fas de m\u00e8todes de resoluci\u00f3 pac\u00edfica dels conflictes.<\/strong><\/li>\n<li><strong>Promoure estrat\u00e8gies per identificar possibles situacions de risc i impulsar les mesures d\u2019intervenci\u00f3.<\/strong><\/li>\n<li><strong>Donar a con\u00e8ixer i proposar activitats formatives adre\u00e7ades a la comunitat educativa sobre aquest \u00e0mbit.<\/strong><\/li>\n<\/ol>\n<\/td>\n<\/tr>\n<\/tbody>\n<\/table>\n<p>La coeducaci\u00f3 \u00e9s l\u2019acci\u00f3 educativa fonamentada en el reconeixement de les potencialitats i individualitats de tot l\u2019alumnat, independentment del seu sexe, potenciant aix\u00ed la igualtat real d\u2019oportunitats.<\/p>\n<p>La igualtat de g\u00e8nere fa refer\u00e8ncia a la necessitat de corregir les discriminacions i valorar les difer\u00e8ncies enriquidores dels dos sexes.<\/p>\n<p>La coeducaci\u00f3 proporciona tant a l\u2019alumnat, com al professorat i a tota la comunitat educativa, estrat\u00e8gies que poden modificar les relacions de poder, d\u2019ab\u00fas i de limitacions estereotipades per a cada g\u00e8nere, esdevenint veritables agents de transformaci\u00f3.<\/p>\n<p>Una bona acci\u00f3 coeducadora tant a nivell de centre, com d\u2019aula i entorn \u00e9s fonamental per prevenir la viol\u00e8ncia masclista i LGTBIf\u00f2bica, per reduir conductes de risc i per facilitar la detecci\u00f3 prematura de relacions abusives.<\/p>\n<p>\u00c9s per aquest motiu que des del CRP d&#8217;Osona posem a la vostra disposici\u00f3 un recull de materials, tant de pr\u00e9stec f\u00edsic com de consulta on-line perqu\u00e8 pugueu treballar aquests temes als centres amb els vostres alumnes.<\/p>\n<h4>Materials en pr\u00e9stec<\/h4>\n<p><a href=\"https:\/\/view.genially.com\/647f271bbc62140019e73eab\/interactive-content-mapa\"><img loading=\"lazy\" decoding=\"async\" class=\"alignleft size-large wp-image-12043\" src=\"https:\/\/serveiseducatius.xtec.cat\/osona\/wp-content\/uploads\/usu1175\/2024\/10\/coe-1024x572.png\" alt=\"\" width=\"1024\" height=\"572\" srcset=\"https:\/\/serveiseducatius.xtec.cat\/osona\/wp-content\/uploads\/usu1175\/2024\/10\/coe-1024x572.png 1024w, https:\/\/serveiseducatius.xtec.cat\/osona\/wp-content\/uploads\/usu1175\/2024\/10\/coe-300x168.png 300w, https:\/\/serveiseducatius.xtec.cat\/osona\/wp-content\/uploads\/usu1175\/2024\/10\/coe-768x429.png 768w, https:\/\/serveiseducatius.xtec.cat\/osona\/wp-content\/uploads\/usu1175\/2024\/10\/coe.png 1273w\" sizes=\"auto, (max-width: 1024px) 100vw, 1024px\" \/><\/a><\/p>\n<p>&nbsp;<\/p>\n<p>&nbsp;<\/p>\n<p>&nbsp;<\/p>\n<p>&nbsp;<\/p>\n<h4><\/h4>\n<h4><\/h4>\n<h4><\/h4>\n<h4><\/h4>\n<h4><\/h4>\n<h4><\/h4>\n<h4><\/h4>\n<h4><\/h4>\n<h4><\/h4>\n<h4><\/h4>\n<h4>Materials on-line<\/h4>\n<p><iframe loading=\"lazy\" src=\"https:\/\/edumet.cat\/areatac\/presentacions\/index.php?ID=13gD-VqUB5kwa7y5-WYjVtePknanneUN8ALz4bdC-t2s&amp;config=Model_1\" width=\"75%\" height=\"800px\"><span style=\"display: inline-block; width: 0px; overflow: hidden; line-height: 0;\" data-mce-type=\"bookmark\" class=\"mce_SELRES_start\">\ufeff<\/span><span style=\"display: inline-block; width: 0px; overflow: hidden; line-height: 0;\" data-mce-type=\"bookmark\" class=\"mce_SELRES_start\">\ufeff<\/span><span style=\"display: inline-block; width: 0px; overflow: hidden; line-height: 0;\" data-mce-type=\"bookmark\" class=\"mce_SELRES_start\">\ufeff<\/span><span style=\"display: inline-block; width: 0px; overflow: hidden; line-height: 0;\" data-mce-type=\"bookmark\" class=\"mce_SELRES_start\">\ufeff<\/span><span style=\"display: inline-block; width: 0px; overflow: hidden; line-height: 0;\" data-mce-type=\"bookmark\" class=\"mce_SELRES_start\">\ufeff<\/span><\/iframe><\/p>\n<h4>Enlla\u00e7os d&#8217;inter\u00e8s<\/h4>\n<p><a href=\"https:\/\/blocs.xtec.cat\/coeducacioiigualtat\/\">Bloc del Coeduca&#8217;t<\/a> (Departament d&#8217;Educaci\u00f3 i Formaci\u00f3 Professional)<\/p>\n<p><a href=\"https:\/\/sites.google.com\/view\/coeducacio\/inici\">Sites de Gemma Llor\u00e0 i Cullet amb informaci\u00f3 i recursos de coeducaci\u00f3<\/a><\/p>\n<p>Maleta pedag\u00f2gica per l&#8217;educaci\u00f3 secund\u00e0ria. Benestar emocional als centres educatius.<a href=\"https:\/\/view.genially.com\/658176d09fa6000014b5993d\/guide-benestem-uao-2024\"> Genially BEnESTEM<\/a><\/p>\n<p><a href=\"https:\/\/projectes.xtec.cat\/alumnat\/\">Acompanyament a l&#8217;alumnat<\/a><\/p>\n<p><a href=\"https:\/\/educacio.gencat.cat\/ca\/departament\/linies-estrategiques\/coeducacio\/index.html\">Departament d&#8217;Educaci\u00f3 i Formaci\u00f3 Professional<\/a><\/p>\n<p class=\"entry-title\"><a href=\"https:\/\/escoles.fundesplai.org\/blog\/lleure\/recull-dactivitats-per-la-coeducacio-i-la-igualtat-de-genere-a-lescola\/\" target=\"_blank\" rel=\"noopener noreferrer\">Recull d\u2019activitats per la igualtat de g\u00e8nere a l\u2019escola i l\u2019esplai<\/a> (Fundesplai)<\/p>\n<p><a href=\"http:\/\/educarenigualdad.org\/material\" target=\"_blank\" rel=\"noopener noreferrer\">Educar en igualdad<\/a> (Fundaci\u00f3n Mujeres)<\/p>\n<h4>Organismes i entitats relacionades<\/h4>\n<p><a href=\"https:\/\/dones.gencat.cat\/ca\/ambits\/coeducacio\/\" target=\"_blank\" rel=\"noopener noreferrer\">Institut Catal\u00e0 de les Dones.<\/a><\/p>\n<p><a href=\"http:\/\/www.educacionyfp.gob.es\/mc\/intercambia\/presentacion.html\" target=\"_blank\" rel=\"noopener noreferrer\">Intercambia<\/a> (Ministerio de educaci\u00f3n y formaci\u00f3n profesional)<\/p>\n<p>&nbsp;<\/p>\n<p>&nbsp;<\/p>\n","protected":false},"excerpt":{"rendered":"<p>Coeducaci\u00f3, conviv\u00e8ncia i benestar El curs 23-24 es va posar en marxa la figura del coordinador o coordinadora de coeducaci\u00f3, [&hellip;]<\/p>\n","protected":false},"author":1,"featured_media":0,"parent":9626,"menu_order":0,"comment_status":"closed","ping_status":"closed","template":"","meta":{"_bbp_topic_count":0,"_bbp_reply_count":0,"_bbp_total_topic_count":0,"_bbp_total_reply_count":0,"_bbp_voice_count":0,"_bbp_anonymous_reply_count":0,"_bbp_topic_count_hidden":0,"_bbp_reply_count_hidden":0,"_bbp_forum_subforum_count":0,"site-sidebar-layout":"default","site-content-layout":"","ast-site-content-layout":"","site-content-style":"default","site-sidebar-style":"default","ast-global-header-display":"","ast-banner-title-visibility":"","ast-main-header-display":"","ast-hfb-above-header-display":"","ast-hfb-below-header-display":"","ast-hfb-mobile-header-display":"","site-post-title":"","ast-breadcrumbs-content":"","ast-featured-img":"","footer-sml-layout":"","theme-transparent-header-meta":"","adv-header-id-meta":"","stick-header-meta":"","header-above-stick-meta":"","header-main-stick-meta":"","header-below-stick-meta":"","astra-migrate-meta-layouts":"default","ast-page-background-enabled":"default","ast-page-background-meta":{"desktop":{"background-color":"var(--ast-global-color-4)","background-image":"","background-repeat":"repeat","background-position":"center center","background-size":"auto","background-attachment":"scroll","background-type":"","background-media":"","overlay-type":"","overlay-color":"","overlay-opacity":"","overlay-gradient":""},"tablet":{"background-color":"","background-image":"","background-repeat":"repeat","background-position":"center center","background-size":"auto","background-attachment":"scroll","background-type":"","background-media":"","overlay-type":"","overlay-color":"","overlay-opacity":"","overlay-gradient":""},"mobile":{"background-color":"","background-image":"","background-repeat":"repeat","background-position":"center center","background-size":"auto","background-attachment":"scroll","background-type":"","background-media":"","overlay-type":"","overlay-color":"","overlay-opacity":"","overlay-gradient":""}},"ast-content-background-meta":{"desktop":{"background-color":"var(--ast-global-color-5)","background-image":"","background-repeat":"repeat","background-position":"center center","background-size":"auto","background-attachment":"scroll","background-type":"","background-media":"","overlay-type":"","overlay-color":"","overlay-opacity":"","overlay-gradient":""},"tablet":{"background-color":"var(--ast-global-color-5)","background-image":"","background-repeat":"repeat","background-position":"center center","background-size":"auto","background-attachment":"scroll","background-type":"","background-media":"","overlay-type":"","overlay-color":"","overlay-opacity":"","overlay-gradient":""},"mobile":{"background-color":"var(--ast-global-color-5)","background-image":"","background-repeat":"repeat","background-position":"center center","background-size":"auto","background-attachment":"scroll","background-type":"","background-media":"","overlay-type":"","overlay-color":"","overlay-opacity":"","overlay-gradient":""}},"footnotes":""},"class_list":["post-10021","page","type-page","status-publish","hentry"],"post_mailing_queue_ids":[],"_links":{"self":[{"href":"https:\/\/serveiseducatius.xtec.cat\/osona\/wp-json\/wp\/v2\/pages\/10021","targetHints":{"allow":["GET"]}}],"collection":[{"href":"https:\/\/serveiseducatius.xtec.cat\/osona\/wp-json\/wp\/v2\/pages"}],"about":[{"href":"https:\/\/serveiseducatius.xtec.cat\/osona\/wp-json\/wp\/v2\/types\/page"}],"author":[{"embeddable":true,"href":"https:\/\/serveiseducatius.xtec.cat\/osona\/wp-json\/wp\/v2\/users\/1"}],"replies":[{"embeddable":true,"href":"https:\/\/serveiseducatius.xtec.cat\/osona\/wp-json\/wp\/v2\/comments?post=10021"}],"version-history":[{"count":5,"href":"https:\/\/serveiseducatius.xtec.cat\/osona\/wp-json\/wp\/v2\/pages\/10021\/revisions"}],"predecessor-version":[{"id":12089,"href":"https:\/\/serveiseducatius.xtec.cat\/osona\/wp-json\/wp\/v2\/pages\/10021\/revisions\/12089"}],"up":[{"embeddable":true,"href":"https:\/\/serveiseducatius.xtec.cat\/osona\/wp-json\/wp\/v2\/pages\/9626"}],"wp:attachment":[{"href":"https:\/\/serveiseducatius.xtec.cat\/osona\/wp-json\/wp\/v2\/media?parent=10021"}],"curies":[{"name":"wp","href":"https:\/\/api.w.org\/{rel}","templated":true}]}}