{"id":3879,"date":"2018-11-13T12:06:16","date_gmt":"2018-11-13T11:06:16","guid":{"rendered":"http:\/\/serveiseducatius.xtec.cat\/noubarris\/?page_id=3879"},"modified":"2025-07-27T09:42:56","modified_gmt":"2025-07-27T07:42:56","slug":"instituts-escola","status":"publish","type":"page","link":"https:\/\/serveiseducatius.xtec.cat\/noubarris\/comunitat\/centres-educatius\/instituts-escola\/","title":{"rendered":"Instituts-Escola"},"content":{"rendered":"<p><a href=\"http:\/\/www.edubcn.cat\/ca\/centres_serveis_educatius\/centres_educatius\/cercador#\/centres\/\/1\/\/\/\/8\/\/-32761\/-2147483610\/-2147482900\/\" target=\"_blank\" rel=\"noopener noreferrer\">Mapa del centres de la zona Consorci d\u2019Educaci\u00f3 de Barcelona<\/a><\/p>\n<p><strong>Institut-Escola Antaviana<br \/>\n<\/strong>Carrer Nou Barris 12,<br \/>\nTel: 93 353 87 93<br \/>\nCorreu electr\u00f2nic:\u00a0a8047741@xtec.cat<strong><br \/>\n<\/strong><a href=\"https:\/\/escolantaviana.org\/\">Web<\/a><\/p>\n<p><strong>Institut Escola Art\u00edstic Oriol Martorell<br \/>\n<\/strong>Ctra. Alta de les Roquetes,\u00a070<br \/>\nTel.\u00a0934279000<br \/>\nCorreu electr\u00f2nic: a8053571@xtec.cat<br \/>\n<a href=\"http:\/\/agora.xtec.cat\/ieaoriolmartorell\/\" target=\"_blank\" rel=\"noopener noreferrer\">Web<\/a><\/p>\n<p><strong>Institut-Escola Canyelles<br \/>\n<\/strong>C. Miguel Hern\u00e1ndez, 11<br \/>\nTel.\u00a0934272667<br \/>\nCorreu electr\u00f2nic: a8079304@xtec.cat<br \/>\n<a href=\"https:\/\/agora.xtec.cat\/ceip-tomas-moro\/\">Web<\/a><\/p>\n<p><strong>Ins<\/strong><strong>titut-Escola El Mol\u00ed<br \/>\n<\/strong>C. Mol\u00ed,\u00a057<br \/>\nTel.\u00a0933543011<br \/>\nCorreu electr\u00f2nic: a8077964@xtec.cat<br \/>\n<a href=\"https:\/\/agora.xtec.cat\/ieelmoli\/\">Web<\/a><\/p>\n<p><strong>Institut Escola Trinitat Nova<br \/>\n<\/strong>C. Pedrosa, 2<br \/>\nTel.\u00a0933592500<br \/>\nCorreu electr\u00f2nic:\u00a0\u00a0ietrinitatnova@ietn.cat<br \/>\n<a href=\"http:\/\/agora.xtec.cat\/ietn\/\">Web<\/a><\/p>\n<p><strong>Institut Escola Tur\u00f3 de les Roquetes<br \/>\n<\/strong>C. Artesan\u00eda, 81<br \/>\nTel.\u00a0932809101<br \/>\nCorreu electr\u00f2nic: a8072292@xtec.cat<br \/>\n<a href=\"http:\/\/agora.xtec.cat\/insesturo-roquetes\/moodle\/?lang=es\" target=\"_blank\" rel=\"noopener noreferrer\">Web<\/a><\/p>\n<p><strong>Institut- Escola Ferrer i Gu\u00e0rdia<br \/>\n<\/strong>C. Pedraforca,\u00a05<br \/>\nTel.\u00a0933507486<br \/>\nCorreu electr\u00f2nic: a8078786<span class=\"atwho-query\">@xtec.cat<\/span><br \/>\nWeb<\/p>\n<p><strong>Institut-Escola Mestre Morera<br \/>\n<\/strong>C.\u00a0Perafita. 48<br \/>\nTel.\u00a0933506600<br \/>\nCorreu electr\u00f2nic: a8078798@xtec.cat<br \/>\n<a href=\"http:\/\/agora.xtec.cat\/escolamestremorera\/\" target=\"_blank\" rel=\"noopener noreferrer\">Web<\/a><\/p>\n<p><strong>Institut- Escola Elisenda de Montcada<br \/>\n<\/strong>C. Vallcivera, 1<br \/>\nTel.\u00a0933592941<br \/>\nCorreu electr\u00f2nic: a8078774@xtec.cat<br \/>\n<a href=\"http:\/\/sites.google.com\/site\/escolaelisenda3\/\" target=\"_blank\" rel=\"noopener noreferrer\">Web<\/a><\/p>\n<p><strong>Institut-Escola Ciutat Comtal<br \/>\n<\/strong>C. Pujalt,\u00a06-8<br \/>\nTel.\u00a0933592942<br \/>\nCorreu electr\u00f2nic: a8078762@xtec.cat<br \/>\n<a href=\"http:\/\/agora.xtec.cat\/escolaciutatcomtal\/\" target=\"_blank\" rel=\"noopener noreferrer\">Web<\/a><\/p>\n","protected":false},"excerpt":{"rendered":"<p>Mapa del centres de la zona Consorci d\u2019Educaci\u00f3 de Barcelona Institut-Escola Antaviana Carrer Nou Barris 12, Tel: 93 353 87 93 Correu electr\u00f2nic:\u00a0a8047741@xtec.cat Web Institut Escola Art\u00edstic Oriol Martorell Ctra. Alta de les Roquetes,\u00a070 Tel.\u00a0934279000 Correu electr\u00f2nic: a8053571@xtec.cat Web Institut-Escola Canyelles C. Miguel Hern\u00e1ndez, 11 Tel.\u00a0934272667 Correu electr\u00f2nic: a8079304@xtec.cat Web Institut-Escola El Mol\u00ed C. Mol\u00ed,\u00a057 [&hellip;]<\/p>\n","protected":false},"author":1,"featured_media":0,"parent":338,"menu_order":70,"comment_status":"closed","ping_status":"closed","template":"page-templates\/side-menu.php","meta":{"_bbp_topic_count":0,"_bbp_reply_count":0,"_bbp_total_topic_count":0,"_bbp_total_reply_count":0,"_bbp_voice_count":0,"_bbp_anonymous_reply_count":0,"_bbp_topic_count_hidden":0,"_bbp_reply_count_hidden":0,"_bbp_forum_subforum_count":0,"site-sidebar-layout":"default","site-content-layout":"","ast-site-content-layout":"","site-content-style":"default","site-sidebar-style":"default","ast-global-header-display":"","ast-banner-title-visibility":"","ast-main-header-display":"","ast-hfb-above-header-display":"","ast-hfb-below-header-display":"","ast-hfb-mobile-header-display":"","site-post-title":"","ast-breadcrumbs-content":"","ast-featured-img":"","footer-sml-layout":"","theme-transparent-header-meta":"","adv-header-id-meta":"","stick-header-meta":"","header-above-stick-meta":"","header-main-stick-meta":"","header-below-stick-meta":"","astra-migrate-meta-layouts":"default","ast-page-background-enabled":"default","ast-page-background-meta":{"desktop":{"background-color":"var(--ast-global-color-4)","background-image":"","background-repeat":"repeat","background-position":"center center","background-size":"auto","background-attachment":"scroll","background-type":"","background-media":"","overlay-type":"","overlay-color":"","overlay-opacity":"","overlay-gradient":""},"tablet":{"background-color":"","background-image":"","background-repeat":"repeat","background-position":"center center","background-size":"auto","background-attachment":"scroll","background-type":"","background-media":"","overlay-type":"","overlay-color":"","overlay-opacity":"","overlay-gradient":""},"mobile":{"background-color":"","background-image":"","background-repeat":"repeat","background-position":"center center","background-size":"auto","background-attachment":"scroll","background-type":"","background-media":"","overlay-type":"","overlay-color":"","overlay-opacity":"","overlay-gradient":""}},"ast-content-background-meta":{"desktop":{"background-color":"var(--ast-global-color-5)","background-image":"","background-repeat":"repeat","background-position":"center center","background-size":"auto","background-attachment":"scroll","background-type":"","background-media":"","overlay-type":"","overlay-color":"","overlay-opacity":"","overlay-gradient":""},"tablet":{"background-color":"var(--ast-global-color-5)","background-image":"","background-repeat":"repeat","background-position":"center center","background-size":"auto","background-attachment":"scroll","background-type":"","background-media":"","overlay-type":"","overlay-color":"","overlay-opacity":"","overlay-gradient":""},"mobile":{"background-color":"var(--ast-global-color-5)","background-image":"","background-repeat":"repeat","background-position":"center center","background-size":"auto","background-attachment":"scroll","background-type":"","background-media":"","overlay-type":"","overlay-color":"","overlay-opacity":"","overlay-gradient":""}},"footnotes":""},"class_list":["post-3879","page","type-page","status-publish","hentry"],"post_mailing_queue_ids":[],"_links":{"self":[{"href":"https:\/\/serveiseducatius.xtec.cat\/noubarris\/wp-json\/wp\/v2\/pages\/3879","targetHints":{"allow":["GET"]}}],"collection":[{"href":"https:\/\/serveiseducatius.xtec.cat\/noubarris\/wp-json\/wp\/v2\/pages"}],"about":[{"href":"https:\/\/serveiseducatius.xtec.cat\/noubarris\/wp-json\/wp\/v2\/types\/page"}],"author":[{"embeddable":true,"href":"https:\/\/serveiseducatius.xtec.cat\/noubarris\/wp-json\/wp\/v2\/users\/1"}],"replies":[{"embeddable":true,"href":"https:\/\/serveiseducatius.xtec.cat\/noubarris\/wp-json\/wp\/v2\/comments?post=3879"}],"version-history":[{"count":6,"href":"https:\/\/serveiseducatius.xtec.cat\/noubarris\/wp-json\/wp\/v2\/pages\/3879\/revisions"}],"predecessor-version":[{"id":8084,"href":"https:\/\/serveiseducatius.xtec.cat\/noubarris\/wp-json\/wp\/v2\/pages\/3879\/revisions\/8084"}],"up":[{"embeddable":true,"href":"https:\/\/serveiseducatius.xtec.cat\/noubarris\/wp-json\/wp\/v2\/pages\/338"}],"wp:attachment":[{"href":"https:\/\/serveiseducatius.xtec.cat\/noubarris\/wp-json\/wp\/v2\/media?parent=3879"}],"curies":[{"name":"wp","href":"https:\/\/api.w.org\/{rel}","templated":true}]}}