{"id":379,"date":"2015-11-25T14:19:13","date_gmt":"2015-11-25T13:19:13","guid":{"rendered":"http:\/\/serveiseducatius.xtec.cat\/se-noubarris\/?page_id=379"},"modified":"2025-07-27T09:38:18","modified_gmt":"2025-07-27T07:38:18","slug":"educacio-infantil-i-primaria","status":"publish","type":"page","link":"https:\/\/serveiseducatius.xtec.cat\/noubarris\/comunitat\/centres-educatius\/educacio-infantil-i-primaria\/","title":{"rendered":"Educaci\u00f3 infantil i prim\u00e0ria"},"content":{"rendered":"<p><a href=\"http:\/\/www.edubcn.cat\/ca\/centres_serveis_educatius\/centres_educatius\/cercador#\/centres\/\/1\/\/\/\/8\/\/-32762\/-2147483611\/-2147482919\/\" target=\"_blank\" rel=\"noopener noreferrer\">Mapa dels centres de la zona (Consorci d\u2019Educaci\u00f3 de Barcelona)<\/a><\/p>\n<p><strong>Escola \u00c0gora<br \/>\n<\/strong>C. Marne,\u00a02<br \/>\nTel.\u00a0933596280<br \/>\nCorreu electr\u00f2nic: a8002770@xtec.cat<br \/>\n<a href=\"https:\/\/agora.xtec.cat\/escola-agora\/\">Web<\/a><\/p>\n<p><strong>Escola\u00a0Calder\u00f3n de la Barca<br \/>\n<\/strong>C. Nil,\u00a027-29<br \/>\nTel.\u00a0934084651<br \/>\nCorreu electr\u00f2nic: a8002277@xtec.cat<br \/>\n<a href=\"https:\/\/agora.xtec.cat\/ceipcalderon\/\">Web<\/a><\/p>\n<p><strong>Escola\u00a0El Tur\u00f3<br \/>\n<\/strong>C. Pe\u00f1alara, 19-55<br \/>\nTel.\u00a0934295384<br \/>\nCorreu electr\u00f2nic: a8002344@xtec.cat<br \/>\n<a href=\"https:\/\/agora.xtec.cat\/escola-elturo-bcn\/\" target=\"_blank\" rel=\"noopener noreferrer\">Web<\/a><\/p>\n<p><strong>Escola Marinada<br \/>\n<\/strong>C. Rambla Ca\u00e7ador, 17<br \/>\nTel. 933543616<br \/>\nCorreu electr\u00f2nic: a8054022@xtec.ca<br \/>\n<a href=\"https:\/\/agora.xtec.cat\/ceip-marinada-barcelona\/\">Web<\/a><\/p>\n<p><strong>Escola Marta Mata<br \/>\n<\/strong>C. Casals i Cuber\u00f3,\u00a0241<br \/>\nTel.\u00a0933541302<br \/>\nCorreu electr\u00f2nic: a8002484@xtec.cat<br \/>\n<a href=\"https:\/\/agora.xtec.cat\/ceip-aiguamarina-bcn\/\">Web<\/a><\/p>\n<p><strong>Escola\u00a0Merc\u00e8 Rodoreda<br \/>\n<\/strong>C. Vesuvi, 35<br \/>\nTel.\u00a0933538217<br \/>\nCorreu electr\u00f2nic: a8039471@xtec.cat<br \/>\n<a href=\"https:\/\/agora.xtec.cat\/esc-mrodoreda-bcn\/\">Web<\/a><\/p>\n<p><strong>Escola\u00a0Palma de Mallorca<br \/>\n<\/strong>Pg. Ciutat de Mallorca,\u00a031<br \/>\nTel.\u00a0933507282<br \/>\nCorreu electr\u00f2nic: a8031794@xtec.cat<br \/>\n<a href=\"https:\/\/agora.xtec.cat\/escpalmademallorca\/\">Web<\/a><\/p>\n<p><strong>Escola\u00a0Santiago Rusi\u00f1ol<br \/>\n<\/strong>C. Valldaura,\u00a0261<br \/>\nTel.\u00a0933542410<br \/>\nCorreu electr\u00f2nic: a8035477@xtec.cat<br \/>\n<a href=\"https:\/\/agora.xtec.cat\/escolasantiagorusinol\/\" target=\"_blank\" rel=\"noopener noreferrer\">Web<\/a><\/p>\n<p><strong>Escola\u00a0Splai<br \/>\n<\/strong>C. Maladeta,\u00a075-77<br \/>\nTel.\u00a0933404010<br \/>\nCorreu electr\u00f2nic: a8037841@xtec.cat<br \/>\n<a href=\"http:\/\/escolasplai.cat\/\">Web<\/a><\/p>\n<p><strong>Escola\u00a0Tibidabo<br \/>\n<\/strong>C. Joaquim Valls,\u00a010<br \/>\nTel.\u00a0933594745<br \/>\nCorreu electr\u00f2nic: a8002526@xtec.cat<br \/>\n<a href=\"\/\/agora.xtec.cat\/ceiptibidabo\/\" target=\"_blank\" rel=\"noopener noreferrer\">Web<\/a><\/p>\n<p><strong>Escola\u00a0Timbaler del Bruc<br \/>\n<\/strong>C. Arnau d&#8217;Oms,\u00a04<br \/>\nTel.\u00a0933522951<br \/>\nCorreu electr\u00f2nic: a8002368@xtec.cat<br \/>\n<a href=\"https:\/\/agora.xtec.cat\/ceip-timbaler\/\">Web<\/a><\/p>\n<p><strong>Escola\u00a0V\u00edctor Catal\u00e0<br \/>\n<\/strong>C. Font de Canyelles, 35<br \/>\nTel.\u00a0933590946<br \/>\nCorreu electr\u00f2nic: a8002538@xtec.cat<br \/>\n<a href=\"https:\/\/agora.xtec.cat\/ceipvictorcatala\/\">Web<\/a><\/p>\n","protected":false},"excerpt":{"rendered":"<p>Mapa dels centres de la zona (Consorci d\u2019Educaci\u00f3 de Barcelona) Escola \u00c0gora C. Marne,\u00a02 Tel.\u00a0933596280 Correu electr\u00f2nic: a8002770@xtec.cat Web Escola\u00a0Calder\u00f3n de la Barca C. Nil,\u00a027-29 Tel.\u00a0934084651 Correu electr\u00f2nic: a8002277@xtec.cat Web Escola\u00a0El Tur\u00f3 C. Pe\u00f1alara, 19-55 Tel.\u00a0934295384 Correu electr\u00f2nic: a8002344@xtec.cat Web Escola Marinada C. Rambla Ca\u00e7ador, 17 Tel. 933543616 Correu electr\u00f2nic: a8054022@xtec.ca Web Escola Marta Mata [&hellip;]<\/p>\n","protected":false},"author":1,"featured_media":0,"parent":338,"menu_order":20,"comment_status":"closed","ping_status":"closed","template":"page-templates\/side-menu.php","meta":{"_bbp_topic_count":0,"_bbp_reply_count":0,"_bbp_total_topic_count":0,"_bbp_total_reply_count":0,"_bbp_voice_count":0,"_bbp_anonymous_reply_count":0,"_bbp_topic_count_hidden":0,"_bbp_reply_count_hidden":0,"_bbp_forum_subforum_count":0,"site-sidebar-layout":"default","site-content-layout":"","ast-site-content-layout":"","site-content-style":"default","site-sidebar-style":"default","ast-global-header-display":"","ast-banner-title-visibility":"","ast-main-header-display":"","ast-hfb-above-header-display":"","ast-hfb-below-header-display":"","ast-hfb-mobile-header-display":"","site-post-title":"","ast-breadcrumbs-content":"","ast-featured-img":"","footer-sml-layout":"","theme-transparent-header-meta":"","adv-header-id-meta":"","stick-header-meta":"","header-above-stick-meta":"","header-main-stick-meta":"","header-below-stick-meta":"","astra-migrate-meta-layouts":"default","ast-page-background-enabled":"default","ast-page-background-meta":{"desktop":{"background-color":"var(--ast-global-color-4)","background-image":"","background-repeat":"repeat","background-position":"center center","background-size":"auto","background-attachment":"scroll","background-type":"","background-media":"","overlay-type":"","overlay-color":"","overlay-opacity":"","overlay-gradient":""},"tablet":{"background-color":"","background-image":"","background-repeat":"repeat","background-position":"center center","background-size":"auto","background-attachment":"scroll","background-type":"","background-media":"","overlay-type":"","overlay-color":"","overlay-opacity":"","overlay-gradient":""},"mobile":{"background-color":"","background-image":"","background-repeat":"repeat","background-position":"center center","background-size":"auto","background-attachment":"scroll","background-type":"","background-media":"","overlay-type":"","overlay-color":"","overlay-opacity":"","overlay-gradient":""}},"ast-content-background-meta":{"desktop":{"background-color":"var(--ast-global-color-5)","background-image":"","background-repeat":"repeat","background-position":"center center","background-size":"auto","background-attachment":"scroll","background-type":"","background-media":"","overlay-type":"","overlay-color":"","overlay-opacity":"","overlay-gradient":""},"tablet":{"background-color":"var(--ast-global-color-5)","background-image":"","background-repeat":"repeat","background-position":"center center","background-size":"auto","background-attachment":"scroll","background-type":"","background-media":"","overlay-type":"","overlay-color":"","overlay-opacity":"","overlay-gradient":""},"mobile":{"background-color":"var(--ast-global-color-5)","background-image":"","background-repeat":"repeat","background-position":"center center","background-size":"auto","background-attachment":"scroll","background-type":"","background-media":"","overlay-type":"","overlay-color":"","overlay-opacity":"","overlay-gradient":""}},"footnotes":""},"class_list":["post-379","page","type-page","status-publish","hentry"],"post_mailing_queue_ids":[],"_links":{"self":[{"href":"https:\/\/serveiseducatius.xtec.cat\/noubarris\/wp-json\/wp\/v2\/pages\/379","targetHints":{"allow":["GET"]}}],"collection":[{"href":"https:\/\/serveiseducatius.xtec.cat\/noubarris\/wp-json\/wp\/v2\/pages"}],"about":[{"href":"https:\/\/serveiseducatius.xtec.cat\/noubarris\/wp-json\/wp\/v2\/types\/page"}],"author":[{"embeddable":true,"href":"https:\/\/serveiseducatius.xtec.cat\/noubarris\/wp-json\/wp\/v2\/users\/1"}],"replies":[{"embeddable":true,"href":"https:\/\/serveiseducatius.xtec.cat\/noubarris\/wp-json\/wp\/v2\/comments?post=379"}],"version-history":[{"count":5,"href":"https:\/\/serveiseducatius.xtec.cat\/noubarris\/wp-json\/wp\/v2\/pages\/379\/revisions"}],"predecessor-version":[{"id":8083,"href":"https:\/\/serveiseducatius.xtec.cat\/noubarris\/wp-json\/wp\/v2\/pages\/379\/revisions\/8083"}],"up":[{"embeddable":true,"href":"https:\/\/serveiseducatius.xtec.cat\/noubarris\/wp-json\/wp\/v2\/pages\/338"}],"wp:attachment":[{"href":"https:\/\/serveiseducatius.xtec.cat\/noubarris\/wp-json\/wp\/v2\/media?parent=379"}],"curies":[{"name":"wp","href":"https:\/\/api.w.org\/{rel}","templated":true}]}}