{"id":1792,"date":"2016-09-07T12:47:21","date_gmt":"2016-09-07T11:47:21","guid":{"rendered":"http:\/\/serveiseducatius.xtec.cat\/noubarris\/?page_id=1792"},"modified":"2026-01-11T10:56:20","modified_gmt":"2026-01-11T09:56:20","slug":"activitats-de-dinamitzacio","status":"publish","type":"page","link":"https:\/\/serveiseducatius.xtec.cat\/noubarris\/activitats-de-dinamitzacio\/","title":{"rendered":"Activitats de dinamitzaci\u00f3"},"content":{"rendered":"\n<h2 class=\"wp-block-heading has-ast-global-color-0-color has-text-color has-link-color wp-elements-675ec829915bd42934af12164d25a525\"><strong>GENER 2026.  Noves activitats de dinamitzaci\u00f3<\/strong>. Inscripci\u00f3 OBERTA.<\/h2>\n\n\n\n<ul class=\"wp-block-list\">\n<li>Tallers de m\u00fasica per Prim\u00e0ria  i activitats de tecnologia per Secund\u00e0ria: Drets Digitals, IA, Ciberseguretat, Robotzzle.<\/li>\n<\/ul>\n\n\n\n<figure class=\"wp-block-table\"><table class=\"has-fixed-layout\"><tbody><tr><td><a href=\"https:\/\/drive.google.com\/file\/d\/1H-m1hRrdhzGDtaP9eKtsILqAKle3RyRq\/view?usp=sharing\" data-type=\"link\" data-id=\"https:\/\/drive.google.com\/file\/d\/1H-m1hRrdhzGDtaP9eKtsILqAKle3RyRq\/view?usp=sharing\" target=\"_blank\" rel=\"noreferrer noopener\">Audici\u00f3 musical: EI i CI de Prim\u00e0ria<\/a><\/td><\/tr><tr><td><a href=\"https:\/\/drive.google.com\/file\/d\/1ltnQGaIOEak26Gy_LVh80WU-NflbHKDi\/view?usp=sharing\" data-type=\"link\" data-id=\"https:\/\/drive.google.com\/file\/d\/1ltnQGaIOEak26Gy_LVh80WU-NflbHKDi\/view?usp=sharing\" target=\"_blank\" rel=\"noreferrer noopener\">Audici\u00f3 musical: CM i CS de Prim\u00e0ria<\/a><\/td><\/tr><tr><td><a href=\"https:\/\/drive.google.com\/file\/d\/11VhqMTxo23u6_WL_inD_x9IJsGVhn75f\/view?usp=sharing\" target=\"_blank\" rel=\"noreferrer noopener\">Tallers de tecnologia per Secund\u00e0ria: Ciberseguretat<\/a><\/td><\/tr><tr><td><a href=\"https:\/\/drive.google.com\/file\/d\/1Motd9P7yZRVAcbXrtpDlu3xJb8wV8GK-\/view?usp=sharing\" target=\"_blank\" rel=\"noreferrer noopener\">Tallers de tecnologia per Secund\u00e0ria: Drets Digitals<\/a><\/td><\/tr><tr><td><a href=\"https:\/\/drive.google.com\/file\/d\/19QU6uJl21nc2Md81a4u7_XQ0IvCR1BCV\/view?usp=sharing\" target=\"_blank\" rel=\"noreferrer noopener\">Tallers de tecnologia per Secund\u00e0ria: IA Desmitificant la Intel\u00b7lig\u00e8ncia Artificial: Introducci\u00f3 i entrenament de models<\/a><\/td><\/tr><tr><td><a href=\"https:\/\/drive.google.com\/file\/d\/1FJe1ot36-UMCFnpsyLYPn-9QxRtj7II9\/view?usp=sharing\" target=\"_blank\" rel=\"noreferrer noopener\">Tallers de tecnologia per Secund\u00e0ria: Introducci\u00f3 a la l\u00f2gica i la programaci\u00f3 amb Robotzzle<\/a><\/td><\/tr><\/tbody><\/table><\/figure>\n\n\n\n<h1 class=\"wp-block-heading\">CURS 2025-2026. Oberta la inscripci\u00f3 fins al 9 d&#8217;octubre. 22 activitats . <\/h1>\n\n\n\n<blockquote class=\"wp-block-quote is-layout-flow wp-block-quote-is-layout-flow\">\n<h5 class=\"wp-block-heading alignwide has-ast-global-color-0-color has-white-background-color has-text-color has-background has-link-color has-medium-font-size wp-elements-f74e2262e89cf55bcd8f3a562235e9fd\" style=\"border-width:26px\"><span style=\"color: #008000;\"><b><span style=\"font-size: large;\">Des d&#8217; avui 25 de setembre fins al 9 d&#8217;octubre&nbsp;<\/span><\/b><\/span><span style=\"color: #0000ff;\">estaran oberts els formularis de les 22 activitats per demanar les activitats de dinamitzaci\u00f3: activitats esportives,&nbsp; lectura al carrer, tallers diversos (angl\u00e8s, poesia,&#8230;.).&nbsp;&nbsp;<\/span><strong>ATENCI\u00d3 hi ha noves activitats.<\/strong><\/h5>\n<\/blockquote>\n\n\n\n<p style=\"border-width:1px\"><iframe loading=\"lazy\" src=\"https:\/\/docs.google.com\/spreadsheets\/d\/1SKrYnQV1D8xXpO4xVPHRllTmu_K08b0x7iaPtqLQHxw\/edit?usp=sharing gid=0&amp;single=true&amp;widget=true&amp;headers=false\" width=\"90%\" height=\"600px\">&amp;lt;span data-mce-type=&#8221;bookmark&#8221; style=&#8221;display: inline-block; width: 0px; overflow: hidden; line-height: 0;&#8221; class=&#8221;mce_SELRES_start&#8221;>&amp;lt;\/span>&amp;lt;span data-mce-type=&#8221;bookmark&#8221; style=&#8221;display: inline-block; width: 0px; overflow: hidden; line-height: 0; range=: A1:D20; chrome=: false;&#8221; class=&#8221;mce_SELRES_start&#8221;>&amp;lt;\/span>&amp;lt;span data-mce-type=&#8221;bookmark&#8221; style=&#8221;display: inline-block; width: 0px; overflow: hidden; line-height: 0;&#8221; class=&#8221;mce_SELRES_start&#8221;>&amp;lt;\/span>&amp;amp;gt;<\/iframe><\/p>\n\n\n\n<p><\/p>\n","protected":false},"excerpt":{"rendered":"<p>GENER 2026. Noves activitats de dinamitzaci\u00f3. Inscripci\u00f3 OBERTA. Audici\u00f3 musical: EI i CI de Prim\u00e0ria Audici\u00f3 musical: CM i CS de Prim\u00e0ria Tallers de tecnologia per Secund\u00e0ria: Ciberseguretat Tallers de tecnologia per Secund\u00e0ria: Drets Digitals Tallers de tecnologia per Secund\u00e0ria: IA Desmitificant la Intel\u00b7lig\u00e8ncia Artificial: Introducci\u00f3 i entrenament de models Tallers de tecnologia per Secund\u00e0ria: [&hellip;]<\/p>\n","protected":false},"author":1,"featured_media":0,"parent":0,"menu_order":0,"comment_status":"closed","ping_status":"closed","template":"","meta":{"_bbp_topic_count":0,"_bbp_reply_count":0,"_bbp_total_topic_count":0,"_bbp_total_reply_count":0,"_bbp_voice_count":0,"_bbp_anonymous_reply_count":0,"_bbp_topic_count_hidden":0,"_bbp_reply_count_hidden":0,"_bbp_forum_subforum_count":0,"site-sidebar-layout":"default","site-content-layout":"","ast-site-content-layout":"default","site-content-style":"default","site-sidebar-style":"default","ast-global-header-display":"","ast-banner-title-visibility":"","ast-main-header-display":"","ast-hfb-above-header-display":"","ast-hfb-below-header-display":"","ast-hfb-mobile-header-display":"","site-post-title":"","ast-breadcrumbs-content":"","ast-featured-img":"","footer-sml-layout":"","theme-transparent-header-meta":"","adv-header-id-meta":"","stick-header-meta":"","header-above-stick-meta":"","header-main-stick-meta":"","header-below-stick-meta":"","astra-migrate-meta-layouts":"set","ast-page-background-enabled":"default","ast-page-background-meta":{"desktop":{"background-color":"var(--ast-global-color-4)","background-image":"","background-repeat":"repeat","background-position":"center center","background-size":"auto","background-attachment":"scroll","background-type":"","background-media":"","overlay-type":"","overlay-color":"","overlay-opacity":"","overlay-gradient":""},"tablet":{"background-color":"","background-image":"","background-repeat":"repeat","background-position":"center center","background-size":"auto","background-attachment":"scroll","background-type":"","background-media":"","overlay-type":"","overlay-color":"","overlay-opacity":"","overlay-gradient":""},"mobile":{"background-color":"","background-image":"","background-repeat":"repeat","background-position":"center center","background-size":"auto","background-attachment":"scroll","background-type":"","background-media":"","overlay-type":"","overlay-color":"","overlay-opacity":"","overlay-gradient":""}},"ast-content-background-meta":{"desktop":{"background-color":"var(--ast-global-color-5)","background-image":"","background-repeat":"repeat","background-position":"center center","background-size":"auto","background-attachment":"scroll","background-type":"","background-media":"","overlay-type":"","overlay-color":"","overlay-opacity":"","overlay-gradient":""},"tablet":{"background-color":"var(--ast-global-color-5)","background-image":"","background-repeat":"repeat","background-position":"center center","background-size":"auto","background-attachment":"scroll","background-type":"","background-media":"","overlay-type":"","overlay-color":"","overlay-opacity":"","overlay-gradient":""},"mobile":{"background-color":"var(--ast-global-color-5)","background-image":"","background-repeat":"repeat","background-position":"center center","background-size":"auto","background-attachment":"scroll","background-type":"","background-media":"","overlay-type":"","overlay-color":"","overlay-opacity":"","overlay-gradient":""}},"footnotes":""},"class_list":["post-1792","page","type-page","status-publish","hentry"],"post_mailing_queue_ids":[],"_links":{"self":[{"href":"https:\/\/serveiseducatius.xtec.cat\/noubarris\/wp-json\/wp\/v2\/pages\/1792","targetHints":{"allow":["GET"]}}],"collection":[{"href":"https:\/\/serveiseducatius.xtec.cat\/noubarris\/wp-json\/wp\/v2\/pages"}],"about":[{"href":"https:\/\/serveiseducatius.xtec.cat\/noubarris\/wp-json\/wp\/v2\/types\/page"}],"author":[{"embeddable":true,"href":"https:\/\/serveiseducatius.xtec.cat\/noubarris\/wp-json\/wp\/v2\/users\/1"}],"replies":[{"embeddable":true,"href":"https:\/\/serveiseducatius.xtec.cat\/noubarris\/wp-json\/wp\/v2\/comments?post=1792"}],"version-history":[{"count":6,"href":"https:\/\/serveiseducatius.xtec.cat\/noubarris\/wp-json\/wp\/v2\/pages\/1792\/revisions"}],"predecessor-version":[{"id":8440,"href":"https:\/\/serveiseducatius.xtec.cat\/noubarris\/wp-json\/wp\/v2\/pages\/1792\/revisions\/8440"}],"wp:attachment":[{"href":"https:\/\/serveiseducatius.xtec.cat\/noubarris\/wp-json\/wp\/v2\/media?parent=1792"}],"curies":[{"name":"wp","href":"https:\/\/api.w.org\/{rel}","templated":true}]}}