{"id":9889,"date":"2019-12-11T13:21:11","date_gmt":"2019-12-11T12:21:11","guid":{"rendered":"http:\/\/serveiseducatius.xtec.cat\/noguera\/?page_id=9889"},"modified":"2019-12-11T13:21:11","modified_gmt":"2019-12-11T12:21:11","slug":"pensament-computacional","status":"publish","type":"page","link":"https:\/\/serveiseducatius.xtec.cat\/noguera\/robotica-educativa\/pensament-computacional\/","title":{"rendered":"Pensament computacional"},"content":{"rendered":"<p id=\"h.p_fXYYPqiUmuhu\" class=\"zfr3Q\">El pensament computacional \u00e9s un proc\u00e9s que generalitza una soluci\u00f3 per problemes de soluci\u00f3 oberta, no \u00fanica.<\/p>\n<p id=\"h.p_dDDAg_fEnwQf\" class=\"zfr3Q\">Aquest terme va comen\u00e7ar a ser conegut en la comunitat inform\u00e0tica a causa d&#8217;un article de Jeannette Wing. L&#8217;article suggereix que el pensament computacional \u00e9s una habilitat fonamental per a tothom, no nom\u00e9s per a la inform\u00e0tica, i defensa la import\u00e0ncia d&#8217;integrar les idees computacionals en altres disciplines, especialment l&#8217;educaci\u00f3.<\/p>\n<p id=\"h.p_NQmnpjhHnwQj\" class=\"zfr3Q\">Les caracter\u00edstiques del pensament computacional reformulen problemes descomponent-los en segments m\u00e9s petits i manejables. Aquestes estrat\u00e8gies permeten als estudiants transformar problemes complexos en procediments de m\u00faltiples passos que no nom\u00e9s s\u00f3n m\u00e9s f\u00e0cils d&#8217;examinar, sin\u00f3 que tamb\u00e9 constitueixen una manera m\u00e9s eficient de pensar.<\/p>\n<p id=\"h.p_2CqsP_Tbn61t\" class=\"zfr3Q\">La rob\u00f2tica \u00e9s una manera m\u00e9s de treballar el pensament computacional, permetent interactuar amb el m\u00f3n f\u00edsic.<\/p>\n<ul class=\"n8H08c UVNKR\">\n<li id=\"h.p_9q4XkONfi8k9\" class=\"TYR86d zfr3Q\"><a class=\"dhtgD aw5Odc\" href=\"https:\/\/drive.google.com\/file\/d\/1QW8h_fyTIBc_j5NFjXBsR7XacEm78g6j\/view\" target=\"_blank\" rel=\"noopener noreferrer\"><strong>Document d&#8217;introducci\u00f3 al pensament computacional<\/strong>. J.J. Vitores<\/a> (PDF)<\/li>\n<\/ul>\n","protected":false},"excerpt":{"rendered":"<p>El pensament computacional \u00e9s un proc\u00e9s que generalitza una soluci\u00f3 per problemes de soluci\u00f3 oberta, no \u00fanica. Aquest terme va comen\u00e7ar a ser conegut en la comunitat inform\u00e0tica a causa d&#8217;un article de Jeannette Wing. L&#8217;article suggereix que el pensament computacional \u00e9s una habilitat fonamental per a tothom, no nom\u00e9s per a la inform\u00e0tica, i [&hellip;]<\/p>\n","protected":false},"author":1,"featured_media":0,"parent":8786,"menu_order":0,"comment_status":"closed","ping_status":"closed","template":"page-templates\/side-menu.php","meta":{"_bbp_topic_count":0,"_bbp_reply_count":0,"_bbp_total_topic_count":0,"_bbp_total_reply_count":0,"_bbp_voice_count":0,"_bbp_anonymous_reply_count":0,"_bbp_topic_count_hidden":0,"_bbp_reply_count_hidden":0,"_bbp_forum_subforum_count":0,"site-sidebar-layout":"default","site-content-layout":"","ast-site-content-layout":"","site-content-style":"default","site-sidebar-style":"default","ast-global-header-display":"","ast-banner-title-visibility":"","ast-main-header-display":"","ast-hfb-above-header-display":"","ast-hfb-below-header-display":"","ast-hfb-mobile-header-display":"","site-post-title":"","ast-breadcrumbs-content":"","ast-featured-img":"","footer-sml-layout":"","theme-transparent-header-meta":"","adv-header-id-meta":"","stick-header-meta":"","header-above-stick-meta":"","header-main-stick-meta":"","header-below-stick-meta":"","astra-migrate-meta-layouts":"default","ast-page-background-enabled":"default","ast-page-background-meta":{"desktop":{"background-color":"var(--ast-global-color-4)","background-image":"","background-repeat":"repeat","background-position":"center center","background-size":"auto","background-attachment":"scroll","background-type":"","background-media":"","overlay-type":"","overlay-color":"","overlay-opacity":"","overlay-gradient":""},"tablet":{"background-color":"","background-image":"","background-repeat":"repeat","background-position":"center center","background-size":"auto","background-attachment":"scroll","background-type":"","background-media":"","overlay-type":"","overlay-color":"","overlay-opacity":"","overlay-gradient":""},"mobile":{"background-color":"","background-image":"","background-repeat":"repeat","background-position":"center center","background-size":"auto","background-attachment":"scroll","background-type":"","background-media":"","overlay-type":"","overlay-color":"","overlay-opacity":"","overlay-gradient":""}},"ast-content-background-meta":{"desktop":{"background-color":"var(--ast-global-color-5)","background-image":"","background-repeat":"repeat","background-position":"center center","background-size":"auto","background-attachment":"scroll","background-type":"","background-media":"","overlay-type":"","overlay-color":"","overlay-opacity":"","overlay-gradient":""},"tablet":{"background-color":"var(--ast-global-color-5)","background-image":"","background-repeat":"repeat","background-position":"center center","background-size":"auto","background-attachment":"scroll","background-type":"","background-media":"","overlay-type":"","overlay-color":"","overlay-opacity":"","overlay-gradient":""},"mobile":{"background-color":"var(--ast-global-color-5)","background-image":"","background-repeat":"repeat","background-position":"center center","background-size":"auto","background-attachment":"scroll","background-type":"","background-media":"","overlay-type":"","overlay-color":"","overlay-opacity":"","overlay-gradient":""}},"footnotes":""},"class_list":["post-9889","page","type-page","status-publish","hentry"],"post_mailing_queue_ids":[],"_links":{"self":[{"href":"https:\/\/serveiseducatius.xtec.cat\/noguera\/wp-json\/wp\/v2\/pages\/9889","targetHints":{"allow":["GET"]}}],"collection":[{"href":"https:\/\/serveiseducatius.xtec.cat\/noguera\/wp-json\/wp\/v2\/pages"}],"about":[{"href":"https:\/\/serveiseducatius.xtec.cat\/noguera\/wp-json\/wp\/v2\/types\/page"}],"author":[{"embeddable":true,"href":"https:\/\/serveiseducatius.xtec.cat\/noguera\/wp-json\/wp\/v2\/users\/1"}],"replies":[{"embeddable":true,"href":"https:\/\/serveiseducatius.xtec.cat\/noguera\/wp-json\/wp\/v2\/comments?post=9889"}],"version-history":[{"count":2,"href":"https:\/\/serveiseducatius.xtec.cat\/noguera\/wp-json\/wp\/v2\/pages\/9889\/revisions"}],"predecessor-version":[{"id":9891,"href":"https:\/\/serveiseducatius.xtec.cat\/noguera\/wp-json\/wp\/v2\/pages\/9889\/revisions\/9891"}],"up":[{"embeddable":true,"href":"https:\/\/serveiseducatius.xtec.cat\/noguera\/wp-json\/wp\/v2\/pages\/8786"}],"wp:attachment":[{"href":"https:\/\/serveiseducatius.xtec.cat\/noguera\/wp-json\/wp\/v2\/media?parent=9889"}],"curies":[{"name":"wp","href":"https:\/\/api.w.org\/{rel}","templated":true}]}}