{"id":9865,"date":"2019-12-01T21:03:57","date_gmt":"2019-12-01T20:03:57","guid":{"rendered":"http:\/\/serveiseducatius.xtec.cat\/noguera\/?page_id=9865"},"modified":"2019-12-01T21:27:43","modified_gmt":"2019-12-01T20:27:43","slug":"lego-wedo-2-0","status":"publish","type":"page","link":"https:\/\/serveiseducatius.xtec.cat\/noguera\/robotica-educativa\/lego-wedo-2-0\/","title":{"rendered":"Lego WeDo 2.0"},"content":{"rendered":"<p style=\"text-align: justify;\"><img loading=\"lazy\" decoding=\"async\" class=\"alignleft\" src=\"https:\/\/www.robotix.es\/517-thickbox_default\/lego-wedo-2.jpg\" width=\"303\" height=\"199\" \/><strong>LEGO Education WeDo 2.0<\/strong> \u00e9s molt m\u00e9s que un robot educatiu. \u00c9s el robot ideal perqu\u00e8 els alumnes de prim\u00e0ria prenguin rob\u00f2tica educativa, programaci\u00f3, ci\u00e8ncies, tecnologia i enginyeria (STEM) d&#8217;una forma amena i efectiva.<\/p>\n<p style=\"text-align: justify;\">Desenvolupa la confian\u00e7a dels alumnes per formular preguntes, definir problemes i dissenyar les seves pr\u00f2pies solucions al posar el descobriment cient\u00edfic a les seves mans i\u00a0ments.<\/p>\n<p>&nbsp;<\/p>\n<ul>\n<li>Lli\u00e7ons: <a href=\"https:\/\/education.lego.com\/es-es\/lessons\/wedo-2-science\" target=\"_blank\" rel=\"noopener noreferrer\"><strong>Milo, el vehicle espacial cient\u00edfic<\/strong><\/a>. Lli\u00e7ons <a href=\"https:\/\/education.lego.com\/es-es\/lessons\/wedo-2-science\/getting-started-project-a\" target=\"_blank\" rel=\"noopener noreferrer\">1-6<\/a> pas a pas.<\/li>\n<li><a href=\"https:\/\/www.robotix.es\/blog\/actividades-lego-education\/actividades-lego-education-wedo-2\/\" target=\"_blank\" rel=\"noopener noreferrer\">LEGO Education WeDo 2.0 #LessonPlan<\/a>\n<ul>\n<li><a href=\"https:\/\/le-www-live-s.legocdn.com\/sc\/media\/lessons\/wedo-2\/building-instructions\/pull-robot-instructions-7775fb55762572403a42f3dc77881afa.pdf\" target=\"_blank\" rel=\"noopener noreferrer\">Pull robot instructions<\/a>. <a href=\"https:\/\/www.robotix.es\/blog\/lego-education-wedo-2-0-lessonplans\/\" target=\"_blank\" rel=\"noopener noreferrer\">Repte<\/a><\/li>\n<li><a href=\"https:\/\/le-www-live-s.legocdn.com\/sc\/media\/lessons\/wedo-2\/building-instructions\/helicopter-instructions-7ebcbc322a77b770ddd6a48765e2422d.pdf\" target=\"_blank\" rel=\"noopener noreferrer\">Helicopter instructions<\/a>. <a href=\"https:\/\/www.robotix.es\/blog\/actividad-rescate-helicoptero-lego-education-wedo2\/\" target=\"_blank\" rel=\"noopener noreferrer\">Repte<\/a><\/li>\n<li><a href=\"https:\/\/www.robotix.es\/blog\/actividad-ventilador-lego-education-wedo2\/\" target=\"_blank\" rel=\"noopener noreferrer\">Activitat del ventilador<\/a><\/li>\n<\/ul>\n<\/li>\n<\/ul>\n<p>Descarrega Software <a href=\"https:\/\/www.microsoft.com\/es-es\/p\/wedo-20-lego-education\/9nblggh6gs8s?rtc=1&amp;activetab=pivot:overviewtab\" target=\"_blank\" rel=\"noopener noreferrer\">WeDo 2.0 LEGO\u00ae Education<\/a><\/p>\n","protected":false},"excerpt":{"rendered":"<p>LEGO Education WeDo 2.0 \u00e9s molt m\u00e9s que un robot educatiu. \u00c9s el robot ideal perqu\u00e8 els alumnes de prim\u00e0ria prenguin rob\u00f2tica educativa, programaci\u00f3, ci\u00e8ncies, tecnologia i enginyeria (STEM) d&#8217;una forma amena i efectiva. Desenvolupa la confian\u00e7a dels alumnes per formular preguntes, definir problemes i dissenyar les seves pr\u00f2pies solucions al posar el descobriment cient\u00edfic [&hellip;]<\/p>\n","protected":false},"author":1,"featured_media":0,"parent":8786,"menu_order":25,"comment_status":"closed","ping_status":"closed","template":"page-templates\/side-menu.php","meta":{"_bbp_topic_count":0,"_bbp_reply_count":0,"_bbp_total_topic_count":0,"_bbp_total_reply_count":0,"_bbp_voice_count":0,"_bbp_anonymous_reply_count":0,"_bbp_topic_count_hidden":0,"_bbp_reply_count_hidden":0,"_bbp_forum_subforum_count":0,"site-sidebar-layout":"default","site-content-layout":"","ast-site-content-layout":"","site-content-style":"default","site-sidebar-style":"default","ast-global-header-display":"","ast-banner-title-visibility":"","ast-main-header-display":"","ast-hfb-above-header-display":"","ast-hfb-below-header-display":"","ast-hfb-mobile-header-display":"","site-post-title":"","ast-breadcrumbs-content":"","ast-featured-img":"","footer-sml-layout":"","theme-transparent-header-meta":"","adv-header-id-meta":"","stick-header-meta":"","header-above-stick-meta":"","header-main-stick-meta":"","header-below-stick-meta":"","astra-migrate-meta-layouts":"default","ast-page-background-enabled":"default","ast-page-background-meta":{"desktop":{"background-color":"var(--ast-global-color-4)","background-image":"","background-repeat":"repeat","background-position":"center center","background-size":"auto","background-attachment":"scroll","background-type":"","background-media":"","overlay-type":"","overlay-color":"","overlay-opacity":"","overlay-gradient":""},"tablet":{"background-color":"","background-image":"","background-repeat":"repeat","background-position":"center center","background-size":"auto","background-attachment":"scroll","background-type":"","background-media":"","overlay-type":"","overlay-color":"","overlay-opacity":"","overlay-gradient":""},"mobile":{"background-color":"","background-image":"","background-repeat":"repeat","background-position":"center center","background-size":"auto","background-attachment":"scroll","background-type":"","background-media":"","overlay-type":"","overlay-color":"","overlay-opacity":"","overlay-gradient":""}},"ast-content-background-meta":{"desktop":{"background-color":"var(--ast-global-color-5)","background-image":"","background-repeat":"repeat","background-position":"center center","background-size":"auto","background-attachment":"scroll","background-type":"","background-media":"","overlay-type":"","overlay-color":"","overlay-opacity":"","overlay-gradient":""},"tablet":{"background-color":"var(--ast-global-color-5)","background-image":"","background-repeat":"repeat","background-position":"center center","background-size":"auto","background-attachment":"scroll","background-type":"","background-media":"","overlay-type":"","overlay-color":"","overlay-opacity":"","overlay-gradient":""},"mobile":{"background-color":"var(--ast-global-color-5)","background-image":"","background-repeat":"repeat","background-position":"center center","background-size":"auto","background-attachment":"scroll","background-type":"","background-media":"","overlay-type":"","overlay-color":"","overlay-opacity":"","overlay-gradient":""}},"footnotes":""},"class_list":["post-9865","page","type-page","status-publish","hentry"],"post_mailing_queue_ids":[],"_links":{"self":[{"href":"https:\/\/serveiseducatius.xtec.cat\/noguera\/wp-json\/wp\/v2\/pages\/9865","targetHints":{"allow":["GET"]}}],"collection":[{"href":"https:\/\/serveiseducatius.xtec.cat\/noguera\/wp-json\/wp\/v2\/pages"}],"about":[{"href":"https:\/\/serveiseducatius.xtec.cat\/noguera\/wp-json\/wp\/v2\/types\/page"}],"author":[{"embeddable":true,"href":"https:\/\/serveiseducatius.xtec.cat\/noguera\/wp-json\/wp\/v2\/users\/1"}],"replies":[{"embeddable":true,"href":"https:\/\/serveiseducatius.xtec.cat\/noguera\/wp-json\/wp\/v2\/comments?post=9865"}],"version-history":[{"count":3,"href":"https:\/\/serveiseducatius.xtec.cat\/noguera\/wp-json\/wp\/v2\/pages\/9865\/revisions"}],"predecessor-version":[{"id":9868,"href":"https:\/\/serveiseducatius.xtec.cat\/noguera\/wp-json\/wp\/v2\/pages\/9865\/revisions\/9868"}],"up":[{"embeddable":true,"href":"https:\/\/serveiseducatius.xtec.cat\/noguera\/wp-json\/wp\/v2\/pages\/8786"}],"wp:attachment":[{"href":"https:\/\/serveiseducatius.xtec.cat\/noguera\/wp-json\/wp\/v2\/media?parent=9865"}],"curies":[{"name":"wp","href":"https:\/\/api.w.org\/{rel}","templated":true}]}}