{"id":9484,"date":"2019-02-05T11:45:45","date_gmt":"2019-02-05T10:45:45","guid":{"rendered":"http:\/\/serveiseducatius.xtec.cat\/noguera\/?page_id=9484"},"modified":"2021-01-14T10:36:33","modified_gmt":"2021-01-14T09:36:33","slug":"robots-edison","status":"publish","type":"page","link":"https:\/\/serveiseducatius.xtec.cat\/noguera\/robotica-educativa\/robots-edison\/","title":{"rendered":"Robots EDISON"},"content":{"rendered":"<p><img loading=\"lazy\" decoding=\"async\" class=\"size-full wp-image-9485 alignright\" src=\"https:\/\/serveiseducatius.xtec.cat\/noguera\/wp-content\/uploads\/usu1149\/2019\/02\/meet-edison-robot-logo.png\" alt=\"\" width=\"200\" height=\"73\" \/><\/p>\n<p style=\"text-align: justify;\"><a href=\"https:\/\/meetedison.com\/\" target=\"_blank\" rel=\"noopener noreferrer\"><strong>Edison<\/strong><\/a> \u00e9s un robot programable dissenyat per ser un recurs pedag\u00f2gic STEAM complet per treballar el pensament computacional, programaci\u00f3 amb codi i rob\u00f2tica per a alumnat de 4 a 16 anys d&#8217;una manera pr\u00e0ctica.<\/p>\n<p style=\"text-align: justify;\">Un robot Edison controlat a dist\u00e0ncia pot:<\/p>\n<p><img loading=\"lazy\" decoding=\"async\" class=\" wp-image-9486 alignright\" src=\"https:\/\/serveiseducatius.xtec.cat\/noguera\/wp-content\/uploads\/usu1149\/2019\/02\/meet-edison-v2.png\" alt=\"\" width=\"252\" height=\"175\" srcset=\"https:\/\/serveiseducatius.xtec.cat\/noguera\/wp-content\/uploads\/usu1149\/2019\/02\/meet-edison-v2.png 510w, https:\/\/serveiseducatius.xtec.cat\/noguera\/wp-content\/uploads\/usu1149\/2019\/02\/meet-edison-v2-300x208.png 300w\" sizes=\"auto, (max-width: 252px) 100vw, 252px\" \/><\/p>\n<ul style=\"text-align: justify;\">\n<li>Respondre a la llum i al so<\/li>\n<li>Seguir les l\u00ednies i evitar obstacles<\/li>\n<li>Comunicar-se amb altres robots Edison<\/li>\n<li>Connectar-se amb altres robots d&#8217;Edison i blocs LEGO<br \/>\nI molt m\u00e9s!<\/li>\n<\/ul>\n<p style=\"text-align: justify;\">Edison tamb\u00e9 es pot utilitzar per crear i inventar com a base programable per a una incre\u00efble gamma d&#8217;enginyeria i projectes STEAM gr\u00e0cies al sistema de robotitzaci\u00f3 expansible d&#8217;Edison que treballa amb el kit de construcci\u00f3 EdCreate i qualsevol altre sistema de construcci\u00f3 compatible amb els blocs LEGO.<\/p>\n<table style=\"border-collapse: collapse; width: 100%;\" border=\"1\">\n<tbody>\n<tr style=\"height: 210px;\">\n<td style=\"width: 25%; height: 210px;\"><a href=\"https:\/\/meetedison.com\/content\/Get-started-with-Edison-guide-English.pdf\" target=\"_blank\" rel=\"noopener noreferrer\"><img loading=\"lazy\" decoding=\"async\" class=\"aligncenter wp-image-9489\" src=\"https:\/\/serveiseducatius.xtec.cat\/noguera\/wp-content\/uploads\/usu1149\/2019\/02\/apunts.png\" alt=\"\" width=\"145\" height=\"195\" srcset=\"https:\/\/serveiseducatius.xtec.cat\/noguera\/wp-content\/uploads\/usu1149\/2019\/02\/apunts.png 445w, https:\/\/serveiseducatius.xtec.cat\/noguera\/wp-content\/uploads\/usu1149\/2019\/02\/apunts-223x300.png 223w\" sizes=\"auto, (max-width: 145px) 100vw, 145px\" \/><\/a><\/td>\n<td style=\"width: 25%; height: 210px;\"><a href=\"https:\/\/meetedison.com\/content\/EdBooks\/EdBook1-Barcodes-and-Edison.pdf\" target=\"_blank\" rel=\"noopener noreferrer\"><img loading=\"lazy\" decoding=\"async\" class=\"aligncenter wp-image-9491\" src=\"https:\/\/serveiseducatius.xtec.cat\/noguera\/wp-content\/uploads\/usu1149\/2019\/02\/bar.png\" alt=\"\" width=\"170\" height=\"195\" srcset=\"https:\/\/serveiseducatius.xtec.cat\/noguera\/wp-content\/uploads\/usu1149\/2019\/02\/bar.png 648w, https:\/\/serveiseducatius.xtec.cat\/noguera\/wp-content\/uploads\/usu1149\/2019\/02\/bar-261x300.png 261w\" sizes=\"auto, (max-width: 170px) 100vw, 170px\" \/><\/a><\/td>\n<td style=\"width: 25%; height: 210px;\">\u00a0<a href=\"https:\/\/docs.google.com\/presentation\/d\/1nnhZB6h_93voRCvheXQN0krfYj23L8gAj4t2wKhFpOI\/preview?slide=id.p1\" target=\"_blank\" rel=\"noopener noreferrer\"><img loading=\"lazy\" decoding=\"async\" class=\"aligncenter wp-image-9499\" src=\"https:\/\/serveiseducatius.xtec.cat\/noguera\/wp-content\/uploads\/usu1149\/2019\/02\/tacremat.png\" alt=\"\" width=\"215\" height=\"104\" srcset=\"https:\/\/serveiseducatius.xtec.cat\/noguera\/wp-content\/uploads\/usu1149\/2019\/02\/tacremat.png 1024w, https:\/\/serveiseducatius.xtec.cat\/noguera\/wp-content\/uploads\/usu1149\/2019\/02\/tacremat-300x145.png 300w, https:\/\/serveiseducatius.xtec.cat\/noguera\/wp-content\/uploads\/usu1149\/2019\/02\/tacremat-768x372.png 768w\" sizes=\"auto, (max-width: 215px) 100vw, 215px\" \/><\/a><\/td>\n<td style=\"width: 25%; height: 210px;\"><\/td>\n<\/tr>\n<tr style=\"height: 30px;\">\n<td style=\"width: 25%; height: 30px; text-align: center;\"><a href=\"https:\/\/meetedison.com\/content\/Get-started-with-Edison-guide-English.pdf\" target=\"_blank\" rel=\"noopener noreferrer\">Guia per comen\u00e7ar amb Edison<\/a><\/td>\n<td style=\"width: 25%; height: 30px; text-align: center;\"><a href=\"https:\/\/meetedison.com\/content\/EdBooks\/EdBook1-Barcodes-and-Edison.pdf\" target=\"_blank\" rel=\"noopener noreferrer\">Programar amb codi de barres<\/a><\/td>\n<td style=\"width: 25%; height: 30px; text-align: center;\"><a href=\"https:\/\/docs.google.com\/presentation\/d\/1nnhZB6h_93voRCvheXQN0krfYj23L8gAj4t2wKhFpOI\/preview?slide=id.p1\" target=\"_blank\" rel=\"noopener noreferrer\">Primers passos amb Edison (Catal\u00e0)\u00a0<\/a><\/td>\n<td style=\"width: 25%; height: 30px; text-align: center;\"><\/td>\n<\/tr>\n<\/tbody>\n<\/table>\n<h4>Enlla\u00e7os generals<\/h4>\n<ul>\n<li><a href=\"https:\/\/meetedison.com\/\" target=\"_blank\" rel=\"noopener noreferrer\">Web oficial<\/a> (angl\u00e8s)<\/li>\n<li><a href=\"https:\/\/marf.es\/edison\/\" target=\"_blank\" rel=\"noopener noreferrer\">Web en castell\u00e0<\/a><\/li>\n<li>\n<div class=\"PwMt2d\"><a class=\"dhtgD\" href=\"https:\/\/docs.google.com\/document\/d\/1304Stn1m0CT917P6R6yT1c36NcZ9LI5aRxOWlRicyr4\/preview\" target=\"_blank\" rel=\"noopener noreferrer\">Document imprimible amb el recull de tots els recursos publicats per l&#8217;\u00c0rea TAC de Lleida<\/a><\/div>\n<\/li>\n<\/ul>\n<h4>Programem el nostre robot Edison<\/h4>\n<p style=\"text-align: justify;\">L&#8217;alumnat pot progressar en la rob\u00f2tica i la programaci\u00f3 utilitzant Edison amb diferents llenguatges de programaci\u00f3 progressius.<\/p>\n<h6>1.\u00a0 Treball amb\u00a0Codis de barres.<\/h6>\n<p>Adequats per a majors de 4 anys sense experi\u00e8ncia pr\u00e8via en programaci\u00f3 o la rob\u00f2tica.<\/p>\n<ul>\n<li style=\"list-style-type: none;\">\n<ul>\n<li><strong>Catifa EdMat<\/strong> (<a href=\"http:\/\/marf.es\/edison\/wp-content\/uploads\/2015\/03\/EdMat-Edison-Activity-Mat-Colour-Spanish-small.pdf\" target=\"_blank\" rel=\"noopener noreferrer\">Descarrega PDF castell\u00e0<\/a>).\u00a0EdMat es una alfombreta de tamany A1 que cont\u00e9 6 codis de barres que activen programas pre-instal\u00b7lats i un circuit que l&#8217;Edison pot seguir.<\/li>\n<li><strong>Llistat de codis de barres per programar<\/strong> (<a href=\"https:\/\/meetedison.com\/content\/Edison-robot-barcodes.pdf\" target=\"_blank\" rel=\"noopener noreferrer\">PDF<\/a>)<\/li>\n<li><strong>Tu Edventura en Rob\u00f3tica.\u00a0Eres un Controlador<\/strong> (<a href=\"https:\/\/meetedison.com\/content\/EdBooks\/Spanish\/EdBook1-Tu-EdAventura-en-Robotica-Eres-un-Controlador.pdf\" target=\"_blank\" rel=\"noopener noreferrer\">PDF castell\u00e0<\/a>)<\/li>\n<li>Web en castell\u00e0:\u00a0<a href=\"http:\/\/marf.es\/edison\/descargas\/\" target=\"_blank\" rel=\"noopener noreferrer\">http:\/\/marf.es\/edison\/descargas\/<\/a><\/li>\n<\/ul>\n<\/li>\n<\/ul>\n<p>2.\u00a0 <a style=\"font-family: inherit; font-size: 1em;\" href=\"http:\/\/www.edblocksapp.com\" target=\"_blank\" rel=\"noopener noreferrer\"><strong>EdBlocks<\/strong><\/a><\/p>\n<p>Programaci\u00f3 per blocs online simplificada i sense text, adre\u00e7ada a l&#8217;alumnat de 7-12 anys sense experi\u00e8ncia pr\u00e8via\u00a0i que s&#8217;introdueix a la programaci\u00f3 i la rob\u00f2tica. \u00a0[<a href=\"https:\/\/meetedison.com\/robot-programming-software\/edblocks\/#edblocks-resources\" target=\"_blank\" rel=\"noopener noreferrer\">Activitats d&#8217;aula<\/a>]<\/p>\n<ul class=\"n8H08c UVNKR\">\n<li style=\"list-style-type: none;\">\n<ul class=\"n8H08c UVNKR\">\n<li id=\"h.p_rcDyRD_nwbSU\" class=\"zfr3Q TYR86d\"><a class=\"dhtgD\" href=\"https:\/\/meetedison.com\/content\/Tool-Tips-Catalan.xlsx\" target=\"_blank\" rel=\"noopener noreferrer\">Edblocks tool tips<\/a> (catal\u00e0). Descripci\u00f3 de per qu\u00e8 serveix cada bloc en format Excel. [<a class=\"dhtgD\" href=\"https:\/\/drive.google.com\/open?id=136OWoFT-v10xhvT0vlGg9Y7oerZm88ME\" target=\"_blank\" rel=\"noopener noreferrer\">PDF per imprimir<\/a>]<\/li>\n<li id=\"h.p_0EGipRJEMzyS\" class=\"zfr3Q TYR86d\"><a class=\"dhtgD\" href=\"https:\/\/drive.google.com\/open?id=1dWToYJAOX-RjIX6MPMWRa-sK1_Dk8peg66tbhWUlAIg\" target=\"_blank\" rel=\"noopener noreferrer\">Descripci\u00f3 de la interf\u00edcie<\/a> (catal\u00e0).<\/li>\n<li id=\"h.p_w5JBlFeGM6Bj\" class=\"zfr3Q TYR86d\"><a class=\"dhtgD\" href=\"https:\/\/drive.google.com\/open?id=1e3-o8IuOpOGZ9aFQeRaq4fRPahMooayyYJ2ODVbK6PM\" target=\"_blank\" rel=\"noopener noreferrer\">Primers passos amb EdBlocks<\/a> (catal\u00e0).<\/li>\n<li id=\"h.p_LTBMSkZDM863\" class=\"zfr3Q TYR86d\"><a class=\"dhtgD\" href=\"https:\/\/drive.google.com\/open?id=1pxEG3BG8amFC83IIsgz7bE_Gqnsgp-D1hMUapRPVRxk\" target=\"_blank\" rel=\"noopener noreferrer\">Targetes EdBlocks<\/a> (una altra activitat d&#8217;iniciaci\u00f3, en catal\u00e0).<\/li>\n<li id=\"h.p_2eonIKEuweVV\" class=\"zfr3Q TYR86d\"><a class=\"dhtgD\" href=\"https:\/\/meetedison.com\/content\/Tu-EdAventura-con-EdBlocks.pdf\" target=\"_blank\" rel=\"noopener noreferrer\">Tu EdAventura con EdBlocks<\/a> (castell\u00e0). Guia general b\u00e0sica amb activitats.<\/li>\n<li id=\"h.p_ojjHfC0sNJck\" class=\"zfr3Q TYR86d\"><a class=\"dhtgD\" href=\"https:\/\/meetedison.com\/content\/EdBlocks-lesson-activity-worksheets.zip\" target=\"_blank\" rel=\"noopener noreferrer\">EdBlocks lesson activities set<\/a>\u00a0(Paquet complet en angl\u00e8s).<\/li>\n<li id=\"h.p_LZUs2q2m8Gm3\" class=\"zfr3Q TYR86d\"><a class=\"dhtgD\" href=\"https:\/\/meetedison.com\/content\/EdBlocks-teachers-guide-complete.pdf\" target=\"_blank\" rel=\"noopener noreferrer\">Edblocks Teacher&#8217;s guide<\/a> (angl\u00e8s)<\/li>\n<li class=\"zfr3Q TYR86d\"><a href=\"http:\/\/marf.es\/edison\/archivos\/edbook1\/EdBook1-robot-programs.zip\" target=\"_blank\" rel=\"noopener noreferrer\">Programes predissenyats per a l&#8217;EdBlock<\/a> (angl\u00e9s)<\/li>\n<\/ul>\n<\/li>\n<\/ul>\n<p>3.\u00a0 <a href=\"http:\/\/www.edscratchapp.com\" target=\"_blank\" rel=\"noopener noreferrer\"><strong>EdScratch<\/strong><\/a><\/p>\n<p>Per alumnat a partir de 10 anys. Aplicaci\u00f3 de programaci\u00f3 per blocs, tipus Scratch. Requereix d&#8217;u<span style=\"font-family: inherit; font-size: 1em;\">na comprensi\u00f3 b\u00e0sica\u00a0dels fonaments de la programaci\u00f3. \u00a0[<\/span><a style=\"font-family: inherit; font-size: 1em;\" href=\"https:\/\/meetedison.com\/robot-programming-software\/edscratch\/#EdScratch-resources\" target=\"_blank\" rel=\"noopener noreferrer\">Activitats d&#8217;aula<\/a><span style=\"font-family: inherit; font-size: 1em;\">]<\/span><\/p>\n<ul class=\"n8H08c UVNKR\">\n<li style=\"list-style-type: none;\">\n<ul class=\"n8H08c UVNKR\">\n<li id=\"h.p_rQnXaz9e77c3\" class=\"zfr3Q TYR86d\"><a class=\"dhtgD\" href=\"https:\/\/meetedison.com\/content\/EdScratch\/EdScratch-student-lesson-activities.pdf\" target=\"_blank\" rel=\"noopener noreferrer\">Activitats EdScratch per als alumnes<\/a> (angl\u00e8s).<\/li>\n<li id=\"h.p_KD181xdom2Tt\" class=\"zfr3Q TYR86d\"><a class=\"dhtgD\" href=\"https:\/\/meetedison.com\/content\/EdScratch\/EdScratch-teachers-guide.pdf\" target=\"_blank\" rel=\"noopener noreferrer\">Guia per al docent d&#8217;EdScratch<\/a> (angl\u00e8s).<\/li>\n<\/ul>\n<\/li>\n<\/ul>\n<p>4.\u00a0 <a href=\"http:\/\/www.edpyapp.com\" target=\"_blank\" rel=\"noopener noreferrer\"><strong>EdPy<\/strong><\/a><\/p>\n<p>Per a alumnat de m\u00e9s de 13 anys o m\u00e9s. Cal con\u00e8ixer els fonaments de programaci\u00f3 textual amb llenguatge Python (codi real). \u00c9s en l\u00ednia i tamb\u00e9 t\u00e9\u00a0<a class=\"dhtgD\" href=\"https:\/\/chrome.google.com\/webstore\/detail\/edpy\/bfcdlfdlcemoimjalchcpcelfhhjpcdp\" target=\"_blank\" rel=\"noopener noreferrer\">complement per a Chrome<\/a>.<span style=\"font-family: inherit; font-size: 1em;\">\u00a0[<\/span><a style=\"font-family: inherit; font-size: 1em;\" href=\"https:\/\/meetedison.com\/robot-programming-software\/edpy\/#edpy-resources\" target=\"_blank\" rel=\"noopener noreferrer\">Activitats d&#8217;aula<\/a><span style=\"font-family: inherit; font-size: 1em;\">]<\/span><\/p>\n<ul class=\"n8H08c UVNKR\">\n<li style=\"list-style-type: none;\">\n<ul class=\"n8H08c UVNKR\">\n<li id=\"h.p_xw-45UPy9mU4\" class=\"zfr3Q TYR86d\"><a class=\"dhtgD\" href=\"https:\/\/www.google.com\/url?q=https%3A%2F%2Fmeetedison.com%2Fcontent%2FEdPy-teachers-guide-complete.pdf&amp;sa=D&amp;sntz=1&amp;usg=AFQjCNFsHEg7rS09LmgfshtpIvJKkpYSZw\" target=\"_blank\" rel=\"noopener noreferrer\">EdPy teacher&#8217;s guide<\/a> (angl\u00e8s).<\/li>\n<li id=\"h.p_07tttF-C9txY\" class=\"zfr3Q TYR86d\"><a class=\"dhtgD\" href=\"https:\/\/www.google.com\/url?q=https%3A%2F%2Fmeetedison.com%2Fcontent%2FEdPy-app-documentation-guide.pdf&amp;sa=D&amp;sntz=1&amp;usg=AFQjCNEPmqQNFflt-DSXIv5dFQp9msqdyw\" target=\"_blank\" rel=\"noopener noreferrer\">EdPy app documentation guide<\/a> (angl\u00e8s).<\/li>\n<\/ul>\n<\/li>\n<\/ul>\n<p><strong><a href=\"https:\/\/edwareapp.com\/\" target=\"_blank\" rel=\"noopener noreferrer\">Edwareapp<\/a><\/strong>. Llenguatge de programaci\u00f3 gr\u00e0fic per a Edison compatible amb els robots LEGO. Aquesta versi\u00f3 segueix activa per\u00f2 ja no s&#8217;actualitza.<\/p>\n<h4><strong>Kit Edcreate Edison<\/strong><\/h4>\n<p>El kit d&#8217;<a href=\"https:\/\/meetedison.com\/edcreate\/\" target=\"_blank\" rel=\"noopener noreferrer\"><strong>EdCreate Edison<\/strong><\/a>\u00a0\u00e9s un conjunt de peces de construcci\u00f3 que permeten ampliar els robots Edison amb 5 models d&#8217;expansi\u00f3. EdCreate enriqueix l&#8217;experi\u00e8ncia educativa STEM de l&#8217;alumnat a trav\u00e9s d&#8217;enginyeria interactiva i projectes de programaci\u00f3.<\/p>\n<p>Es poden completar cinc projectes <strong>EdBuild<\/strong> que requereixen nivells progressius de capacitats de codificaci\u00f3, convertint-los en una addici\u00f3 perfecta al programa d&#8217;estudis Edison i la rob\u00f2tica.<\/p>\n<ul>\n<li>EdTanc.\u00a0<a href=\"https:\/\/meetedison.com\/content\/EdCreate\/EdBuild-EdTank-instructions.pdf\" target=\"_blank\" rel=\"noopener noreferrer\">Download the EdTank build instructions<\/a><\/li>\n<li>EdExcavadora.\u00a0<a href=\"https:\/\/meetedison.com\/content\/EdCreate\/EdBuild-EdDigger-instructions.pdf\" target=\"_blank\" rel=\"noopener noreferrer\">Download the EdDigger build instructions<\/a><\/li>\n<li>EdBra\u00e7rpb\u00f2tic.\u00a0<a href=\"https:\/\/meetedison.com\/content\/EdCreate\/EdBuild-EdRoboClaw-instructions.pdf\" target=\"_blank\" rel=\"noopener noreferrer\">Download the EdRoboClaw build instructions<\/a><\/li>\n<li>EdGrua.\u00a0<a href=\"https:\/\/meetedison.com\/content\/EdCreate\/EdBuild-EdCrane-instructions.pdf\" target=\"_blank\" rel=\"noopener noreferrer\">Download the EdCrane build instructions<\/a><\/li>\n<li>EdEscriptura.\u00a0<a href=\"https:\/\/meetedison.com\/content\/EdCreate\/EdBuild-EdPrinter-instructions.pdf\" target=\"_blank\" rel=\"noopener noreferrer\">Download the EdPrinter build instructions<\/a><\/li>\n<\/ul>\n<p><strong>Guies did\u00e0ctiques<\/strong><\/p>\n<ul>\n<li>Guia del professorat.\u00a0<a href=\"https:\/\/meetedison.com\/content\/EdCreate\/EdCreate-teachers-guide.pdf\" target=\"_blank\" rel=\"noopener noreferrer\">Download the teacher\u2019s guide to EdCreate<\/a><\/li>\n<li>Conjunt de reptes.\u00a0<a href=\"https:\/\/meetedison.com\/content\/EdCreate\/EdCreate-EdChallenges.pdf\" target=\"_blank\" rel=\"noopener noreferrer\">Download the EdCreate EdChallenges set<\/a><\/li>\n<li>Descarregueu tots els PDF EdCreate.\u00a0<a href=\"https:\/\/meetedison.com\/content\/EdCreate\/EdCreate-PDFs.zip\" target=\"_blank\" rel=\"noopener noreferrer\">Download the complete set of EdCreate resources<\/a><\/li>\n<\/ul>\n<h4><strong>M\u00e9s materials i enlla\u00e7os<\/strong><\/h4>\n<ul>\n<li><a href=\"https:\/\/sites.google.com\/xtec.cat\/taclleida\/pensament-computacional-i-rob%C3%B2tica#h.p_GrZhODMb19jV\" target=\"_blank\" rel=\"noopener noreferrer\">Robots Edison a l&#8217;espai de Pensament computacional de l&#8217;\u00c0rea TAC de Lleida<\/a><\/li>\n<li>Descarregar el <a href=\"http:\/\/marf.es\/edison\/descargas\/214-2\/\" target=\"_blank\" rel=\"noopener noreferrer\">Software de programaci\u00f3 dels robots<\/a><\/li>\n<\/ul>\n","protected":false},"excerpt":{"rendered":"<p>Edison \u00e9s un robot programable dissenyat per ser un recurs pedag\u00f2gic STEAM complet per treballar el pensament computacional, programaci\u00f3 amb codi i rob\u00f2tica per a alumnat de 4 a 16 anys d&#8217;una manera pr\u00e0ctica. Un robot Edison controlat a dist\u00e0ncia pot: Respondre a la llum i al so Seguir les l\u00ednies i evitar obstacles Comunicar-se [&hellip;]<\/p>\n","protected":false},"author":1,"featured_media":0,"parent":8786,"menu_order":40,"comment_status":"closed","ping_status":"closed","template":"page-templates\/side-menu.php","meta":{"_bbp_topic_count":0,"_bbp_reply_count":0,"_bbp_total_topic_count":0,"_bbp_total_reply_count":0,"_bbp_voice_count":0,"_bbp_anonymous_reply_count":0,"_bbp_topic_count_hidden":0,"_bbp_reply_count_hidden":0,"_bbp_forum_subforum_count":0,"site-sidebar-layout":"default","site-content-layout":"","ast-site-content-layout":"","site-content-style":"default","site-sidebar-style":"default","ast-global-header-display":"","ast-banner-title-visibility":"","ast-main-header-display":"","ast-hfb-above-header-display":"","ast-hfb-below-header-display":"","ast-hfb-mobile-header-display":"","site-post-title":"","ast-breadcrumbs-content":"","ast-featured-img":"","footer-sml-layout":"","theme-transparent-header-meta":"","adv-header-id-meta":"","stick-header-meta":"","header-above-stick-meta":"","header-main-stick-meta":"","header-below-stick-meta":"","astra-migrate-meta-layouts":"default","ast-page-background-enabled":"default","ast-page-background-meta":{"desktop":{"background-color":"var(--ast-global-color-4)","background-image":"","background-repeat":"repeat","background-position":"center center","background-size":"auto","background-attachment":"scroll","background-type":"","background-media":"","overlay-type":"","overlay-color":"","overlay-opacity":"","overlay-gradient":""},"tablet":{"background-color":"","background-image":"","background-repeat":"repeat","background-position":"center center","background-size":"auto","background-attachment":"scroll","background-type":"","background-media":"","overlay-type":"","overlay-color":"","overlay-opacity":"","overlay-gradient":""},"mobile":{"background-color":"","background-image":"","background-repeat":"repeat","background-position":"center center","background-size":"auto","background-attachment":"scroll","background-type":"","background-media":"","overlay-type":"","overlay-color":"","overlay-opacity":"","overlay-gradient":""}},"ast-content-background-meta":{"desktop":{"background-color":"var(--ast-global-color-5)","background-image":"","background-repeat":"repeat","background-position":"center center","background-size":"auto","background-attachment":"scroll","background-type":"","background-media":"","overlay-type":"","overlay-color":"","overlay-opacity":"","overlay-gradient":""},"tablet":{"background-color":"var(--ast-global-color-5)","background-image":"","background-repeat":"repeat","background-position":"center center","background-size":"auto","background-attachment":"scroll","background-type":"","background-media":"","overlay-type":"","overlay-color":"","overlay-opacity":"","overlay-gradient":""},"mobile":{"background-color":"var(--ast-global-color-5)","background-image":"","background-repeat":"repeat","background-position":"center center","background-size":"auto","background-attachment":"scroll","background-type":"","background-media":"","overlay-type":"","overlay-color":"","overlay-opacity":"","overlay-gradient":""}},"footnotes":""},"class_list":["post-9484","page","type-page","status-publish","hentry"],"post_mailing_queue_ids":[],"_links":{"self":[{"href":"https:\/\/serveiseducatius.xtec.cat\/noguera\/wp-json\/wp\/v2\/pages\/9484","targetHints":{"allow":["GET"]}}],"collection":[{"href":"https:\/\/serveiseducatius.xtec.cat\/noguera\/wp-json\/wp\/v2\/pages"}],"about":[{"href":"https:\/\/serveiseducatius.xtec.cat\/noguera\/wp-json\/wp\/v2\/types\/page"}],"author":[{"embeddable":true,"href":"https:\/\/serveiseducatius.xtec.cat\/noguera\/wp-json\/wp\/v2\/users\/1"}],"replies":[{"embeddable":true,"href":"https:\/\/serveiseducatius.xtec.cat\/noguera\/wp-json\/wp\/v2\/comments?post=9484"}],"version-history":[{"count":4,"href":"https:\/\/serveiseducatius.xtec.cat\/noguera\/wp-json\/wp\/v2\/pages\/9484\/revisions"}],"predecessor-version":[{"id":10415,"href":"https:\/\/serveiseducatius.xtec.cat\/noguera\/wp-json\/wp\/v2\/pages\/9484\/revisions\/10415"}],"up":[{"embeddable":true,"href":"https:\/\/serveiseducatius.xtec.cat\/noguera\/wp-json\/wp\/v2\/pages\/8786"}],"wp:attachment":[{"href":"https:\/\/serveiseducatius.xtec.cat\/noguera\/wp-json\/wp\/v2\/media?parent=9484"}],"curies":[{"name":"wp","href":"https:\/\/api.w.org\/{rel}","templated":true}]}}