{"id":9448,"date":"2019-01-15T11:03:55","date_gmt":"2019-01-15T10:03:55","guid":{"rendered":"http:\/\/serveiseducatius.xtec.cat\/noguera\/?page_id=9448"},"modified":"2022-06-14T17:58:51","modified_gmt":"2022-06-14T15:58:51","slug":"ambits-dactuacio-i-models","status":"publish","type":"page","link":"https:\/\/serveiseducatius.xtec.cat\/noguera\/servei-comunitari\/ambits-dactuacio-i-models\/","title":{"rendered":"\u00c0mbits d&#8217;actuaci\u00f3 i models transferibles"},"content":{"rendered":"<p>1) Acompanyament i suport a l&#8217;escolaritzaci\u00f3<\/p>\n<ul>\n<li><a href=\"http:\/\/www.google.com\/url?q=http%3A%2F%2Fxtec.gencat.cat%2Fweb%2F.content%2Fcomunitat%2Fserveicomunitari%2Fmodelstransferibles%2Fdocuments%2FEsport-escolar_transferible.pdf&amp;sa=D&amp;sntz=1&amp;usg=AFQjCNE-fTnPvvc2Av6fwQIs4LRYoNitTg\">Esport escolar<\/a><\/li>\n<li><a href=\"http:\/\/www.google.com\/url?q=http%3A%2F%2Fxtec.gencat.cat%2Fweb%2F.content%2Fcomunitat%2Fserveicomunitari%2Fmodelstransferibles%2Fdocuments%2FSuport-escolar_transferible.pdf&amp;sa=D&amp;sntz=1&amp;usg=AFQjCNGtYcuZ6qCw0jCoslOy-TljEQ-BzQ\">Suport a la tasca escolar<\/a><\/li>\n<\/ul>\n<p>2) Suport a necessitats b\u00e0siques<\/p>\n<ul>\n<li><a href=\"http:\/\/www.google.com\/url?q=http%3A%2F%2Fxtec.gencat.cat%2Fweb%2F.content%2Fcomunitat%2Fserveicomunitari%2Fmodelstransferibles%2Fdocuments%2FPobresa_transferible.pdf&amp;sa=D&amp;sntz=1&amp;usg=AFQjCNE76migAiGAgN481FW8KJhj7OlzSA\">Pobresa aliment\u00e0ria<\/a><\/li>\n<\/ul>\n<p>3) Intercanvi generacional<\/p>\n<ul>\n<li><a href=\"http:\/\/www.google.com\/url?q=http%3A%2F%2Fxtec.gencat.cat%2Fweb%2F.content%2Fcomunitat%2Fserveicomunitari%2Fmodelstransferibles%2Fdocuments%2FAtencio-gent-gran_transferible.pdf&amp;sa=D&amp;sntz=1&amp;usg=AFQjCNGz14eH7_YmIgf9y8RShGYZKB98vg\">Atenci\u00f3 a la gent gran<\/a><\/li>\n<\/ul>\n<p>4) Medi ambient<\/p>\n<ul>\n<li><a href=\"http:\/\/www.google.com\/url?q=http%3A%2F%2Fxtec.gencat.cat%2Fweb%2F.content%2Fcomunitat%2Fserveicomunitari%2Fmodelstransferibles%2Fdocuments%2FEcosistemes-fluvials_transferible.pdf&amp;sa=D&amp;sntz=1&amp;usg=AFQjCNH8zdB9nEG98TgvUfswBHA4aUK_Fg\">Ecosistemes fluvials<\/a>,<\/li>\n<li><a href=\"http:\/\/www.google.com\/url?q=http%3A%2F%2Fxtec.gencat.cat%2Fweb%2F.content%2Fcomunitat%2Fserveicomunitari%2Fmodelstransferibles%2Fdocuments%2FEcosistemes-fluvials_EE_transferible.pdf&amp;sa=D&amp;sntz=1&amp;usg=AFQjCNHnMnfJm9Fhd2zUaj7BFRFuKhUsng\">Medi ambient<\/a><\/li>\n<\/ul>\n<p>5) Lleure<\/p>\n<ul>\n<li><a href=\"http:\/\/www.google.com\/url?q=http%3A%2F%2Fxtec.gencat.cat%2Fweb%2F.content%2Fcomunitat%2Fserveicomunitari%2Fmodelstransferibles%2Fdocuments%2FLleure_transferible.pdf&amp;sa=D&amp;sntz=1&amp;usg=AFQjCNHsQsw32ZSFYgkNMe9cO6fqJv1nRA\">Lleure<\/a><\/li>\n<\/ul>\n<p>6) Patrimoni cultural<\/p>\n<ul>\n<li><a href=\"http:\/\/www.google.com\/url?q=http%3A%2F%2Fxtec.gencat.cat%2Fweb%2F.content%2Fcomunitat%2Fserveicomunitari%2Fmodelstransferibles%2Fdocuments%2FPatrimoni-_transferible.pdf&amp;sa=D&amp;sntz=1&amp;usg=AFQjCNHXFEoMhEL48RWL_AVa0c8DQW4zAA\">Apadrinem el nostre patrimoni<\/a><\/li>\n<\/ul>\n<p>7) Projectes de solidaritat i cooperaci\u00f3<\/p>\n<ul>\n<li><a href=\"http:\/\/www.google.com\/url?q=http%3A%2F%2Fxtec.gencat.cat%2Fweb%2F.content%2Fcomunitat%2Fserveicomunitari%2Fmodelstransferibles%2Fdocuments%2FConsum-responsable_transferible.pdf&amp;sa=D&amp;sntz=1&amp;usg=AFQjCNFcym6U3aXneX4p5pevAmgx_VdM7w\">Consum responsable<\/a><\/li>\n<li><a href=\"http:\/\/www.google.com\/url?q=http%3A%2F%2Fxtec.gencat.cat%2Fweb%2F.content%2Fcomunitat%2Fserveicomunitari%2Fmodelstransferibles%2Fdocuments%2FDesigualtats-socials_transferible.pdf&amp;sa=D&amp;sntz=1&amp;usg=AFQjCNHZvDfiBbqM6dVmrStqDqbxNcdz1w\">Desigualtat<\/a><\/li>\n<li><a href=\"http:\/\/www.google.com\/url?q=http%3A%2F%2Fxtec.gencat.cat%2Fweb%2F.content%2Fcomunitat%2Fserveicomunitari%2Fmodelstransferibles%2Fdocuments%2FProcessos-migratoris_transferible.pdf&amp;sa=D&amp;sntz=1&amp;usg=AFQjCNGQ4nP0WKe3tnQsJiU05VhaXhabLQ\">Processos migratoris<\/a><\/li>\n<\/ul>\n<p>8) Preservaci\u00f3 i manteniment del medi urb\u00e0<\/p>\n<ul>\n<li><a href=\"http:\/\/www.google.com\/url?q=http%3A%2F%2Fxtec.gencat.cat%2Fweb%2F.content%2Fcomunitat%2Fserveicomunitari%2Fmodelstransferibles%2Fdocuments%2FMedi-urba_transferible.pdf&amp;sa=D&amp;sntz=1&amp;usg=AFQjCNEKj1vqvyY_bZLnQuQezkpWSkYKAQ\">Medi urb\u00e0<\/a><\/li>\n<li>Millora d\u2019espais p\u00fablics<\/li>\n<\/ul>\n<p>9) Participaci\u00f3 ciutadana<\/p>\n<ul>\n<li><a href=\"http:\/\/www.google.com\/url?q=http%3A%2F%2Fxtec.gencat.cat%2Fweb%2F.content%2Fcomunitat%2Fserveicomunitari%2Fmodelstransferibles%2Fdocuments%2FDonacio-sang_transferible.pdf&amp;sa=D&amp;sntz=1&amp;usg=AFQjCNGCbLCIhCITpQ6ZekIwkoq5c1AjLg\">Donaci\u00f3 de sang<\/a>,<\/li>\n<li><a href=\"http:\/\/www.google.com\/url?q=http%3A%2F%2Fxtec.gencat.cat%2Fweb%2F.content%2Fcomunitat%2Fserveicomunitari%2Fmodelstransferibles%2Fdocuments%2FOdi-i-discriminacio_transferible.pdf&amp;sa=D&amp;sntz=1&amp;usg=AFQjCNG-2N7rE53y1f1B-Dv4jZOFBFSF8w\">Odi i discriminaci\u00f3<\/a><\/li>\n<li><a href=\"http:\/\/www.google.com\/url?q=http%3A%2F%2Fxtec.gencat.cat%2Fweb%2F.content%2Fcomunitat%2Fserveicomunitari%2Fmodelstransferibles%2Fdocuments%2FInternet_transferible.pdf&amp;sa=D&amp;sntz=1&amp;usg=AFQjCNHw-HffZO5Qw2kcDfGm3pOZUfWrHA\">Internet de tu a tu<\/a><\/li>\n<li><a href=\"http:\/\/www.google.com\/url?q=http%3A%2F%2Fxtec.gencat.cat%2Fweb%2F.content%2Fcomunitat%2Fserveicomunitari%2Fmodelstransferibles%2Fdocuments%2FRefugiats_transferible.pdf&amp;sa=D&amp;sntz=1&amp;usg=AFQjCNEWb_dVI-a05a3t8mj6mGXT741hkg\">Refugiats<\/a><\/li>\n<li><a href=\"http:\/\/www.google.com\/url?q=http%3A%2F%2Fxtec.gencat.cat%2Fweb%2F.content%2Fcomunitat%2Fserveicomunitari%2Fmodelstransferibles%2Fdocuments%2Faquiproubullying_Guaites_transferible.pdf&amp;sa=D&amp;sntz=1&amp;usg=AFQjCNE06xEWEJmtKIGmn2xQK7eZXUgyTw\">bullying<\/a><\/li>\n<li>salut mental<\/li>\n<\/ul>\n<p>https:\/\/sites.google.com\/xtec.cat\/serveicomunitarib7\/inici?authuser=0<\/p>\n<p>&nbsp;<\/p>\n","protected":false},"excerpt":{"rendered":"<p>1) Acompanyament i suport a l&#8217;escolaritzaci\u00f3 Esport escolar Suport a la tasca escolar 2) Suport a necessitats b\u00e0siques Pobresa aliment\u00e0ria 3) Intercanvi generacional Atenci\u00f3 a la gent gran 4) Medi ambient Ecosistemes fluvials, Medi ambient 5) Lleure Lleure 6) Patrimoni cultural Apadrinem el nostre patrimoni 7) Projectes de solidaritat i cooperaci\u00f3 Consum responsable Desigualtat Processos [&hellip;]<\/p>\n","protected":false},"author":1,"featured_media":0,"parent":8095,"menu_order":30,"comment_status":"closed","ping_status":"closed","template":"page-templates\/side-menu.php","meta":{"_bbp_topic_count":0,"_bbp_reply_count":0,"_bbp_total_topic_count":0,"_bbp_total_reply_count":0,"_bbp_voice_count":0,"_bbp_anonymous_reply_count":0,"_bbp_topic_count_hidden":0,"_bbp_reply_count_hidden":0,"_bbp_forum_subforum_count":0,"site-sidebar-layout":"default","site-content-layout":"","ast-site-content-layout":"","site-content-style":"default","site-sidebar-style":"default","ast-global-header-display":"","ast-banner-title-visibility":"","ast-main-header-display":"","ast-hfb-above-header-display":"","ast-hfb-below-header-display":"","ast-hfb-mobile-header-display":"","site-post-title":"","ast-breadcrumbs-content":"","ast-featured-img":"","footer-sml-layout":"","theme-transparent-header-meta":"","adv-header-id-meta":"","stick-header-meta":"","header-above-stick-meta":"","header-main-stick-meta":"","header-below-stick-meta":"","astra-migrate-meta-layouts":"default","ast-page-background-enabled":"default","ast-page-background-meta":{"desktop":{"background-color":"var(--ast-global-color-4)","background-image":"","background-repeat":"repeat","background-position":"center center","background-size":"auto","background-attachment":"scroll","background-type":"","background-media":"","overlay-type":"","overlay-color":"","overlay-opacity":"","overlay-gradient":""},"tablet":{"background-color":"","background-image":"","background-repeat":"repeat","background-position":"center center","background-size":"auto","background-attachment":"scroll","background-type":"","background-media":"","overlay-type":"","overlay-color":"","overlay-opacity":"","overlay-gradient":""},"mobile":{"background-color":"","background-image":"","background-repeat":"repeat","background-position":"center center","background-size":"auto","background-attachment":"scroll","background-type":"","background-media":"","overlay-type":"","overlay-color":"","overlay-opacity":"","overlay-gradient":""}},"ast-content-background-meta":{"desktop":{"background-color":"var(--ast-global-color-5)","background-image":"","background-repeat":"repeat","background-position":"center center","background-size":"auto","background-attachment":"scroll","background-type":"","background-media":"","overlay-type":"","overlay-color":"","overlay-opacity":"","overlay-gradient":""},"tablet":{"background-color":"var(--ast-global-color-5)","background-image":"","background-repeat":"repeat","background-position":"center center","background-size":"auto","background-attachment":"scroll","background-type":"","background-media":"","overlay-type":"","overlay-color":"","overlay-opacity":"","overlay-gradient":""},"mobile":{"background-color":"var(--ast-global-color-5)","background-image":"","background-repeat":"repeat","background-position":"center center","background-size":"auto","background-attachment":"scroll","background-type":"","background-media":"","overlay-type":"","overlay-color":"","overlay-opacity":"","overlay-gradient":""}},"footnotes":""},"class_list":["post-9448","page","type-page","status-publish","hentry"],"post_mailing_queue_ids":[],"_links":{"self":[{"href":"https:\/\/serveiseducatius.xtec.cat\/noguera\/wp-json\/wp\/v2\/pages\/9448","targetHints":{"allow":["GET"]}}],"collection":[{"href":"https:\/\/serveiseducatius.xtec.cat\/noguera\/wp-json\/wp\/v2\/pages"}],"about":[{"href":"https:\/\/serveiseducatius.xtec.cat\/noguera\/wp-json\/wp\/v2\/types\/page"}],"author":[{"embeddable":true,"href":"https:\/\/serveiseducatius.xtec.cat\/noguera\/wp-json\/wp\/v2\/users\/1"}],"replies":[{"embeddable":true,"href":"https:\/\/serveiseducatius.xtec.cat\/noguera\/wp-json\/wp\/v2\/comments?post=9448"}],"version-history":[{"count":3,"href":"https:\/\/serveiseducatius.xtec.cat\/noguera\/wp-json\/wp\/v2\/pages\/9448\/revisions"}],"predecessor-version":[{"id":9453,"href":"https:\/\/serveiseducatius.xtec.cat\/noguera\/wp-json\/wp\/v2\/pages\/9448\/revisions\/9453"}],"up":[{"embeddable":true,"href":"https:\/\/serveiseducatius.xtec.cat\/noguera\/wp-json\/wp\/v2\/pages\/8095"}],"wp:attachment":[{"href":"https:\/\/serveiseducatius.xtec.cat\/noguera\/wp-json\/wp\/v2\/media?parent=9448"}],"curies":[{"name":"wp","href":"https:\/\/api.w.org\/{rel}","templated":true}]}}